{"id":915,"date":"2021-09-28T18:43:06","date_gmt":"2021-09-28T16:43:06","guid":{"rendered":"https:\/\/poll-berlin.de\/galerie\/?page_id=915"},"modified":"2024-03-19T13:36:41","modified_gmt":"2024-03-19T12:36:41","slug":"ausstellungen","status":"publish","type":"page","link":"https:\/\/poll-berlin.de\/galerie\/weitere-kuenstler\/paolo-baratella\/ausstellungen\/","title":{"rendered":"Ausstellungen"},"content":{"rendered":"\n<p><strong>Einzelausstellungen (Auswahl)<\/strong><\/p>\n\n\n\n<div style=\"height:10px\" aria-hidden=\"true\" class=\"wp-block-spacer\"><\/div>\n\n\n\n<figure class=\"wp-block-table\"><table><tbody><tr><td>2022<\/td><td>Stadtgalerie Kiel<\/td><\/tr><tr><td>2021<\/td><td>Galleria Assente GreenheArt, Lucca<\/td><\/tr><tr><td>2018<\/td><td>Fondazione CreBerg, Verona<br>Neon Gallery, Pavia (Italien)<\/td><\/tr><tr><td>2017<\/td><td>Palazzo del Podest\u00e0, Pescia<\/td><\/tr><tr><td>2015<\/td><td>Galeria Marcantoni, Pedaso<br>Galerie 21, Livorno<\/td><\/tr><tr><td>2014<\/td><td>Fondazione Banca del Monte, Lucca<\/td><\/tr><tr><td>2013<\/td><td>Universit\u00e0 Bocconi, Mailand<\/td><\/tr><tr><td>2012<\/td><td>Galleria Orizzonti, Catania<\/td><\/tr><tr><td>2011<\/td><td>Palazzo Communale, Brindisi (Italien)<\/td><\/tr><tr><td>2009<\/td><td>Casa dei Carraresi, Treviso<br>Palazzo dell\u2019Annunziata, Matera (Italien)<\/td><\/tr><tr><td>2008<\/td><td>Gallerianumero38, Lucca<br>Soave Arte Moderna e Contemporanea, Alessandria<\/td><\/tr><tr><td>2007<\/td><td>Spazio Annunciata, Mailand<br>Galleria Bergamaschi, Lucca<br>Toluian art gallery, Palermo<\/td><\/tr><tr><td>2006<\/td><td>Sala Dosso Dossi, Ferrara<br>Soave Arte Moderna e Contemporanea, Alessandria<\/td><\/tr><tr><td>2004<\/td><td>Galleria Sante Moretto arte contemporanea, Vicenza (Italien)<\/td><\/tr><tr><td>2003<\/td><td>Spazio Hajech, Mailand<br>Museo d\u2019arte moderna Pagani, Castellanza (Italien)<\/td><\/tr><tr><td>2002<\/td><td>Istituto di Cultura Laurentianum, Venedig<\/td><\/tr><tr><td>1999<\/td><td>Mus\u00e9e Bertrand, Ch\u00e2teauroux (Frankreich)<br>Galleria Vinciana, Mailand<\/td><\/tr><tr><td>1995<\/td><td>Fondazione MuDiMa, Mailand<\/td><\/tr><tr><td>1993<\/td><td>Civica Galleria di Arte Moderna, Gallarate (Italien)<\/td><\/tr><tr><td>1988<\/td><td>Art 88, Los Angeles<\/td><\/tr><tr><td>1976<\/td><td>K\u00fcnstlerprogramm D.A.A.D., Berlin<br>Akademie der K\u00fcnste, Berlin<\/td><\/tr><tr><td>1974<\/td><td>A.R.C.2, Mus\u00e9e d\u2019Art Moderne de la Ville de Paris<\/td><\/tr><tr><td>1973<\/td><td>Kunsthalle Recklinghausen<br>Galerie Eva Poll, Berlin<br>Palais des Beaux-Arts, Br\u00fcssel<br>Kunstverein M\u00fcnchen<\/td><\/tr><tr><td>1969<\/td><td>Galleria Tempo, Bologna<\/td><\/tr><tr><td>1965<\/td><td>Haus am L\u00fctzowplatz, Berlin<\/td><\/tr><tr><td>1962<\/td><td>Molton Gallery, London<\/td><\/tr><tr><td>1961<\/td><td>Galleria Pater, Mailand<\/td><\/tr><\/tbody><\/table><\/figure>\n\n\n\n<div style=\"height:10px\" aria-hidden=\"true\" class=\"wp-block-spacer\"><\/div>\n\n\n\n<p> <strong>Gruppenausstellungen (Auswahl)<\/strong><\/p>\n\n\n\n<div style=\"height:10px\" aria-hidden=\"true\" class=\"wp-block-spacer\"><\/div>\n\n\n\n<figure class=\"wp-block-table\"><table><tbody><tr><td>2017-2018<\/td><td>Galerie Poll, Berlin<\/td><\/tr><tr><td>2012<\/td><td>Gallerianumero38, Lucca<\/td><\/tr><tr><td>2000<\/td><td>Civica Galleria di Arte Contemporanea, Lissone (Italien)<\/td><\/tr><tr><td>1996<\/td><td>San Francisco State University, San Francisco<\/td><\/tr><tr><td>1993<\/td><td>Galerie Eva Poll, Berlin<\/td><\/tr><tr><td>1990<\/td><td>Kunsthalle D\u00fcsseldorf<br>Museum f\u00fcr Gestaltung, Z\u00fcrich<\/td><\/tr><tr><td>1986<\/td><td>Quadriennale di Roma<\/td><\/tr><tr><td>1984<\/td><td>Neue Gesellschaft f\u00fcr Bildende K\u00fcnste, Berlin<\/td><\/tr><tr><td>1975<\/td><td>Galerie Eva Poll, Berlin<\/td><\/tr><tr><td>1972<\/td><td>36. Biennale in Venedig<\/td><\/tr><tr><td>1970-1971<\/td><td>Badischer Kunstverein, Karlsruhe<br>Kunsthalle Basel<br>Kunst- und Museumsverein Wuppertal<br>Frankfurter Kunstverein<\/td><\/tr><tr><td>1968<\/td><td>Mus\u00e9e d\u2019Art Moderne de la Ville de Paris<\/td><\/tr><tr><td>1965<\/td><td>&#8222;Moderne chinesische und italienische Maler&#8220;, Taipei (Taiwan)<\/td><\/tr><tr><td>1961<\/td><td>3. Biennale di San Marino<\/td><\/tr><\/tbody><\/table><\/figure>\n","protected":false},"excerpt":{"rendered":"<p>Einzelausstellungen (Auswahl) 2022 Stadtgalerie Kiel 2021 Galleria Assente GreenheArt, Lucca 2018 Fondazione CreBerg, VeronaNeon Gallery, Pavia (Italien) 2017 Palazzo del Podest\u00e0, Pescia 2015 Galeria Marcantoni, PedasoGalerie 21, Livorno 2014 Fondazione Banca del Monte, Lucca 2013 Universit\u00e0 Bocconi, Mailand 2012 Galleria Orizzonti, Catania 2011 Palazzo Communale, Brindisi (Italien) 2009 Casa dei Carraresi, TrevisoPalazzo dell\u2019Annunziata, Matera (Italien) [&hellip;]<\/p>\n","protected":false},"author":1,"featured_media":0,"parent":912,"menu_order":1,"comment_status":"closed","ping_status":"closed","template":"kuenstler-text.php","meta":{"_acf_changed":false,"footnotes":""},"class_list":["post-915","page","type-page","status-publish","hentry"],"acf":[],"_links":{"self":[{"href":"https:\/\/poll-berlin.de\/galerie\/wp-json\/wp\/v2\/pages\/915","targetHints":{"allow":["GET"]}}],"collection":[{"href":"https:\/\/poll-berlin.de\/galerie\/wp-json\/wp\/v2\/pages"}],"about":[{"href":"https:\/\/poll-berlin.de\/galerie\/wp-json\/wp\/v2\/types\/page"}],"author":[{"embeddable":true,"href":"https:\/\/poll-berlin.de\/galerie\/wp-json\/wp\/v2\/users\/1"}],"replies":[{"embeddable":true,"href":"https:\/\/poll-berlin.de\/galerie\/wp-json\/wp\/v2\/comments?post=915"}],"version-history":[{"count":16,"href":"https:\/\/poll-berlin.de\/galerie\/wp-json\/wp\/v2\/pages\/915\/revisions"}],"predecessor-version":[{"id":36575,"href":"https:\/\/poll-berlin.de\/galerie\/wp-json\/wp\/v2\/pages\/915\/revisions\/36575"}],"up":[{"embeddable":true,"href":"https:\/\/poll-berlin.de\/galerie\/wp-json\/wp\/v2\/pages\/912"}],"wp:attachment":[{"href":"https:\/\/poll-berlin.de\/galerie\/wp-json\/wp\/v2\/media?parent=915"}],"curies":[{"name":"wp","href":"https:\/\/api.w.org\/{rel}","templated":true}]}}

<p><strong>Einzelausstellungen (Auswahl)</strong></p>



<div style="height:10px" aria-hidden="true" class="wp-block-spacer"></div>



<figure class="wp-block-table"><table><tbody><tr><td>2022</td><td>Stadtgalerie Kiel</td></tr><tr><td>2021</td><td>Galleria Assente GreenheArt, Lucca</td></tr><tr><td>2018</td><td>Fondazione CreBerg, Verona<br>Neon Gallery, Pavia (Italien)</td></tr><tr><td>2017</td><td>Palazzo del Podestà, Pescia</td></tr><tr><td>2015</td><td>Galeria Marcantoni, Pedaso<br>Galerie 21, Livorno</td></tr><tr><td>2014</td><td>Fondazione Banca del Monte, Lucca</td></tr><tr><td>2013</td><td>Università Bocconi, Mailand</td></tr><tr><td>2012</td><td>Galleria Orizzonti, Catania</td></tr><tr><td>2011</td><td>Palazzo Communale, Brindisi (Italien)</td></tr><tr><td>2009</td><td>Casa dei Carraresi, Treviso<br>Palazzo dell’Annunziata, Matera (Italien)</td></tr><tr><td>2008</td><td>Gallerianumero38, Lucca<br>Soave Arte Moderna e Contemporanea, Alessandria</td></tr><tr><td>2007</td><td>Spazio Annunciata, Mailand<br>Galleria Bergamaschi, Lucca<br>Toluian art gallery, Palermo</td></tr><tr><td>2006</td><td>Sala Dosso Dossi, Ferrara<br>Soave Arte Moderna e Contemporanea, Alessandria</td></tr><tr><td>2004</td><td>Galleria Sante Moretto arte contemporanea, Vicenza (Italien)</td></tr><tr><td>2003</td><td>Spazio Hajech, Mailand<br>Museo d’arte moderna Pagani, Castellanza (Italien)</td></tr><tr><td>2002</td><td>Istituto di Cultura Laurentianum, Venedig</td></tr><tr><td>1999</td><td>Musée Bertrand, Châteauroux (Frankreich)<br>Galleria Vinciana, Mailand</td></tr><tr><td>1995</td><td>Fondazione MuDiMa, Mailand</td></tr><tr><td>1993</td><td>Civica Galleria di Arte Moderna, Gallarate (Italien)</td></tr><tr><td>1988</td><td>Art 88, Los Angeles</td></tr><tr><td>1976</td><td>Künstlerprogramm D.A.A.D., Berlin<br>Akademie der Künste, Berlin</td></tr><tr><td>1974</td><td>A.R.C.2, Musée d’Art Moderne de la Ville de Paris</td></tr><tr><td>1973</td><td>Kunsthalle Recklinghausen<br>Galerie Eva Poll, Berlin<br>Palais des Beaux-Arts, Brüssel<br>Kunstverein München</td></tr><tr><td>1969</td><td>Galleria Tempo, Bologna</td></tr><tr><td>1965</td><td>Haus am Lützowplatz, Berlin</td></tr><tr><td>1962</td><td>Molton Gallery, London</td></tr><tr><td>1961</td><td>Galleria Pater, Mailand</td></tr></tbody></table></figure>



<div style="height:10px" aria-hidden="true" class="wp-block-spacer"></div>



<p> <strong>Gruppenausstellungen (Auswahl)</strong></p>



<div style="height:10px" aria-hidden="true" class="wp-block-spacer"></div>



<figure class="wp-block-table"><table><tbody><tr><td>2017-2018</td><td>Galerie Poll, Berlin</td></tr><tr><td>2012</td><td>Gallerianumero38, Lucca</td></tr><tr><td>2000</td><td>Civica Galleria di Arte Contemporanea, Lissone (Italien)</td></tr><tr><td>1996</td><td>San Francisco State University, San Francisco</td></tr><tr><td>1993</td><td>Galerie Eva Poll, Berlin</td></tr><tr><td>1990</td><td>Kunsthalle Düsseldorf<br>Museum für Gestaltung, Zürich</td></tr><tr><td>1986</td><td>Quadriennale di Roma</td></tr><tr><td>1984</td><td>Neue Gesellschaft für Bildende Künste, Berlin</td></tr><tr><td>1975</td><td>Galerie Eva Poll, Berlin</td></tr><tr><td>1972</td><td>36. Biennale in Venedig</td></tr><tr><td>1970-1971</td><td>Badischer Kunstverein, Karlsruhe<br>Kunsthalle Basel<br>Kunst- und Museumsverein Wuppertal<br>Frankfurter Kunstverein</td></tr><tr><td>1968</td><td>Musée d’Art Moderne de la Ville de Paris</td></tr><tr><td>1965</td><td>&#8222;Moderne chinesische und italienische Maler&#8220;, Taipei (Taiwan)</td></tr><tr><td>1961</td><td>3. Biennale di San Marino</td></tr></tbody></table></figure>

<p>Einzelausstellungen (Auswahl) 2022 Stadtgalerie Kiel 2021 Galleria Assente GreenheArt, Lucca 2018 Fondazione CreBerg, VeronaNeon Gallery, Pavia (Italien) 2017 Palazzo del Podestà, Pescia 2015 Galeria Marcantoni, PedasoGalerie 21, Livorno 2014 Fondazione Banca del Monte, Lucca 2013 Università Bocconi, Mailand 2012 Galleria Orizzonti, Catania 2011 Palazzo Communale, Brindisi (Italien) 2009 Casa dei Carraresi, TrevisoPalazzo dell’Annunziata, Matera (Italien) [&hellip;]</p>
