{"id":489,"date":"2021-05-09T17:17:59","date_gmt":"2021-05-09T15:17:48","guid":{"rendered":"https:\/\/poll-berlin.de\/galerie\/ueber-uns\/galerie-programm\/"},"modified":"2023-01-24T18:05:32","modified_gmt":"2023-01-24T17:05:32","slug":"galerie-programm","status":"publish","type":"page","link":"https:\/\/poll-berlin.de\/galerie\/ueber-uns\/galerie-programm\/","title":{"rendered":"Galerie-Programm"},"content":{"rendered":"\n<p><strong>Galerie-Programm<\/strong><\/p>\n\n\n\n<p><br>Die Galerie Poll wurde 1968 im damaligen West-Berlin gegr\u00fcndet. Sie ist eine der f\u00fchrenden Galerien f\u00fcr zeitgen\u00f6ssische Kunst seit 1960 in Deutschland und wird heute von Nana Poll gemeinsam mit ihrer Mutter Eva Poll geleitet.<\/p>\n\n\n\n<p>Der Programmschwerpunkt liegt auf figurativen Positionen der Malerei, Zeichnung, Fotografie und Skulptur von in Berlin und Deutschland lebenden K\u00fcnstlerinnen und K\u00fcnstlern verschiedener Generationen.<\/p>\n\n\n\n<p>Die Galerie publiziert Leseb\u00fccher, Kataloge und Werkverzeichnisse ihrer K\u00fcnstlerinnen und K\u00fcnstler in den POLLeditionen im Verlag der Galerie Poll und nimmt seit 1969 regelm\u00e4\u00dfig an nationalen und internationalen Kunstmessen teil. Au\u00dferdem sind seit den 1960er Jahren zahlreiche Originalgrafiken der von der Galerie Poll vertretenen K\u00fcnstlerinnen und K\u00fcnstlern erschienen.<\/p>\n\n\n\n<p>Die Galerie Poll ist Mitglied im Bundesverband Deutscher Galerien und Kunsth\u00e4ndler (BVDG), im Landesverband Berliner Galerien (lvbg) und im Zentralarchiv f\u00fcr deutsche und internationale Kunstmarktforschung e.V. (ZADIK).<\/p>\n\n\n\n<div style=\"height:10px\" aria-hidden=\"true\" class=\"wp-block-spacer\"><\/div>\n\n\n\n<div class=\"wp-block-columns is-layout-flex wp-container-core-columns-is-layout-1 wp-block-columns-is-layout-flex\">\n<div class=\"wp-block-column is-layout-flow wp-block-column-is-layout-flow\">\n<figure class=\"wp-block-image size-full\"><a href=\"https:\/\/www.bvdg.de\/galerien\" target=\"_blank\" rel=\"noopener\"><img loading=\"lazy\" decoding=\"async\" width=\"75\" height=\"100\" src=\"https:\/\/poll-berlin.de\/galerie\/wp-content\/uploads\/BVDG_Logo_100.gif\" alt=\"\" class=\"wp-image-4026\"\/><\/a><\/figure>\n<\/div>\n\n\n\n<div class=\"wp-block-column is-layout-flow wp-block-column-is-layout-flow\">\n<figure class=\"wp-block-image size-full\"><a href=\"https:\/\/www.berliner-galerien.de\/de\/verband-aktuell\" target=\"_blank\" rel=\"noopener\"><img loading=\"lazy\" decoding=\"async\" width=\"156\" height=\"96\" src=\"https:\/\/poll-berlin.de\/galerie\/wp-content\/uploads\/LVBG_Logo-1.gif\" alt=\"\" class=\"wp-image-4024\"\/><\/a><\/figure>\n<\/div>\n\n\n\n<div class=\"wp-block-column is-layout-flow wp-block-column-is-layout-flow\"><\/div>\n\n\n\n<div class=\"wp-block-column is-layout-flow wp-block-column-is-layout-flow\"><\/div>\n\n\n\n<div class=\"wp-block-column is-layout-flow wp-block-column-is-layout-flow\"><\/div>\n<\/div>\n","protected":false},"excerpt":{"rendered":"<p>Galerie-Programm Die Galerie Poll wurde 1968 im damaligen West-Berlin gegr\u00fcndet. Sie ist eine der f\u00fchrenden Galerien f\u00fcr zeitgen\u00f6ssische Kunst seit 1960 in Deutschland und wird heute von Nana Poll gemeinsam mit ihrer Mutter Eva Poll geleitet. Der Programmschwerpunkt liegt auf figurativen Positionen der Malerei, Zeichnung, Fotografie und Skulptur von in Berlin und Deutschland lebenden K\u00fcnstlerinnen [&hellip;]<\/p>\n","protected":false},"author":1,"featured_media":0,"parent":64,"menu_order":0,"comment_status":"closed","ping_status":"closed","template":"uberuns-text.php","meta":{"_acf_changed":false,"footnotes":""},"class_list":["post-489","page","type-page","status-publish","hentry"],"acf":[],"_links":{"self":[{"href":"https:\/\/poll-berlin.de\/galerie\/wp-json\/wp\/v2\/pages\/489","targetHints":{"allow":["GET"]}}],"collection":[{"href":"https:\/\/poll-berlin.de\/galerie\/wp-json\/wp\/v2\/pages"}],"about":[{"href":"https:\/\/poll-berlin.de\/galerie\/wp-json\/wp\/v2\/types\/page"}],"author":[{"embeddable":true,"href":"https:\/\/poll-berlin.de\/galerie\/wp-json\/wp\/v2\/users\/1"}],"replies":[{"embeddable":true,"href":"https:\/\/poll-berlin.de\/galerie\/wp-json\/wp\/v2\/comments?post=489"}],"version-history":[{"count":48,"href":"https:\/\/poll-berlin.de\/galerie\/wp-json\/wp\/v2\/pages\/489\/revisions"}],"predecessor-version":[{"id":29718,"href":"https:\/\/poll-berlin.de\/galerie\/wp-json\/wp\/v2\/pages\/489\/revisions\/29718"}],"up":[{"embeddable":true,"href":"https:\/\/poll-berlin.de\/galerie\/wp-json\/wp\/v2\/pages\/64"}],"wp:attachment":[{"href":"https:\/\/poll-berlin.de\/galerie\/wp-json\/wp\/v2\/media?parent=489"}],"curies":[{"name":"wp","href":"https:\/\/api.w.org\/{rel}","templated":true}]}}