{"id":4309,"date":"2021-10-07T17:02:17","date_gmt":"2021-10-07T15:02:17","guid":{"rendered":"https:\/\/poll-berlin.de\/galerie\/?page_id=4309"},"modified":"2024-03-20T18:54:29","modified_gmt":"2024-03-20T17:54:29","slug":"ausstellungen","status":"publish","type":"page","link":"https:\/\/poll-berlin.de\/galerie\/weitere-kuenstler\/maxim-kantor\/ausstellungen\/","title":{"rendered":"Ausstellungen"},"content":{"rendered":"\n<p><strong>Einzelausstellungen (Auswahl)<\/strong><\/p>\n\n\n\n<div style=\"height:10px\" aria-hidden=\"true\" class=\"wp-block-spacer\"><\/div>\n\n\n\n<figure class=\"wp-block-table\"><table><tbody><tr><td>2022<\/td><td>Nationalmuseum f\u00fcr Geschichte und Kunst, Luxemburg<\/td><\/tr><tr><td>2018<\/td><td>Gem\u00e4ldegalerie der Akademie der bildenden K\u00fcnste Wien<br>Universit\u00e4t Bamberg<\/td><\/tr><tr><td>2017<\/td><td>Kunsthalle Emden<\/td><\/tr><tr><td>2016<\/td><td>Nationalmuseum, Danzig<\/td><\/tr><tr><td>2010-2014<\/td><td>\u201eVulcanus. Atlas\u201c, Wanderausstellung<\/td><\/tr><tr><td>2004-2008<\/td><td>\u201cMetropolis. Atlas\u201d, Wanderausstellung<br>\u201cNew Empire\u201d, Wanderausstellung<\/td><\/tr><tr><td>2002<\/td><td>Ulster Museum, Belfast<br>Tempo Reale, Meran<\/td><\/tr><tr><td>2001-2002<\/td><td>Galerie Eva Poll, Berlin<\/td><\/tr><tr><td>2001<\/td><td>\u201c\u00d6dland. Ein Atlas\u201d, Wanderausstellung<\/td><\/tr><tr><td>1998-2000<\/td><td>\u201cPaintings. Etchings\u201d, Wanderausstellung<\/td><\/tr><tr><td>1998<\/td><td>Galerie Eva Poll, Berlin<\/td><\/tr><tr><td>1997-1998<\/td><td>Staatliches Puschkin-Museum, Moskau<\/td><\/tr><tr><td>1997<\/td><td>47. Biennale in Venedig<\/td><\/tr><tr><td>1995-1997<\/td><td>\u201cPaintings 1982-1994\u201d, Wanderausstellung<br>Royal College of Art, London<\/td><\/tr><tr><td>1995<\/td><td>Galerie Eva Poll, Berlin<\/td><\/tr><tr><td>1994<\/td><td>Galerie Asbaek, Kopenhagen<br>Galerie im Haus Dacher\u00f6den, Erfurt<\/td><\/tr><tr><td>1993-1994<\/td><td>Galerie Eva Poll, Berlin<\/td><\/tr><tr><td>1993<\/td><td>Salle d\u2019Exposition de l\u2019H\u00f4tel de Ville, Colmar<\/td><\/tr><tr><td>1992<\/td><td>Museum Bochum<br>Zentrale Ausstellungshallen, Moskau<br>Galerie L\u00fcpfert, Hannover<\/td><\/tr><tr><td>1991-1992<\/td><td>Galerie Eva Poll, Berlin<\/td><\/tr><tr><td>1991<\/td><td>Stuart Levy Gallery, New York City<br>Martin Asb\u00e6k Gallery, Kopenhagen<\/td><\/tr><tr><td>1990<\/td><td>Newport Art Museum (USA)<br>Haggerty Museum of Art, Milwaukee (USA)<br>Galerie L\u00fcpfert, Hannover<\/td><\/tr><tr><td>1989<\/td><td>Goethe-Institut D\u00fcsseldorf<\/td><\/tr><tr><td>1988<\/td><td>Galerie Eva Poll, Berlin (mit Igor Ganikowsky)<br>Centraal Museum Utrecht<\/td><\/tr><\/tbody><\/table><\/figure>\n\n\n\n<div style=\"height:10px\" aria-hidden=\"true\" class=\"wp-block-spacer\"><\/div>\n\n\n\n<p><strong>Gruppenausstellungen (Auswahl)<\/strong><\/p>\n\n\n\n<div style=\"height:10px\" aria-hidden=\"true\" class=\"wp-block-spacer\"><\/div>\n\n\n\n<figure class=\"wp-block-table\"><table><tbody><tr><td>2005<\/td><td>Galerie Poll, Berlin<\/td><\/tr><tr><td>1996\/1997<\/td><td>Galerie Eva Poll<\/td><\/tr><tr><td>1994<\/td><td>Kunsthalle Emden<\/td><\/tr><tr><td>1991<\/td><td>Wolfgang Wittrock Kunsthandel, D\u00fcsseldorf<br>Museum Bochum<\/td><\/tr><tr><td>1990<\/td><td>Kunsthalle Emden<br>Nielsen Gallery, Boston<\/td><\/tr><tr><td>1989<\/td><td>Kunstmuseum Luzern (Schweiz)<br>BAWAG Fondation, Wien<\/td><\/tr><tr><td>1988<\/td><td>Kunsthalle Emden<br>Galerie Valentien, Stuttgart<br>Studio Marconi, Mailand<br>Museum Ludwig, K\u00f6ln<\/td><\/tr><tr><td>1987-1989<\/td><td>Hamburger Kunsthalle<br>M\u00fcnchner Stadtmuseum<br>Tretjakov-Galerie, Moskau<br>Staatliche Ermitage, St. Petersburg<\/td><\/tr><tr><td>1987<\/td><td>Philosophisches Institut, Moskau<\/td><\/tr><\/tbody><\/table><\/figure>\n","protected":false},"excerpt":{"rendered":"<p>Einzelausstellungen (Auswahl) 2022 Nationalmuseum f\u00fcr Geschichte und Kunst, Luxemburg 2018 Gem\u00e4ldegalerie der Akademie der bildenden K\u00fcnste WienUniversit\u00e4t Bamberg 2017 Kunsthalle Emden 2016 Nationalmuseum, Danzig 2010-2014 \u201eVulcanus. Atlas\u201c, Wanderausstellung 2004-2008 \u201cMetropolis. Atlas\u201d, Wanderausstellung\u201cNew Empire\u201d, Wanderausstellung 2002 Ulster Museum, BelfastTempo Reale, Meran 2001-2002 Galerie Eva Poll, Berlin 2001 \u201c\u00d6dland. Ein Atlas\u201d, Wanderausstellung 1998-2000 \u201cPaintings. Etchings\u201d, Wanderausstellung 1998 [&hellip;]<\/p>\n","protected":false},"author":1,"featured_media":0,"parent":4306,"menu_order":1,"comment_status":"closed","ping_status":"closed","template":"kuenstler-text.php","meta":{"_acf_changed":false,"footnotes":""},"class_list":["post-4309","page","type-page","status-publish","hentry"],"acf":[],"_links":{"self":[{"href":"https:\/\/poll-berlin.de\/galerie\/wp-json\/wp\/v2\/pages\/4309","targetHints":{"allow":["GET"]}}],"collection":[{"href":"https:\/\/poll-berlin.de\/galerie\/wp-json\/wp\/v2\/pages"}],"about":[{"href":"https:\/\/poll-berlin.de\/galerie\/wp-json\/wp\/v2\/types\/page"}],"author":[{"embeddable":true,"href":"https:\/\/poll-berlin.de\/galerie\/wp-json\/wp\/v2\/users\/1"}],"replies":[{"embeddable":true,"href":"https:\/\/poll-berlin.de\/galerie\/wp-json\/wp\/v2\/comments?post=4309"}],"version-history":[{"count":20,"href":"https:\/\/poll-berlin.de\/galerie\/wp-json\/wp\/v2\/pages\/4309\/revisions"}],"predecessor-version":[{"id":36722,"href":"https:\/\/poll-berlin.de\/galerie\/wp-json\/wp\/v2\/pages\/4309\/revisions\/36722"}],"up":[{"embeddable":true,"href":"https:\/\/poll-berlin.de\/galerie\/wp-json\/wp\/v2\/pages\/4306"}],"wp:attachment":[{"href":"https:\/\/poll-berlin.de\/galerie\/wp-json\/wp\/v2\/media?parent=4309"}],"curies":[{"name":"wp","href":"https:\/\/api.w.org\/{rel}","templated":true}]}}

<p><strong>Einzelausstellungen (Auswahl)</strong></p>



<div style="height:10px" aria-hidden="true" class="wp-block-spacer"></div>



<figure class="wp-block-table"><table><tbody><tr><td>2022</td><td>Nationalmuseum für Geschichte und Kunst, Luxemburg</td></tr><tr><td>2018</td><td>Gemäldegalerie der Akademie der bildenden Künste Wien<br>Universität Bamberg</td></tr><tr><td>2017</td><td>Kunsthalle Emden</td></tr><tr><td>2016</td><td>Nationalmuseum, Danzig</td></tr><tr><td>2010-2014</td><td>„Vulcanus. Atlas“, Wanderausstellung</td></tr><tr><td>2004-2008</td><td>“Metropolis. Atlas”, Wanderausstellung<br>“New Empire”, Wanderausstellung</td></tr><tr><td>2002</td><td>Ulster Museum, Belfast<br>Tempo Reale, Meran</td></tr><tr><td>2001-2002</td><td>Galerie Eva Poll, Berlin</td></tr><tr><td>2001</td><td>“Ödland. Ein Atlas”, Wanderausstellung</td></tr><tr><td>1998-2000</td><td>“Paintings. Etchings”, Wanderausstellung</td></tr><tr><td>1998</td><td>Galerie Eva Poll, Berlin</td></tr><tr><td>1997-1998</td><td>Staatliches Puschkin-Museum, Moskau</td></tr><tr><td>1997</td><td>47. Biennale in Venedig</td></tr><tr><td>1995-1997</td><td>“Paintings 1982-1994”, Wanderausstellung<br>Royal College of Art, London</td></tr><tr><td>1995</td><td>Galerie Eva Poll, Berlin</td></tr><tr><td>1994</td><td>Galerie Asbaek, Kopenhagen<br>Galerie im Haus Dacheröden, Erfurt</td></tr><tr><td>1993-1994</td><td>Galerie Eva Poll, Berlin</td></tr><tr><td>1993</td><td>Salle d’Exposition de l’Hôtel de Ville, Colmar</td></tr><tr><td>1992</td><td>Museum Bochum<br>Zentrale Ausstellungshallen, Moskau<br>Galerie Lüpfert, Hannover</td></tr><tr><td>1991-1992</td><td>Galerie Eva Poll, Berlin</td></tr><tr><td>1991</td><td>Stuart Levy Gallery, New York City<br>Martin Asbæk Gallery, Kopenhagen</td></tr><tr><td>1990</td><td>Newport Art Museum (USA)<br>Haggerty Museum of Art, Milwaukee (USA)<br>Galerie Lüpfert, Hannover</td></tr><tr><td>1989</td><td>Goethe-Institut Düsseldorf</td></tr><tr><td>1988</td><td>Galerie Eva Poll, Berlin (mit Igor Ganikowsky)<br>Centraal Museum Utrecht</td></tr></tbody></table></figure>



<div style="height:10px" aria-hidden="true" class="wp-block-spacer"></div>



<p><strong>Gruppenausstellungen (Auswahl)</strong></p>



<div style="height:10px" aria-hidden="true" class="wp-block-spacer"></div>



<figure class="wp-block-table"><table><tbody><tr><td>2005</td><td>Galerie Poll, Berlin</td></tr><tr><td>1996/1997</td><td>Galerie Eva Poll</td></tr><tr><td>1994</td><td>Kunsthalle Emden</td></tr><tr><td>1991</td><td>Wolfgang Wittrock Kunsthandel, Düsseldorf<br>Museum Bochum</td></tr><tr><td>1990</td><td>Kunsthalle Emden<br>Nielsen Gallery, Boston</td></tr><tr><td>1989</td><td>Kunstmuseum Luzern (Schweiz)<br>BAWAG Fondation, Wien</td></tr><tr><td>1988</td><td>Kunsthalle Emden<br>Galerie Valentien, Stuttgart<br>Studio Marconi, Mailand<br>Museum Ludwig, Köln</td></tr><tr><td>1987-1989</td><td>Hamburger Kunsthalle<br>Münchner Stadtmuseum<br>Tretjakov-Galerie, Moskau<br>Staatliche Ermitage, St. Petersburg</td></tr><tr><td>1987</td><td>Philosophisches Institut, Moskau</td></tr></tbody></table></figure>

<p>Einzelausstellungen (Auswahl) 2022 Nationalmuseum für Geschichte und Kunst, Luxemburg 2018 Gemäldegalerie der Akademie der bildenden Künste WienUniversität Bamberg 2017 Kunsthalle Emden 2016 Nationalmuseum, Danzig 2010-2014 „Vulcanus. Atlas“, Wanderausstellung 2004-2008 “Metropolis. Atlas”, Wanderausstellung“New Empire”, Wanderausstellung 2002 Ulster Museum, BelfastTempo Reale, Meran 2001-2002 Galerie Eva Poll, Berlin 2001 “Ödland. Ein Atlas”, Wanderausstellung 1998-2000 “Paintings. Etchings”, Wanderausstellung 1998 [&hellip;]</p>
