{"id":39850,"date":"2024-11-12T18:41:38","date_gmt":"2024-11-12T17:41:38","guid":{"rendered":"https:\/\/poll-berlin.de\/galerie\/weitere-kuenstler\/hans-scheib\/katalog-2-scheib\/"},"modified":"2024-11-12T18:43:23","modified_gmt":"2024-11-12T17:43:23","slug":"katalog-2-scheib","status":"publish","type":"page","link":"https:\/\/poll-berlin.de\/galerie\/weitere-kuenstler\/hans-scheib\/kataloge\/katalog-2-scheib\/","title":{"rendered":"Katalog 2 &#8211; Scheib"},"content":{"rendered":"\n<p><strong>Hans Scheib \u2013 Figur<\/strong><br>Wolfgang Zemter (Hrsg.), Texte von Uwe Kolbe, Bernd Wagner, Eberhard Roters u. a., Katalog anl\u00e4sslich der Ausstellung im M\u00e4rkischen Museum, Witten (11.05.-18.07.1999), Verlag Kettler, B\u00f6nen 1999, 33 x 24,5 cm, 120 Seiten, zahlreiche S\/W \u2013 und Farbabbildungen, Hardcover, ISBN 3-933495-02-4<\/p>\n","protected":false},"excerpt":{"rendered":"<p>Hans Scheib \u2013 FigurWolfgang Zemter (Hrsg.), Texte von Uwe Kolbe, Bernd Wagner, Eberhard Roters u. a., Katalog anl\u00e4sslich der Ausstellung im M\u00e4rkischen Museum, Witten (11.05.-18.07.1999), Verlag Kettler, B\u00f6nen 1999, 33 x 24,5 cm, 120 Seiten, zahlreiche S\/W \u2013 und Farbabbildungen, Hardcover, ISBN 3-933495-02-4<\/p>\n","protected":false},"author":2,"featured_media":39852,"parent":37085,"menu_order":1,"comment_status":"closed","ping_status":"closed","template":"kuenstler-katalog.php","meta":{"_acf_changed":false,"footnotes":""},"class_list":["post-39850","page","type-page","status-publish","has-post-thumbnail","hentry"],"acf":{"photo_gallery":{"bilder":[[]]}},"_links":{"self":[{"href":"https:\/\/poll-berlin.de\/galerie\/wp-json\/wp\/v2\/pages\/39850","targetHints":{"allow":["GET"]}}],"collection":[{"href":"https:\/\/poll-berlin.de\/galerie\/wp-json\/wp\/v2\/pages"}],"about":[{"href":"https:\/\/poll-berlin.de\/galerie\/wp-json\/wp\/v2\/types\/page"}],"author":[{"embeddable":true,"href":"https:\/\/poll-berlin.de\/galerie\/wp-json\/wp\/v2\/users\/2"}],"replies":[{"embeddable":true,"href":"https:\/\/poll-berlin.de\/galerie\/wp-json\/wp\/v2\/comments?post=39850"}],"version-history":[{"count":2,"href":"https:\/\/poll-berlin.de\/galerie\/wp-json\/wp\/v2\/pages\/39850\/revisions"}],"predecessor-version":[{"id":39854,"href":"https:\/\/poll-berlin.de\/galerie\/wp-json\/wp\/v2\/pages\/39850\/revisions\/39854"}],"up":[{"embeddable":true,"href":"https:\/\/poll-berlin.de\/galerie\/wp-json\/wp\/v2\/pages\/37085"}],"wp:featuredmedia":[{"embeddable":true,"href":"https:\/\/poll-berlin.de\/galerie\/wp-json\/wp\/v2\/media\/39852"}],"wp:attachment":[{"href":"https:\/\/poll-berlin.de\/galerie\/wp-json\/wp\/v2\/media?parent=39850"}],"curies":[{"name":"wp","href":"https:\/\/api.w.org\/{rel}","templated":true}]}}