{"id":39045,"date":"2024-10-09T15:51:14","date_gmt":"2024-10-09T13:51:14","guid":{"rendered":"https:\/\/poll-berlin.de\/galerie\/weitere-kuenstler\/jean-helion\/kataloge\/katalog-3-helion\/"},"modified":"2024-12-04T13:45:59","modified_gmt":"2024-12-04T12:45:59","slug":"katalog-3-helion","status":"publish","type":"page","link":"https:\/\/poll-berlin.de\/galerie\/weitere-kuenstler\/jean-helion\/kataloge\/katalog-3-helion\/","title":{"rendered":"Katalog 3 &#8211; H\u00e9lion"},"content":{"rendered":"\n<p><strong>Jean H\u00e9lion<br><\/strong>Galerie Poll (Hrsg.), Texte von Jean H\u00e9lion und Werner Spies, Katalog anl\u00e4sslich der Ausstellung \u201e50 Jahre H\u00e9lion \u2013 Von der Abstraktion zur Figuration, Bilder und Zeichnungen 1933-1983\u201c in der Galerie Poll, Berlin (3.9.-13.10.1984), Berlin 1984, 29 x 21,5 cm, 16 Seiten, 12 S\/W- und 6 Farbabbildungen, Heftbindung<br>8 Euro<\/p>\n\n\n<a id=\"mailinger\" href=\"mailto:galerie@poll-berlin.de?subject=Bestellung Katalog 3 &#8211; H\u00e9lion&amp;body=Hiermit bestelle ich verbindlich den Katalog \u201eJean H\u00e9lion\u201c zu einem Preis von 8 Euro (zzgl. Versand). Bitte teilen Sie mir die entsprechende Bankverbindung mit.%0D%0AMeine Adresse lautet:%0D%0A%0D%0AInstitution:%0D%0AVorname, Name:%0D%0AStra\u00dfe, Haus-Nr.:%0D%0APLZ, Stadt:%0D%0ALand:\" title=\"Bestellung\">Bestellung<\/a>\n","protected":false},"excerpt":{"rendered":"<p>Jean H\u00e9lionGalerie Poll (Hrsg.), Texte von Jean H\u00e9lion und Werner Spies, Katalog anl\u00e4sslich der Ausstellung \u201e50 Jahre H\u00e9lion \u2013 Von der Abstraktion zur Figuration, Bilder und Zeichnungen 1933-1983\u201c in der Galerie Poll, Berlin (3.9.-13.10.1984), Berlin 1984, 29 x 21,5 cm, 16 Seiten, 12 S\/W- und 6 Farbabbildungen, Heftbindung8 Euro<\/p>\n","protected":false},"author":2,"featured_media":39047,"parent":1313,"menu_order":2,"comment_status":"closed","ping_status":"closed","template":"kuenstler-katalog.php","meta":{"_acf_changed":false,"footnotes":""},"class_list":["post-39045","page","type-page","status-publish","has-post-thumbnail","hentry"],"acf":{"photo_gallery":{"bilder":[[]]}},"_links":{"self":[{"href":"https:\/\/poll-berlin.de\/galerie\/wp-json\/wp\/v2\/pages\/39045","targetHints":{"allow":["GET"]}}],"collection":[{"href":"https:\/\/poll-berlin.de\/galerie\/wp-json\/wp\/v2\/pages"}],"about":[{"href":"https:\/\/poll-berlin.de\/galerie\/wp-json\/wp\/v2\/types\/page"}],"author":[{"embeddable":true,"href":"https:\/\/poll-berlin.de\/galerie\/wp-json\/wp\/v2\/users\/2"}],"replies":[{"embeddable":true,"href":"https:\/\/poll-berlin.de\/galerie\/wp-json\/wp\/v2\/comments?post=39045"}],"version-history":[{"count":3,"href":"https:\/\/poll-berlin.de\/galerie\/wp-json\/wp\/v2\/pages\/39045\/revisions"}],"predecessor-version":[{"id":40216,"href":"https:\/\/poll-berlin.de\/galerie\/wp-json\/wp\/v2\/pages\/39045\/revisions\/40216"}],"up":[{"embeddable":true,"href":"https:\/\/poll-berlin.de\/galerie\/wp-json\/wp\/v2\/pages\/1313"}],"wp:featuredmedia":[{"embeddable":true,"href":"https:\/\/poll-berlin.de\/galerie\/wp-json\/wp\/v2\/media\/39047"}],"wp:attachment":[{"href":"https:\/\/poll-berlin.de\/galerie\/wp-json\/wp\/v2\/media?parent=39045"}],"curies":[{"name":"wp","href":"https:\/\/api.w.org\/{rel}","templated":true}]}}