{"id":38690,"date":"2024-10-02T16:00:20","date_gmt":"2024-10-02T14:00:20","guid":{"rendered":"https:\/\/poll-berlin.de\/galerie\/?page_id=38690"},"modified":"2024-10-02T16:01:30","modified_gmt":"2024-10-02T14:01:30","slug":"catalogue-3-duwe","status":"publish","type":"page","link":"https:\/\/poll-berlin.de\/galerie\/en\/other-artists\/harald-duwe\/catalogues\/catalogue-3-duwe\/","title":{"rendered":"Catalogue 3 &#8211; Duwe"},"content":{"rendered":"\n<p><strong>Harald Duwe \u2013 Watercolours, Gouaches, Drawings<\/strong><br>Jens Christian Jensen (ed.), text by Jens Christian Jensen, conversation between Dieter Mielke and Harald Duwe, catalogue on the occasion of the exhibition of the same name at the Museum f\u00fcr Kunst und Kulturgeschichte der Hansestadt L\u00fcbeck (10.4.-19.6.1994) et al., Wachholtz Verlag, Neum\u00fcnster 1994, 30.5 x 23.5 cm, 180 pages, numerous colour and b\/w illustrations, hardcover, ISBN 3-529-02737-5<\/p>\n","protected":false},"excerpt":{"rendered":"<p>Harald Duwe \u2013 Watercolours, Gouaches, DrawingsJens Christian Jensen (ed.), text by Jens Christian Jensen, conversation between Dieter Mielke and Harald Duwe, catalogue on the occasion of the exhibition of the same name at the Museum f\u00fcr Kunst und Kulturgeschichte der Hansestadt L\u00fcbeck (10.4.-19.6.1994) et al., Wachholtz Verlag, Neum\u00fcnster 1994, 30.5 x 23.5 cm, 180 pages, [&hellip;]<\/p>\n","protected":false},"author":2,"featured_media":38687,"parent":28352,"menu_order":2,"comment_status":"closed","ping_status":"closed","template":"kuenstler-katalog.php","meta":{"_acf_changed":false,"footnotes":""},"class_list":["post-38690","page","type-page","status-publish","has-post-thumbnail","hentry"],"acf":{"photo_gallery":{"bilder":[[]]}},"_links":{"self":[{"href":"https:\/\/poll-berlin.de\/galerie\/wp-json\/wp\/v2\/pages\/38690","targetHints":{"allow":["GET"]}}],"collection":[{"href":"https:\/\/poll-berlin.de\/galerie\/wp-json\/wp\/v2\/pages"}],"about":[{"href":"https:\/\/poll-berlin.de\/galerie\/wp-json\/wp\/v2\/types\/page"}],"author":[{"embeddable":true,"href":"https:\/\/poll-berlin.de\/galerie\/wp-json\/wp\/v2\/users\/2"}],"replies":[{"embeddable":true,"href":"https:\/\/poll-berlin.de\/galerie\/wp-json\/wp\/v2\/comments?post=38690"}],"version-history":[{"count":1,"href":"https:\/\/poll-berlin.de\/galerie\/wp-json\/wp\/v2\/pages\/38690\/revisions"}],"predecessor-version":[{"id":38691,"href":"https:\/\/poll-berlin.de\/galerie\/wp-json\/wp\/v2\/pages\/38690\/revisions\/38691"}],"up":[{"embeddable":true,"href":"https:\/\/poll-berlin.de\/galerie\/wp-json\/wp\/v2\/pages\/28352"}],"wp:featuredmedia":[{"embeddable":true,"href":"https:\/\/poll-berlin.de\/galerie\/wp-json\/wp\/v2\/media\/38687"}],"wp:attachment":[{"href":"https:\/\/poll-berlin.de\/galerie\/wp-json\/wp\/v2\/media?parent=38690"}],"curies":[{"name":"wp","href":"https:\/\/api.w.org\/{rel}","templated":true}]}}