{"id":38685,"date":"2024-10-02T15:52:25","date_gmt":"2024-10-02T13:52:25","guid":{"rendered":"https:\/\/poll-berlin.de\/galerie\/weitere-kuenstler\/harald-duwe\/kataloge\/katalog-3-duwe\/"},"modified":"2024-10-02T15:59:19","modified_gmt":"2024-10-02T13:59:19","slug":"katalog-3-duwe","status":"publish","type":"page","link":"https:\/\/poll-berlin.de\/galerie\/weitere-kuenstler\/harald-duwe\/kataloge\/katalog-3-duwe\/","title":{"rendered":"Katalog 3 &#8211; Duwe"},"content":{"rendered":"\n<p><strong>Harald Duwe \u2013 Aquarelle, Gouachen, Zeichnungen<\/strong><br>Jens Christian Jensen (Hrsg.), Text von Jens Christian Jensen, Gespr\u00e4ch Dieter Mielkes mit Harald Duwe, Katalog anl\u00e4sslich der gleichnamigen Ausstellung im Museum f\u00fcr Kunst und Kulturgeschichte der Hansestadt L\u00fcbeck (10.4.-19.6.1994) u. a., Wachholtz Verlag, Neum\u00fcnster 1994, 30,5 x 23,5 cm, 180 Seiten, zahlreiche Farb- und S\/W-Abbildungen, Hardcover, ISBN 3-529-02737-5<\/p>\n","protected":false},"excerpt":{"rendered":"<p>Harald Duwe \u2013 Aquarelle, Gouachen, ZeichnungenJens Christian Jensen (Hrsg.), Text von Jens Christian Jensen, Gespr\u00e4ch Dieter Mielkes mit Harald Duwe, Katalog anl\u00e4sslich der gleichnamigen Ausstellung im Museum f\u00fcr Kunst und Kulturgeschichte der Hansestadt L\u00fcbeck (10.4.-19.6.1994) u. a., Wachholtz Verlag, Neum\u00fcnster 1994, 30,5 x 23,5 cm, 180 Seiten, zahlreiche Farb- und S\/W-Abbildungen, Hardcover, ISBN 3-529-02737-5<\/p>\n","protected":false},"author":2,"featured_media":38687,"parent":1281,"menu_order":2,"comment_status":"closed","ping_status":"closed","template":"kuenstler-katalog.php","meta":{"_acf_changed":false,"footnotes":""},"class_list":["post-38685","page","type-page","status-publish","has-post-thumbnail","hentry"],"acf":{"photo_gallery":{"bilder":[[]]}},"_links":{"self":[{"href":"https:\/\/poll-berlin.de\/galerie\/wp-json\/wp\/v2\/pages\/38685","targetHints":{"allow":["GET"]}}],"collection":[{"href":"https:\/\/poll-berlin.de\/galerie\/wp-json\/wp\/v2\/pages"}],"about":[{"href":"https:\/\/poll-berlin.de\/galerie\/wp-json\/wp\/v2\/types\/page"}],"author":[{"embeddable":true,"href":"https:\/\/poll-berlin.de\/galerie\/wp-json\/wp\/v2\/users\/2"}],"replies":[{"embeddable":true,"href":"https:\/\/poll-berlin.de\/galerie\/wp-json\/wp\/v2\/comments?post=38685"}],"version-history":[{"count":2,"href":"https:\/\/poll-berlin.de\/galerie\/wp-json\/wp\/v2\/pages\/38685\/revisions"}],"predecessor-version":[{"id":38689,"href":"https:\/\/poll-berlin.de\/galerie\/wp-json\/wp\/v2\/pages\/38685\/revisions\/38689"}],"up":[{"embeddable":true,"href":"https:\/\/poll-berlin.de\/galerie\/wp-json\/wp\/v2\/pages\/1281"}],"wp:featuredmedia":[{"embeddable":true,"href":"https:\/\/poll-berlin.de\/galerie\/wp-json\/wp\/v2\/media\/38687"}],"wp:attachment":[{"href":"https:\/\/poll-berlin.de\/galerie\/wp-json\/wp\/v2\/media?parent=38685"}],"curies":[{"name":"wp","href":"https:\/\/api.w.org\/{rel}","templated":true}]}}