{"id":38553,"date":"2024-09-25T14:20:18","date_gmt":"2024-09-25T12:20:18","guid":{"rendered":"https:\/\/poll-berlin.de\/galerie\/weitere-kuenstler\/bernd-damke\/katalog-1-damke\/"},"modified":"2024-12-04T13:08:09","modified_gmt":"2024-12-04T12:08:09","slug":"katalog-1-damke","status":"publish","type":"page","link":"https:\/\/poll-berlin.de\/galerie\/weitere-kuenstler\/bernd-damke\/kataloge\/katalog-1-damke\/","title":{"rendered":"Katalog 1 &#8211; Damke"},"content":{"rendered":"\n<p><strong>Bernd Damke. Skulpturen und Kleine St\u00fccke<\/strong><br>Uwe Schramm (Hrsg.), Text von Uwe Schramm, Katalog anl\u00e4sslich der gleichnamigen Ausstellung im Kunstverein M\u00fcnsterland (4.5.-29.6.2003), Verlag Kettler, B\u00f6nen 2003, 15,5 x 14,2 cm, 82 Seiten, 34 Farbabbildungen, Klebebindung, ISBN 3-935019-84-X<br>10 Euro<\/p>\n\n\n<a id=\"mailinger\" href=\"mailto:galerie@poll-berlin.de?subject=Bestellung Katalog 1 &#8211; Damke&amp;body=Hiermit bestelle ich verbindlich den Katalog \u201eBernd Damke. Skulpturen und Kleine St\u00fccke\u201c zu einem Preis von 10 Euro (zzgl. Versand). Bitte teilen Sie mir die entsprechende Bankverbindung mit.%0D%0AMeine Adresse lautet:%0D%0A%0D%0AInstitution:%0D%0AVorname, Name:%0D%0AStra\u00dfe, Haus-Nr.:%0D%0APLZ, Stadt:%0D%0ALand:\" title=\"Bestellung\">Bestellung<\/a>\n","protected":false},"excerpt":{"rendered":"<p>Bernd Damke. Skulpturen und Kleine St\u00fcckeUwe Schramm (Hrsg.), Text von Uwe Schramm, Katalog anl\u00e4sslich der gleichnamigen Ausstellung im Kunstverein M\u00fcnsterland (4.5.-29.6.2003), Verlag Kettler, B\u00f6nen 2003, 15,5 x 14,2 cm, 82 Seiten, 34 Farbabbildungen, Klebebindung, ISBN 3-935019-84-X10 Euro<\/p>\n","protected":false},"author":2,"featured_media":38557,"parent":1265,"menu_order":0,"comment_status":"closed","ping_status":"closed","template":"kuenstler-katalog.php","meta":{"_acf_changed":false,"footnotes":""},"class_list":["post-38553","page","type-page","status-publish","has-post-thumbnail","hentry"],"acf":{"photo_gallery":{"bilder":[[]]}},"_links":{"self":[{"href":"https:\/\/poll-berlin.de\/galerie\/wp-json\/wp\/v2\/pages\/38553","targetHints":{"allow":["GET"]}}],"collection":[{"href":"https:\/\/poll-berlin.de\/galerie\/wp-json\/wp\/v2\/pages"}],"about":[{"href":"https:\/\/poll-berlin.de\/galerie\/wp-json\/wp\/v2\/types\/page"}],"author":[{"embeddable":true,"href":"https:\/\/poll-berlin.de\/galerie\/wp-json\/wp\/v2\/users\/2"}],"replies":[{"embeddable":true,"href":"https:\/\/poll-berlin.de\/galerie\/wp-json\/wp\/v2\/comments?post=38553"}],"version-history":[{"count":3,"href":"https:\/\/poll-berlin.de\/galerie\/wp-json\/wp\/v2\/pages\/38553\/revisions"}],"predecessor-version":[{"id":40192,"href":"https:\/\/poll-berlin.de\/galerie\/wp-json\/wp\/v2\/pages\/38553\/revisions\/40192"}],"up":[{"embeddable":true,"href":"https:\/\/poll-berlin.de\/galerie\/wp-json\/wp\/v2\/pages\/1265"}],"wp:featuredmedia":[{"embeddable":true,"href":"https:\/\/poll-berlin.de\/galerie\/wp-json\/wp\/v2\/media\/38557"}],"wp:attachment":[{"href":"https:\/\/poll-berlin.de\/galerie\/wp-json\/wp\/v2\/media?parent=38553"}],"curies":[{"name":"wp","href":"https:\/\/api.w.org\/{rel}","templated":true}]}}