{"id":37890,"date":"2024-07-20T19:38:47","date_gmt":"2024-07-20T17:38:47","guid":{"rendered":"https:\/\/poll-berlin.de\/galerie\/ausstellungen\/vorschau\/peter-benkert\/information\/"},"modified":"2024-08-28T08:59:57","modified_gmt":"2024-08-28T06:59:57","slug":"information","status":"publish","type":"page","link":"https:\/\/poll-berlin.de\/galerie\/ausstellungen\/archiv\/peter-benkert\/information\/","title":{"rendered":"Information"},"content":{"rendered":"\n<p>F\u00fcr seine Ausstellung \u201eKonstruktive Eskapaden\u201c in der Galerie Poll hat der Maler Peter Benkert neun gro\u00dfformatige Acrylmalereien aus verschiedenen Jahrzehnten ausgew\u00e4hlt, stellvertretend f\u00fcr einzelne Werkphasen. Die fr\u00fcheste Arbeit stammt aus dem Jahr 1983, die j\u00fcngste ist 2023 entstanden.<\/p>\n\n\n\n<p>Charakteristisch f\u00fcr alle Kompositionen ist ein strenger Aufbau und das klar strukturierte Ordnungsgef\u00fcge. Stark farbige eckige und runde geometrische K\u00f6rper in Gestalt von Brettern, Gittern oder Sonden unterschiedlicher Gr\u00f6\u00dfe scheinen sich schwerelos auf der Leinwand zu bewegen, nach einem eigenen Gesetzen verpflichteten Plan. Die in Komplement\u00e4rfarben gemalten geradlinigen scharfkantigen Formen lassen an Blicke ins Universum denken und sto\u00dfen futuristische Fantasien an.<\/p>\n\n\n\n<p>Im November 1969 zeigte die Galerie Poll erstmals eine Ausstellung des damals 26-j\u00e4hrigen Peter Benkert. Ausgestellt waren mit Autolack bemalte Novopan-Bretter, vom K\u00fcnstler \u201eLuschen\u201c betitelt. Auf der art Karlsruhe im Februar 2024 pr\u00e4sentierte die Galerie im Rahmen des F\u00f6rderprogramms <em>re:discover<\/em> einen viel beachteten Querschnitt aus dem Werk des heute 81-j\u00e4hrigen Malers. Die nun gezeigte Einzelausstellung gibt einen tieferen Einblick in das Werk des K\u00fcnstlers, der seinen k\u00fcnstlerischen Weg als Entwicklung \u201evom Luschendandy zum Hard-Edge-Virtuosen\u201c beschreibt.<\/p>\n\n\n\n<p>Mit seiner illusionistischen geometrischen Hard-Edge-Malerei m\u00f6chte Peter Benkert neben einer attraktiven \u00c4sthetik auch eine unterschwellige Bedrohung und Gef\u00e4hrdung erfahrbar machen.<\/p>\n\n\n\n<p><strong>Peter Benkert, <\/strong>geboren 1942 in Berlin und 1969 Meistersch\u00fcler an der Hochschule f\u00fcr Bildende K\u00fcnste Berlin bei Prof. Fred Thieler, wurde 1967 Mitglied der heute legend\u00e4ren K\u00fcnstlerselbsthilfegalerie <em>Gro\u00dfg\u00f6rschen 35 <\/em>(1964-1968). Sein Werk wurde in zahlreichen Einzel- und Gruppenausstellungen gezeigt, darunter <em>Minimalism Germany<\/em> <em>1960s <\/em>in der Daimler Art Collection im Haus Huth Berlin im Jahr 2010. Neben seiner k\u00fcnstlerischen Arbeit war Peter Benkert mehr als 25 Jahre im Archiv der Plansammlung des Architekturmuseums der TU Berlin und f\u00fcnf Jahre als Kunstp\u00e4dagoge t\u00e4tig. Arbeiten befinden sich in privaten und \u00f6ffentlichen Sammlungen, u. a. in der Mercedes-Benz Art Collection, Stuttgart. Peter Benkert lebt und arbeitet in Berlin.<\/p>\n","protected":false},"excerpt":{"rendered":"<p>F\u00fcr seine Ausstellung \u201eKonstruktive Eskapaden\u201c in der Galerie Poll hat der Maler Peter Benkert neun gro\u00dfformatige Acrylmalereien aus verschiedenen Jahrzehnten ausgew\u00e4hlt, stellvertretend f\u00fcr einzelne Werkphasen. Die fr\u00fcheste Arbeit stammt aus dem Jahr 1983, die j\u00fcngste ist 2023 entstanden. Charakteristisch f\u00fcr alle Kompositionen ist ein strenger Aufbau und das klar strukturierte Ordnungsgef\u00fcge. Stark farbige eckige und [&hellip;]<\/p>\n","protected":false},"author":1,"featured_media":0,"parent":37887,"menu_order":0,"comment_status":"closed","ping_status":"closed","template":"ausstellen-text.php","meta":{"_acf_changed":false,"footnotes":""},"class_list":["post-37890","page","type-page","status-publish","hentry"],"acf":[],"_links":{"self":[{"href":"https:\/\/poll-berlin.de\/galerie\/wp-json\/wp\/v2\/pages\/37890","targetHints":{"allow":["GET"]}}],"collection":[{"href":"https:\/\/poll-berlin.de\/galerie\/wp-json\/wp\/v2\/pages"}],"about":[{"href":"https:\/\/poll-berlin.de\/galerie\/wp-json\/wp\/v2\/types\/page"}],"author":[{"embeddable":true,"href":"https:\/\/poll-berlin.de\/galerie\/wp-json\/wp\/v2\/users\/1"}],"replies":[{"embeddable":true,"href":"https:\/\/poll-berlin.de\/galerie\/wp-json\/wp\/v2\/comments?post=37890"}],"version-history":[{"count":1,"href":"https:\/\/poll-berlin.de\/galerie\/wp-json\/wp\/v2\/pages\/37890\/revisions"}],"predecessor-version":[{"id":38066,"href":"https:\/\/poll-berlin.de\/galerie\/wp-json\/wp\/v2\/pages\/37890\/revisions\/38066"}],"up":[{"embeddable":true,"href":"https:\/\/poll-berlin.de\/galerie\/wp-json\/wp\/v2\/pages\/37887"}],"wp:attachment":[{"href":"https:\/\/poll-berlin.de\/galerie\/wp-json\/wp\/v2\/media?parent=37890"}],"curies":[{"name":"wp","href":"https:\/\/api.w.org\/{rel}","templated":true}]}}