{"id":3720,"date":"2021-08-23T00:22:37","date_gmt":"2021-08-22T22:22:37","guid":{"rendered":"https:\/\/poll-berlin.de\/galerie\/ausstellungen\/archiv\/eric-keller3-november-2020-9-januar-2021\/information\/"},"modified":"2025-03-12T15:20:23","modified_gmt":"2025-03-12T14:20:23","slug":"information","status":"publish","type":"page","link":"https:\/\/poll-berlin.de\/galerie\/ausstellungen\/archiv\/eric-keller3-november-2020-9-januar-2021\/information\/","title":{"rendered":"Information"},"content":{"rendered":"\n<p><em>Nachsaison<\/em> lautet der Titel der zweiten Einzelausstellung des Malers Eric Keller in der Galerie Poll. Die 2019 und 2020 entstandenen Bilder zeigen Rast- und Parkpl\u00e4tze, Bahn\u00fcberg\u00e4nge, Interieurs oder B\u00fchnen, meist menschenleer.<\/p>\n\n\n\n<p>Dabei handelt es sich nicht um Abbilder der dargestellten Orte. Vielmehr versucht der K\u00fcnstler, mit seiner Malerei Momente und\u00a0Stimmungen, Erlebtes und Erinnertes einzufangen. Hierbei arbeitet er meist aus dem Ged\u00e4chtnis, manchmal nach Zeichnungen oder Skizzen, nie nach Fotografien. Einzelne Motive gibt es in verschiedenen Ausschnitten oder Perspektiven. So unspektakul\u00e4r die Motive der Bilder, so n\u00fcchtern sind auch ihre Titel: <em>Bahn\u00fcbergang<\/em>, <em>Interieur mit\u00a0Hocker, B\u00fchne mit Planeten oder Plateau mit Fernsehturm<\/em>.<\/p>\n\n\n\n<p>Charakteristisch f\u00fcr Kellers Malerei ist eine gedeckte Farbpalette mit Grau-, Blau-, Violett- oder auch Ockert\u00f6nen. Als Bildtr\u00e4ger f\u00fcr seine \u00d6llasurmalerei w\u00e4hlt er Holz, ein Material, das ihm bei der vielf\u00e4ltigen \u00dcberarbeitung seiner Motive einen Widerstand bietet. Zeit ist ein wichtiges Moment bei der Entwicklung von Eric Kellers Arbeiten, von denen meist mehrere parallel im Atelier entstehen.&nbsp;Durch \u00dcbermalungen, aber auch das &nbsp;Wiederabtragen von Farbe durchl\u00e4uft ein Werk viele Zust\u00e4nde, bis es vom Maler als abgeschlossen erkl\u00e4rt wird. Eric Keller gelingt es mit seiner Malerei, f\u00fcr den Betrachter Meditations- und Ruher\u00e4ume zu \u00f6ffnen. Zuweilen geht von seinen Bildern auch eine tiefe Melancholie aus.<\/p>\n\n\n\n<p><strong>Eric Keller, &nbsp;<\/strong>geboren 1985 in Grimma, hat 2018&nbsp;sein Meistersch\u00fcler-Studium bei Prof. Annette Schr\u00f6ter an der Hochschule f\u00fcr Grafik und Buchkunst in Leipzig abgeschlossen. Zuvor studierte er Bildende Kunst an der Akademie der Bildenden K\u00fcnste in N\u00fcrnberg bei Rolf-Gunter Dienst und von 2008 bis 2014 Malerei bei Elke Hopfe und Ralf Kerbach an der Hochschule f\u00fcr Bildende K\u00fcnste in Dresden. Arbeiten von Eric Keller befinden sich u.a. in der Galerie Neue Meister der Staatlichen Kunstsammlungen Dresden und in der Sammlung der Osts\u00e4chsischen Sparkasse. Eric Keller lebt und arbeitet in Dresden.<\/p>\n","protected":false},"excerpt":{"rendered":"<p>Nachsaison lautet der Titel der zweiten Einzelausstellung des Malers Eric Keller in der Galerie Poll. Die 2019 und 2020 entstandenen Bilder zeigen Rast- und Parkpl\u00e4tze, Bahn\u00fcberg\u00e4nge, Interieurs oder B\u00fchnen, meist menschenleer. Dabei handelt es sich nicht um Abbilder der dargestellten Orte. Vielmehr versucht der K\u00fcnstler, mit seiner Malerei Momente und\u00a0Stimmungen, Erlebtes und Erinnertes einzufangen. Hierbei [&hellip;]<\/p>\n","protected":false},"author":1,"featured_media":0,"parent":3718,"menu_order":0,"comment_status":"closed","ping_status":"closed","template":"ausstellen-text.php","meta":{"_acf_changed":false,"footnotes":""},"class_list":["post-3720","page","type-page","status-publish","hentry"],"acf":[],"_links":{"self":[{"href":"https:\/\/poll-berlin.de\/galerie\/wp-json\/wp\/v2\/pages\/3720","targetHints":{"allow":["GET"]}}],"collection":[{"href":"https:\/\/poll-berlin.de\/galerie\/wp-json\/wp\/v2\/pages"}],"about":[{"href":"https:\/\/poll-berlin.de\/galerie\/wp-json\/wp\/v2\/types\/page"}],"author":[{"embeddable":true,"href":"https:\/\/poll-berlin.de\/galerie\/wp-json\/wp\/v2\/users\/1"}],"replies":[{"embeddable":true,"href":"https:\/\/poll-berlin.de\/galerie\/wp-json\/wp\/v2\/comments?post=3720"}],"version-history":[{"count":2,"href":"https:\/\/poll-berlin.de\/galerie\/wp-json\/wp\/v2\/pages\/3720\/revisions"}],"predecessor-version":[{"id":41429,"href":"https:\/\/poll-berlin.de\/galerie\/wp-json\/wp\/v2\/pages\/3720\/revisions\/41429"}],"up":[{"embeddable":true,"href":"https:\/\/poll-berlin.de\/galerie\/wp-json\/wp\/v2\/pages\/3718"}],"wp:attachment":[{"href":"https:\/\/poll-berlin.de\/galerie\/wp-json\/wp\/v2\/media?parent=3720"}],"curies":[{"name":"wp","href":"https:\/\/api.w.org\/{rel}","templated":true}]}}