{"id":37179,"date":"2024-05-18T14:15:13","date_gmt":"2024-05-18T12:15:13","guid":{"rendered":"https:\/\/poll-berlin.de\/galerie\/?page_id=37179"},"modified":"2024-06-14T17:26:50","modified_gmt":"2024-06-14T15:26:50","slug":"information","status":"publish","type":"page","link":"https:\/\/poll-berlin.de\/galerie\/en\/exhibitions\/archive\/menagerie\/information\/","title":{"rendered":"Information"},"content":{"rendered":"\n<p>This summer, Galerie Poll will be transformed into a \u201cmenagerie\u201d: native and exotic animals will appear in paintings, sculptures, and watercolours by Sabina Grzimek, Peter Herrmann, Ralf Kerbach, Heidrun Rueda, and Hans Scheib.&nbsp;<\/p>\n\n\n\n<p>One of the oldest animal encyclopaedias is Aristotle\u2019s: his treatise <em>Historia animalium<\/em>, written in 335 BCE, classifies animals according to their appearance, behaviours, and habitats. In realistically capturing individual animals with their anatomy and unique movements, the Renaissance elevated their representation to an ideal. Albrecht D\u00fcrer was among the first artists to regard animals as a worthy subject for art, beyond mere sketches. The works of the artists presented in \u201cMenagerie\u201d prominently feature animal depictions.<\/p>\n\n\n\n<p>The oil paintings, sculptures and works on paper, some created specifically for this exhibition, open a dialogue \u2013 revealing, in their juxtaposition, \u201canimalistic\u201d, wild, or even tamed aspects of their respective worldviews.<\/p>\n\n\n\n<p>Sabina Grzimek draws her themes from her personal surroundings and experiences. Che, her dog, frequently serves as a model for her sculptures. Employing an expressive yet sensitive language of forms, the artist captures the essence of the animals she creates, as with her bronze of a pregnant donkey or a cow turning away with an udder full of milk.<\/p>\n\n\n\n<p>Heidrun Rueda paints her naturalistic motifs partly from photographs and partly from her own observations in the wild. The exhibition includes a selection of small-format oil paintings depicting owls, a bird family with some 200 species. Rueda focuses on animals close to home: tawny owls, barn owls, and eagle owls.<\/p>\n\n\n\n<p>With \u201cSalute Vittore Carpaccio!\u201d (2003), Peter Herrmann pays homage to a painting by the Venetian Renaissance artist. Against a blue background, a woman sits, bending over a lapdog. The small creature stands on its hind legs, looking up at its owner, who plays with its front paws. Beside her is a large vase with a bouquet of calla lilies, and in front of it, a small, shaggy cat. True to his style, Herrmann has captured the traditional scene in surprisingly simple forms and added a comic element missing from the original artwork. The painter also adds an ironic twist to the genre of lifelike animal painting: his otherwise fearsome big cat lounges on its back under the title \u201cWhen Leopards Dream\u201d.<\/p>\n\n\n\n<p>Ralf Kerbach takes a different approach with his oil paintings \u201cHorse\u201d, \u201cTwo Horses\u201d, and \u201cGoats\u201d. Created from studies in nature, the brushstrokes remain sketch-like, and the application of colour is translucent. Kerbach\u2019s \u201cMoonlit Night\u201d from 2023, by contrast, is painted \u201cfrom the mind.\u201d In a stylised depiction built up from thickly applied, opaque colours, a white cat and a black dog face off. The animals fight over a macaw, their teeth bared in greedy anticipation. All the while the moon shines in the clear sky, quietly illuminating a bare tree and some houses.<\/p>\n\n\n\n<p>With Hans Scheib\u2019s sculptures, several exotic animals also join Poll\u2019s menagerie: the sculptor has carved a snake (2005) out of wood that coils itself into a high tower, painted in red and green colours typical of the species; or a wooden monkey with an extremely long tail, its teeth bared in a threatening snarl. In his expressive wooden sculptures, Scheib successfully develops his own style, clearly referencing the tradition of Expressionism.<\/p>\n\n\n\n<p><strong>Sabina Grzimek <\/strong>(born 1942) completed her studies in sculpture at the Wei\u00dfensee Academy of Art Berlin (Kunsthochschule Berlin-Wei\u00dfensee) in 1967; she was a master student of Fritz Cremer at the Berlin Academy of Arts (Akademie der K\u00fcnste) from 1969 to 1972. Honours such as the K\u00e4the Kollwitz Prize (1983) and the Honorary Prize of the Prime Minister of the State of Brandenburg for a lifetime achievement (2011), among others, testify to the recognition of her work. Her works are held by in distinguished collections, including the Nationalgalerie Berlin, which devoted a retrospective exhibition to her in 1992.<\/p>\n\n\n\n<p>After being trained in chemigraphy, <strong>Peter Herrmann<\/strong> (born 1937), attended painting courses with J\u00fcrgen B\u00f6ttcher-Strawalde from 1953. In 1984 he left East Germany and emigrated to Hamburg; since 1986 he has lived in (West) Berlin. In 1998 Herrmann received the Villa Romana Prize, Florence, and in 2001 the Fred Thieler Prize from the Berlinische Galerie. His works are included in the collections of the Berlinische Galerie, as well as the Staatliche Museen zu Berlin, the Staatliche Kunstsammlungen Dresden, and the Museum Ludwig in Cologne, among others.<\/p>\n\n\n\n<p><strong>Ralf Kerbach<\/strong> (born 1956) studied painting and graphic art with Prof. Gerhard Kettner at the Dresden Academy of Fine Arts (Hochschule f\u00fcr Bildende K\u00fcnste) from 1977 to 1979, when the GDR forced him to leave the university. He then relocated to West Berlin in 1982. In 1986\/87 he received a scholarship from the Germany Academy in Rome, at the Casa Baldi in Olevano; from 1992 to 2023 he taught painting and graphic arts as a professor at the HfBK Dresden. His works are held in collections including the Berlinische Galerie, the Staatliche Kunstsammlungen Dresden, the Museum der bildenden K\u00fcnste Leipzig, and the Museum Barberini Potsdam.<\/p>\n\n\n\n<p><strong>Heidrun Rueda<\/strong> (born 1963) studied painting at the Dresden Academy of Fine Arts (Hochschule f\u00fcr Bildende K\u00fcnste) under Professor G\u00fcnther Horlbeck and was a master student from 1994 to 1996. In 1994 she received the Saxon State Scholarship; in 1999 a working scholarship from the Stiftung Kunstfonds; and in 2004 a scholarship at Wiepersdorf Castle. Rueda\u2019s works are held in private and public collections, including the Brandenburgisches Landesmuseum f\u00fcr Moderne Kunst Frankfurt an der Oder, the German National Library Frankfurt am Main, and the Biblioth\u00e8que Nationale de France in Paris.<\/p>\n\n\n\n<p><strong>Hans Scheib <\/strong>(born 1949) studied at the Dresden Academy of Fine Arts (Hochschule f\u00fcr Bildende K\u00fcnste) from 1971 to 1976, after which he lived as a sculptor in Prenzlauer Berg in Berlin. In 1985, he moved to West Berlin. He received the F\u00f6rderpreis from the Academy of Arts, Berlin in 1995, and the Egmont Schaefer Prize for Drawing in 2014. In 2004, he was awarded a residency at Villa Romana in Florence. His works are held by institutions including the Berlinische Galerie, the Museum Ludwig in A<a><\/a>achen, the Nationalgalerie Berlin, and the Staatliche Kunstsammlungen Dresden.<\/p>\n","protected":false},"excerpt":{"rendered":"<p>This summer, Galerie Poll will be transformed into a \u201cmenagerie\u201d: native and exotic animals will appear in paintings, sculptures, and watercolours by Sabina Grzimek, Peter Herrmann, Ralf Kerbach, Heidrun Rueda, and Hans Scheib.&nbsp; One of the oldest animal encyclopaedias is Aristotle\u2019s: his treatise Historia animalium, written in 335 BCE, classifies animals according to their appearance, [&hellip;]<\/p>\n","protected":false},"author":2,"featured_media":0,"parent":37167,"menu_order":0,"comment_status":"closed","ping_status":"closed","template":"ausstellen-text.php","meta":{"_acf_changed":false,"footnotes":""},"class_list":["post-37179","page","type-page","status-publish","hentry"],"acf":[],"_links":{"self":[{"href":"https:\/\/poll-berlin.de\/galerie\/wp-json\/wp\/v2\/pages\/37179","targetHints":{"allow":["GET"]}}],"collection":[{"href":"https:\/\/poll-berlin.de\/galerie\/wp-json\/wp\/v2\/pages"}],"about":[{"href":"https:\/\/poll-berlin.de\/galerie\/wp-json\/wp\/v2\/types\/page"}],"author":[{"embeddable":true,"href":"https:\/\/poll-berlin.de\/galerie\/wp-json\/wp\/v2\/users\/2"}],"replies":[{"embeddable":true,"href":"https:\/\/poll-berlin.de\/galerie\/wp-json\/wp\/v2\/comments?post=37179"}],"version-history":[{"count":3,"href":"https:\/\/poll-berlin.de\/galerie\/wp-json\/wp\/v2\/pages\/37179\/revisions"}],"predecessor-version":[{"id":37559,"href":"https:\/\/poll-berlin.de\/galerie\/wp-json\/wp\/v2\/pages\/37179\/revisions\/37559"}],"up":[{"embeddable":true,"href":"https:\/\/poll-berlin.de\/galerie\/wp-json\/wp\/v2\/pages\/37167"}],"wp:attachment":[{"href":"https:\/\/poll-berlin.de\/galerie\/wp-json\/wp\/v2\/media?parent=37179"}],"curies":[{"name":"wp","href":"https:\/\/api.w.org\/{rel}","templated":true}]}}