{"id":3634,"date":"2021-08-17T17:45:40","date_gmt":"2021-08-17T15:45:40","guid":{"rendered":"https:\/\/poll-berlin.de\/galerie\/?page_id=3634"},"modified":"2023-08-01T16:32:36","modified_gmt":"2023-08-01T14:32:36","slug":"katalog-3-schuel","status":"publish","type":"page","link":"https:\/\/poll-berlin.de\/galerie\/kuenstler-der-galerie\/jan-schueler\/kataloge\/katalog-3-schuel\/","title":{"rendered":"Katalog 1 &#8211; Sch\u00fcler"},"content":{"rendered":"\n<p><strong>Jan Sch\u00fcler \u2013 Wahlverwandschaften<\/strong><br>Texte von Magdalena Kr\u00f6ner und Jakob Glasbrenner, Katalog anl\u00e4sslich der gleichnamigen Ausstellung in der Galerie Tedden, D\u00fcsseldorf (26.2.-27.3.2010), Verlag Peter Tedden, D\u00fcsseldorf 2010, 28,7 x 22 cm, 70 Seiten, zahlreiche Farbabbildungen, ISBN 978-3-940985-B-2<br>20 Euro<\/p>\n\n\n<a id=\"mailinger\" href=\"mailto:galerie@poll-berlin.de?subject=Bestellung Katalog 1 &#8211; Sch\u00fcler&amp;body=Hiermit bestelle ich verbindlich den Katalog \u201eJan Sch\u00fcler \u2013 Wahlverwandschaften\u201c zu einem Preis von 20 Euro (zzgl. Versand). Bitte teilen Sie mir die entsprechende Bankverbindung mit.%0D%0AMeine Adresse lautet:%0D%0A%0D%0AInstitution:%0D%0AVorname, Name:%0D%0AStra\u00dfe, Haus-Nr.:%0D%0APLZ, Stadt:%0D%0ALand:\" title=\"Bestellung\">Bestellung<\/a>\n","protected":false},"excerpt":{"rendered":"<p>Jan Sch\u00fcler \u2013 WahlverwandschaftenTexte von Magdalena Kr\u00f6ner und Jakob Glasbrenner, Katalog anl\u00e4sslich der gleichnamigen Ausstellung in der Galerie Tedden, D\u00fcsseldorf (26.2.-27.3.2010), Verlag Peter Tedden, D\u00fcsseldorf 2010, 28,7 x 22 cm, 70 Seiten, zahlreiche Farbabbildungen, ISBN 978-3-940985-B-220 Euro<\/p>\n","protected":false},"author":2,"featured_media":33385,"parent":1193,"menu_order":0,"comment_status":"closed","ping_status":"closed","template":"kuenstler-katalog.php","meta":{"_acf_changed":false,"footnotes":""},"class_list":["post-3634","page","type-page","status-publish","has-post-thumbnail","hentry"],"acf":{"photo_gallery":{"bilder":[[]]}},"_links":{"self":[{"href":"https:\/\/poll-berlin.de\/galerie\/wp-json\/wp\/v2\/pages\/3634","targetHints":{"allow":["GET"]}}],"collection":[{"href":"https:\/\/poll-berlin.de\/galerie\/wp-json\/wp\/v2\/pages"}],"about":[{"href":"https:\/\/poll-berlin.de\/galerie\/wp-json\/wp\/v2\/types\/page"}],"author":[{"embeddable":true,"href":"https:\/\/poll-berlin.de\/galerie\/wp-json\/wp\/v2\/users\/2"}],"replies":[{"embeddable":true,"href":"https:\/\/poll-berlin.de\/galerie\/wp-json\/wp\/v2\/comments?post=3634"}],"version-history":[{"count":10,"href":"https:\/\/poll-berlin.de\/galerie\/wp-json\/wp\/v2\/pages\/3634\/revisions"}],"predecessor-version":[{"id":33393,"href":"https:\/\/poll-berlin.de\/galerie\/wp-json\/wp\/v2\/pages\/3634\/revisions\/33393"}],"up":[{"embeddable":true,"href":"https:\/\/poll-berlin.de\/galerie\/wp-json\/wp\/v2\/pages\/1193"}],"wp:featuredmedia":[{"embeddable":true,"href":"https:\/\/poll-berlin.de\/galerie\/wp-json\/wp\/v2\/media\/33385"}],"wp:attachment":[{"href":"https:\/\/poll-berlin.de\/galerie\/wp-json\/wp\/v2\/media?parent=3634"}],"curies":[{"name":"wp","href":"https:\/\/api.w.org\/{rel}","templated":true}]}}

Katalog 1 &#8211; Schüler

<p><strong>Jan Schüler – Wahlverwandschaften</strong><br>Texte von Magdalena Kröner und Jakob Glasbrenner, Katalog anlässlich der gleichnamigen Ausstellung in der Galerie Tedden, Düsseldorf (26.2.-27.3.2010), Verlag Peter Tedden, Düsseldorf 2010, 28,7 x 22 cm, 70 Seiten, zahlreiche Farbabbildungen, ISBN 978-3-940985-B-2<br>20 Euro</p>


<a id="mailinger" href="mailto:galerie@poll-berlin.de?subject=Bestellung Katalog 1 &#8211; Schüler&amp;body=Hiermit bestelle ich verbindlich den Katalog „Jan Schüler – Wahlverwandschaften“ zu einem Preis von 20 Euro (zzgl. Versand). Bitte teilen Sie mir die entsprechende Bankverbindung mit.%0D%0AMeine Adresse lautet:%0D%0A%0D%0AInstitution:%0D%0AVorname, Name:%0D%0AStraße, Haus-Nr.:%0D%0APLZ, Stadt:%0D%0ALand:" title="Bestellung">Bestellung</a>

<p>Jan Schüler – WahlverwandschaftenTexte von Magdalena Kröner und Jakob Glasbrenner, Katalog anlässlich der gleichnamigen Ausstellung in der Galerie Tedden, Düsseldorf (26.2.-27.3.2010), Verlag Peter Tedden, Düsseldorf 2010, 28,7 x 22 cm, 70 Seiten, zahlreiche Farbabbildungen, ISBN 978-3-940985-B-220 Euro</p>
