{"id":36054,"date":"2024-01-24T17:51:34","date_gmt":"2024-01-24T16:51:34","guid":{"rendered":"https:\/\/poll-berlin.de\/galerie\/?page_id=36054"},"modified":"2024-11-12T14:22:01","modified_gmt":"2024-11-12T13:22:01","slug":"biography","status":"publish","type":"page","link":"https:\/\/poll-berlin.de\/galerie\/en\/other-artists\/emerita-pansowova\/biography\/","title":{"rendered":"Biography"},"content":{"rendered":"\n<p><strong>Biography<\/strong><\/p>\n\n\n\n<div style=\"height:10px\" aria-hidden=\"true\" class=\"wp-block-spacer\"><\/div>\n\n\n\n<figure class=\"wp-block-table\"><table><tbody><tr><td>1946<\/td><td>born in Vrak\u00fa\u0148 (Czechoslovakia)<\/td><\/tr><tr><td>1962-1966<\/td><td>Studies of Wood sculpture at the School of Applied Arts in Bratislava, with Ludwik Korko\u0161 and Anton Drexler<\/td><\/tr><tr><td>1966<\/td><td>Moving to East Berlin<\/td><\/tr><tr><td>1967<\/td><td>Birth of the son Till<\/td><\/tr><tr><td>1967-1972<\/td><td>Studies at the Academy of Art Berlin-Weissensee, with Prof. Karl-Heinz Schamal and Arnd Wittich<\/td><\/tr><tr><td>1974-1977<\/td><td>Master student at the Academy of Arts of the GDR, with Ludwig Engelhardt<\/td><\/tr><tr><td>1977<\/td><td>Study visit to Azerbaijan, Working as a freelance sculptor in East Berlin<\/td><\/tr><tr><td>1989<\/td><td>Study trip to Spain with Nuria Quevedo and Antje Fretwurst-Colberg<\/td><\/tr><tr><td>1992<\/td><td>Founder of the \u201cBerliner Fraueninitiative Xanthippe e.V.\u201d in Berlin<\/td><\/tr><tr><td>2012<\/td><td>Installation of the life-size sculpture \u201cThe Great Palucca\u201d on Garnisonkirchplatz in Berlin-Mitte<\/td><\/tr><\/tbody><\/table><\/figure>\n\n\n\n<p>Emerita Pansowov\u00e1 lives and works in Prenden (Brandenburg).<\/p>\n\n\n\n<div style=\"height:10px\" aria-hidden=\"true\" class=\"wp-block-spacer\"><\/div>\n\n\n\n<p><strong>Awards and grants<\/strong><\/p>\n\n\n\n<div style=\"height:10px\" aria-hidden=\"true\" class=\"wp-block-spacer\"><\/div>\n\n\n\n<figure class=\"wp-block-table\"><table><tbody><tr><td>2009<\/td><td>Art prize for sculpture of the M\u00e4rkische Oderzeitung<\/td><\/tr><tr><td>1992<\/td><td>Working scholarship of the Stiftung Kulturfonds, Berlin<\/td><\/tr><tr><td>1991<\/td><td>Scholarship from the Senate Department for Culture, Berlin<\/td><\/tr><tr><td>1989<\/td><td>Art Award of the Free German Trade Union Federation<br>1st Prize for the Foyer design of the Kleist Memorial Frankfurt (Oder)<\/td><\/tr><tr><td>1985<\/td><td>Will Lammert Award of the Academy of Arts of the GDR, Berlin<\/td><\/tr><tr><td>1975<\/td><td>Gustav Weidanz Award for Sculpture, Halle-Saale<\/td><\/tr><\/tbody><\/table><\/figure>\n","protected":false},"excerpt":{"rendered":"<p>Biography 1946 born in Vrak\u00fa\u0148 (Czechoslovakia) 1962-1966 Studies of Wood sculpture at the School of Applied Arts in Bratislava, with Ludwik Korko\u0161 and Anton Drexler 1966 Moving to East Berlin 1967 Birth of the son Till 1967-1972 Studies at the Academy of Art Berlin-Weissensee, with Prof. Karl-Heinz Schamal and Arnd Wittich 1974-1977 Master student at [&hellip;]<\/p>\n","protected":false},"author":2,"featured_media":0,"parent":28451,"menu_order":0,"comment_status":"closed","ping_status":"closed","template":"kuenstler-text.php","meta":{"_acf_changed":false,"footnotes":""},"class_list":["post-36054","page","type-page","status-publish","hentry"],"acf":[],"_links":{"self":[{"href":"https:\/\/poll-berlin.de\/galerie\/wp-json\/wp\/v2\/pages\/36054","targetHints":{"allow":["GET"]}}],"collection":[{"href":"https:\/\/poll-berlin.de\/galerie\/wp-json\/wp\/v2\/pages"}],"about":[{"href":"https:\/\/poll-berlin.de\/galerie\/wp-json\/wp\/v2\/types\/page"}],"author":[{"embeddable":true,"href":"https:\/\/poll-berlin.de\/galerie\/wp-json\/wp\/v2\/users\/2"}],"replies":[{"embeddable":true,"href":"https:\/\/poll-berlin.de\/galerie\/wp-json\/wp\/v2\/comments?post=36054"}],"version-history":[{"count":6,"href":"https:\/\/poll-berlin.de\/galerie\/wp-json\/wp\/v2\/pages\/36054\/revisions"}],"predecessor-version":[{"id":39822,"href":"https:\/\/poll-berlin.de\/galerie\/wp-json\/wp\/v2\/pages\/36054\/revisions\/39822"}],"up":[{"embeddable":true,"href":"https:\/\/poll-berlin.de\/galerie\/wp-json\/wp\/v2\/pages\/28451"}],"wp:attachment":[{"href":"https:\/\/poll-berlin.de\/galerie\/wp-json\/wp\/v2\/media?parent=36054"}],"curies":[{"name":"wp","href":"https:\/\/api.w.org\/{rel}","templated":true}]}}