{"id":36034,"date":"2024-11-12T13:10:55","date_gmt":"2024-11-12T12:10:55","guid":{"rendered":"https:\/\/poll-berlin.de\/galerie\/?page_id=36034"},"modified":"2024-12-04T16:27:13","modified_gmt":"2024-12-04T15:27:13","slug":"katalog-1-pansowova","status":"publish","type":"page","link":"https:\/\/poll-berlin.de\/galerie\/weitere-kuenstler\/emerita-pansowova\/kataloge\/katalog-1-pansowova\/","title":{"rendered":"Katalog 1 &#8211; Pansowov\u00e1"},"content":{"rendered":"\n<p><strong>Nuria Quevedo und Emerita Pansowov\u00e0<\/strong><br>Galerie Poll (Hrsg.), Texte von Claude Keisch, Miguel Hern\u00e1ndez und Jens Semrau, Katalog anl\u00e4sslich der gleichnamigen Ausstellung in der Galerie Poll, Berlin (11.3.-13.4.1985), Berlin 1985, 29 x 21,5 cm, 15 Seiten, 17 S\/W-Abbildungen, Heftbindung<br>8 Euro<\/p>\n\n\n<a id=\"mailinger\" href=\"mailto:galerie@poll-berlin.de?subject=Bestellung Katalog 1 &#8211; Pansowov\u00e1&amp;body=Hiermit bestelle ich verbindlich den Katalog \u201eNuria Quevedo und Emerita Pansowov\u00e0\u201c zu einem Preis von 8 Euro (zzgl. Versand). Bitte teilen Sie mir die entsprechende Bankverbindung mit.%0D%0AMeine Adresse lautet:%0D%0A%0D%0AInstitution:%0D%0AVorname, Name:%0D%0AStra\u00dfe, Haus-Nr.:%0D%0APLZ, Stadt:%0D%0ALand:\" title=\"Bestellung\">Bestellung<\/a>\n","protected":false},"excerpt":{"rendered":"<p>Nuria Quevedo und Emerita Pansowov\u00e0Galerie Poll (Hrsg.), Texte von Claude Keisch, Miguel Hern\u00e1ndez und Jens Semrau, Katalog anl\u00e4sslich der gleichnamigen Ausstellung in der Galerie Poll, Berlin (11.3.-13.4.1985), Berlin 1985, 29 x 21,5 cm, 15 Seiten, 17 S\/W-Abbildungen, Heftbindung8 Euro<\/p>\n","protected":false},"author":1,"featured_media":39789,"parent":39792,"menu_order":0,"comment_status":"closed","ping_status":"closed","template":"kuenstler-katalog.php","meta":{"_acf_changed":false,"footnotes":""},"class_list":["post-36034","page","type-page","status-publish","has-post-thumbnail","hentry"],"acf":{"photo_gallery":{"bilder":[[]]}},"_links":{"self":[{"href":"https:\/\/poll-berlin.de\/galerie\/wp-json\/wp\/v2\/pages\/36034","targetHints":{"allow":["GET"]}}],"collection":[{"href":"https:\/\/poll-berlin.de\/galerie\/wp-json\/wp\/v2\/pages"}],"about":[{"href":"https:\/\/poll-berlin.de\/galerie\/wp-json\/wp\/v2\/types\/page"}],"author":[{"embeddable":true,"href":"https:\/\/poll-berlin.de\/galerie\/wp-json\/wp\/v2\/users\/1"}],"replies":[{"embeddable":true,"href":"https:\/\/poll-berlin.de\/galerie\/wp-json\/wp\/v2\/comments?post=36034"}],"version-history":[{"count":2,"href":"https:\/\/poll-berlin.de\/galerie\/wp-json\/wp\/v2\/pages\/36034\/revisions"}],"predecessor-version":[{"id":40274,"href":"https:\/\/poll-berlin.de\/galerie\/wp-json\/wp\/v2\/pages\/36034\/revisions\/40274"}],"up":[{"embeddable":true,"href":"https:\/\/poll-berlin.de\/galerie\/wp-json\/wp\/v2\/pages\/39792"}],"wp:featuredmedia":[{"embeddable":true,"href":"https:\/\/poll-berlin.de\/galerie\/wp-json\/wp\/v2\/media\/39789"}],"wp:attachment":[{"href":"https:\/\/poll-berlin.de\/galerie\/wp-json\/wp\/v2\/media?parent=36034"}],"curies":[{"name":"wp","href":"https:\/\/api.w.org\/{rel}","templated":true}]}}

Katalog 1 &#8211; Pansowová

<p><strong>Nuria Quevedo und Emerita Pansowovà</strong><br>Galerie Poll (Hrsg.), Texte von Claude Keisch, Miguel Hernández und Jens Semrau, Katalog anlässlich der gleichnamigen Ausstellung in der Galerie Poll, Berlin (11.3.-13.4.1985), Berlin 1985, 29 x 21,5 cm, 15 Seiten, 17 S/W-Abbildungen, Heftbindung<br>8 Euro</p>


<a id="mailinger" href="mailto:galerie@poll-berlin.de?subject=Bestellung Katalog 1 &#8211; Pansowová&amp;body=Hiermit bestelle ich verbindlich den Katalog „Nuria Quevedo und Emerita Pansowovà“ zu einem Preis von 8 Euro (zzgl. Versand). Bitte teilen Sie mir die entsprechende Bankverbindung mit.%0D%0AMeine Adresse lautet:%0D%0A%0D%0AInstitution:%0D%0AVorname, Name:%0D%0AStraße, Haus-Nr.:%0D%0APLZ, Stadt:%0D%0ALand:" title="Bestellung">Bestellung</a>

<p>Nuria Quevedo und Emerita PansowovàGalerie Poll (Hrsg.), Texte von Claude Keisch, Miguel Hernández und Jens Semrau, Katalog anlässlich der gleichnamigen Ausstellung in der Galerie Poll, Berlin (11.3.-13.4.1985), Berlin 1985, 29 x 21,5 cm, 15 Seiten, 17 S/W-Abbildungen, Heftbindung8 Euro</p>
