{"id":33638,"date":"2023-08-08T17:48:49","date_gmt":"2023-08-08T15:48:49","guid":{"rendered":"https:\/\/poll-berlin.de\/galerie\/?page_id=33638"},"modified":"2024-10-22T12:40:54","modified_gmt":"2024-10-22T10:40:54","slug":"catalogue-3-wagenbrett","status":"publish","type":"page","link":"https:\/\/poll-berlin.de\/galerie\/en\/gallery-artists\/norbert-wagenbrett\/catalogues\/catalogue-3-wagenbrett\/","title":{"rendered":"Catalogue 3 &#8211; Wagenbrett"},"content":{"rendered":"\n<p><strong>Norbert Wagenbrett. Before the Masks<\/strong><br>Museum der Bildenden K\u00fcnste Leipzig (ed.), texts by Marcus Andrew Hurttig, Richard H\u00fcttel and Norbert Wagenbrett, catalogue on the occasion of the exhibition of the same name at the Museum der Bildenden K\u00fcnste Leipzig (7.5.-16.8.2020), Leipzig 2020, 25 x 19.7 cm, 88 pages, numerous colour illustrations, softcover, ISBN 978-3860600498<br>14 euros<\/p>\n","protected":false},"excerpt":{"rendered":"<p>Norbert Wagenbrett. Before the MasksMuseum der Bildenden K\u00fcnste Leipzig (ed.), texts by Marcus Andrew Hurttig, Richard H\u00fcttel and Norbert Wagenbrett, catalogue on the occasion of the exhibition of the same name at the Museum der Bildenden K\u00fcnste Leipzig (7.5.-16.8.2020), Leipzig 2020, 25 x 19.7 cm, 88 pages, numerous colour illustrations, softcover, ISBN 978-386060049814 euros<\/p>\n","protected":false},"author":2,"featured_media":33633,"parent":28256,"menu_order":2,"comment_status":"closed","ping_status":"closed","template":"kuenstler-katalog.php","meta":{"_acf_changed":false,"footnotes":""},"class_list":["post-33638","page","type-page","status-publish","has-post-thumbnail","hentry"],"acf":{"photo_gallery":{"bilder":[[]]}},"_links":{"self":[{"href":"https:\/\/poll-berlin.de\/galerie\/wp-json\/wp\/v2\/pages\/33638","targetHints":{"allow":["GET"]}}],"collection":[{"href":"https:\/\/poll-berlin.de\/galerie\/wp-json\/wp\/v2\/pages"}],"about":[{"href":"https:\/\/poll-berlin.de\/galerie\/wp-json\/wp\/v2\/types\/page"}],"author":[{"embeddable":true,"href":"https:\/\/poll-berlin.de\/galerie\/wp-json\/wp\/v2\/users\/2"}],"replies":[{"embeddable":true,"href":"https:\/\/poll-berlin.de\/galerie\/wp-json\/wp\/v2\/comments?post=33638"}],"version-history":[{"count":2,"href":"https:\/\/poll-berlin.de\/galerie\/wp-json\/wp\/v2\/pages\/33638\/revisions"}],"predecessor-version":[{"id":39381,"href":"https:\/\/poll-berlin.de\/galerie\/wp-json\/wp\/v2\/pages\/33638\/revisions\/39381"}],"up":[{"embeddable":true,"href":"https:\/\/poll-berlin.de\/galerie\/wp-json\/wp\/v2\/pages\/28256"}],"wp:featuredmedia":[{"embeddable":true,"href":"https:\/\/poll-berlin.de\/galerie\/wp-json\/wp\/v2\/media\/33633"}],"wp:attachment":[{"href":"https:\/\/poll-berlin.de\/galerie\/wp-json\/wp\/v2\/media?parent=33638"}],"curies":[{"name":"wp","href":"https:\/\/api.w.org\/{rel}","templated":true}]}}