{"id":29390,"date":"2023-01-20T14:52:44","date_gmt":"2023-01-20T13:52:44","guid":{"rendered":"https:\/\/poll-berlin.de\/galerie\/ausstellungen\/archiv\/are-you-happyfotografien-von-goeran-gnaudschun6-september-26-oktober-2019-im-schaulager-verlaengert-bis-1-februar-2020\/information\/"},"modified":"2025-03-18T18:22:17","modified_gmt":"2025-03-18T17:22:17","slug":"information","status":"publish","type":"page","link":"https:\/\/poll-berlin.de\/galerie\/ausstellungen\/archiv\/are-you-happyfotografien-von-goeran-gnaudschun6-september-26-oktober-2019-im-schaulager-verlaengert-bis-1-februar-2020\/information\/","title":{"rendered":"Information"},"content":{"rendered":"\n<p>\u201eAre You Happy?\u201c lautet der Titel der neuen Fotoserie von G\u00f6ran Gnaudschun, die jetzt in der Galerie Poll erstmals mit nahezu allen Motiven ausgestellt wird. Begonnen hat G\u00f6ran Gnaudschun die Arbeit 2017 w\u00e4hrend seines Villa Massimo-Stipendiums und bis 2019 f\u00fcr sie fotografiert.<\/p>\n\n\n\n<p>\u201eAre You Happy?\u201c spielt in der \u00f6stlichen Peripherie Roms, in Wohnquartieren, Industriegebieten und Brachen, in der Gegend rund um die Via Prenestina \u2013 eine der alten Konsularstra\u00dfen, die in der Antike das R\u00f6mische Reich mit seiner Hauptstadt verbanden.<\/p>\n\n\n\n<p>Seit 1890 wurden st\u00e4ndig neue Geb\u00e4ude in den \u00f6stlichen Stadtvierteln errichtet, um jene Menschen aufzunehmen, die in Rom ihr Gl\u00fcck suchten. Kamen sie fr\u00fcher \u00fcberwiegend aus Venetien und Sizilien, so sind es heute oftmals Bangladeschi, Afrikaner und Roma aus S\u00fcdosteuropa. Junge, trendige Viertel gehen \u00fcber in Wohngebiete f\u00fcr Angestellte, f\u00fcr Arbeiter und f\u00fcr Menschen, bei denen niemand wei\u00df, wovon sie eigentlich leben. In Richtung Osten werden die Verh\u00e4ltnisse immer \u00e4rmer. Hochhauskomplexe, Investruinen, Problembezirke. Die antike Stadtmauer trennt die Peripherie vom Postkarten-Rom.<\/p>\n\n\n\n<p>Mit seiner neuen Fotoserie stellt sich G\u00f6ran Gnaudschun die Frage nach Lebensraum und Lebenszeit. Die einfache Frage \u201eAre You Happy?\u201c hat der Fotograf den Menschen, die er in ihrem Lebensumfeld portr\u00e4tierte, nie gestellt. Er fotografierte stattdessen H\u00e4user und Wohnblocks, Stra\u00dfen und Brachen in Centocelle, Pigneto, Prenestino, Quarticciolo und anderen r\u00f6mischen Vororten; dazu zeichnete er ihre urbanen Grundrisse aus der Vogelperspektive. Aus dieser Kombination entsteht eine mehrschichtige atmosph\u00e4rische Arbeit, die dem Betrachter das Lebensgef\u00fchl in den Vorst\u00e4dten Roms vermittelt.<\/p>\n\n\n\n<p>Gnaudschun treibt in seinen Fotografien die Frage nach dem Dasein um: \u201eOft entsteht im Portr\u00e4t zwischen mir und dem Gegen\u00fcber eine ungeahnte N\u00e4he. Etwas ist f\u00fcr einen Moment vorhanden, das ohne Sprache auskommt. Es geht darum, wer wir sind. In der Offenheit meines Gegen\u00fcbers sp\u00fcre ich das Dasein des anderen, wenn auch nur f\u00fcr kurze Augenblicke. Diese sind kostbar wie das Gl\u00fcck, auf das man sich nicht verlassen kann.\u201c<\/p>\n\n\n\n<p><strong>G\u00f6ran Gnaudschun,<\/strong> geboren 1971 in Potsdam, studierte von 1994-2003 an der Hochschule f\u00fcr Grafik und Buchkunst Leipzig bei Prof. Timm Rautert k\u00fcnstlerische Fotografie (Diplom) und Bildende Kunst (Meistersch\u00fcler). Er erhielt mehrere Stipendien und Auszeichnungen f\u00fcr seine Arbeiten, darunter 2013 das Arbeitsstipendium des Kunstfonds Bonn und 2018 den Brandenburgischen Kunstpreis. 2016-2017 war er Stipendiat der Deutschen Akademie Villa Massimo in Rom. Seit 2018 lehrt Gnaudschun an der Ostkreuzschule f\u00fcr Fotografie Berlin. Gro\u00dfe Aufmerksamkeit erlangte er 2014 mit seinem Buch \u201eAlexanderplatz\u201c, einer Arbeit \u00fcber junge, aus der Gesellschaft gefallene Menschen, \u00fcber das die <em>Neue Z\u00fcrcher Zeitung<\/em> schrieb: \u201eSo differenziert hat lange kein Fotograf (s)ein Thema behandelt.\u201c Seine Fotografien wurden in zahlreichen Einzel- und Gruppenausstellungen in Institutionen und Museen in Berlin, Hannover, Frankfurt, M\u00fcnchen, Paris, Riga, Rom und San Francisco gezeigt und befinden sich in verschiedenen \u00f6ffentlichen Sammlungen, u.a. in der Art Collection Deutsche B\u00f6rse, Frankfurt am Main, der Berlinischen Galerie \u2013 Museum f\u00fcr Moderne Kunst, Berlin, und dem Folkwang Museum Essen. G\u00f6ran Gnaudschun lebt und arbeitet in Potsdam.<\/p>\n","protected":false},"excerpt":{"rendered":"<p>\u201eAre You Happy?\u201c lautet der Titel der neuen Fotoserie von G\u00f6ran Gnaudschun, die jetzt in der Galerie Poll erstmals mit nahezu allen Motiven ausgestellt wird. Begonnen hat G\u00f6ran Gnaudschun die Arbeit 2017 w\u00e4hrend seines Villa Massimo-Stipendiums und bis 2019 f\u00fcr sie fotografiert. \u201eAre You Happy?\u201c spielt in der \u00f6stlichen Peripherie Roms, in Wohnquartieren, Industriegebieten und [&hellip;]<\/p>\n","protected":false},"author":1,"featured_media":0,"parent":29388,"menu_order":0,"comment_status":"closed","ping_status":"closed","template":"ausstellen-text.php","meta":{"_acf_changed":false,"footnotes":""},"class_list":["post-29390","page","type-page","status-publish","hentry"],"acf":[],"_links":{"self":[{"href":"https:\/\/poll-berlin.de\/galerie\/wp-json\/wp\/v2\/pages\/29390","targetHints":{"allow":["GET"]}}],"collection":[{"href":"https:\/\/poll-berlin.de\/galerie\/wp-json\/wp\/v2\/pages"}],"about":[{"href":"https:\/\/poll-berlin.de\/galerie\/wp-json\/wp\/v2\/types\/page"}],"author":[{"embeddable":true,"href":"https:\/\/poll-berlin.de\/galerie\/wp-json\/wp\/v2\/users\/1"}],"replies":[{"embeddable":true,"href":"https:\/\/poll-berlin.de\/galerie\/wp-json\/wp\/v2\/comments?post=29390"}],"version-history":[{"count":2,"href":"https:\/\/poll-berlin.de\/galerie\/wp-json\/wp\/v2\/pages\/29390\/revisions"}],"predecessor-version":[{"id":41697,"href":"https:\/\/poll-berlin.de\/galerie\/wp-json\/wp\/v2\/pages\/29390\/revisions\/41697"}],"up":[{"embeddable":true,"href":"https:\/\/poll-berlin.de\/galerie\/wp-json\/wp\/v2\/pages\/29388"}],"wp:attachment":[{"href":"https:\/\/poll-berlin.de\/galerie\/wp-json\/wp\/v2\/media?parent=29390"}],"curies":[{"name":"wp","href":"https:\/\/api.w.org\/{rel}","templated":true}]}}