{"id":28451,"date":"2022-11-24T00:07:21","date_gmt":"2022-11-23T23:07:21","guid":{"rendered":"https:\/\/poll-berlin.de\/galerie\/?page_id=28451"},"modified":"2022-11-24T00:07:22","modified_gmt":"2022-11-23T23:07:22","slug":"emerita-pansowova","status":"publish","type":"page","link":"https:\/\/poll-berlin.de\/galerie\/en\/other-artists\/emerita-pansowova\/","title":{"rendered":"Emerita Pansowov\u00e1"},"content":{"rendered":"","protected":false},"excerpt":{"rendered":"","protected":false},"author":2,"featured_media":0,"parent":24952,"menu_order":24,"comment_status":"closed","ping_status":"closed","template":"kuenstler.php","meta":{"_acf_changed":false,"footnotes":""},"class_list":["post-28451","page","type-page","status-publish","hentry"],"acf":{"photo_gallery":{"bilder":[[{"id":25825,"title":"","caption":"Emerita Pansowov\u00e1, Portr\u00e4t aus Colle Verde, 1994, Carrara Marmor, H\u00f6he 32 cm","full_image_url":"https:\/\/poll-berlin.de\/galerie\/wp-content\/uploads\/Pansowova_Colle_verde_mittel.jpg","thumbnail_image_url":"https:\/\/poll-berlin.de\/galerie\/wp-content\/uploads\/Pansowova_Colle_verde_mittel-150x150.jpg","large_srcset":"https:\/\/poll-berlin.de\/galerie\/wp-content\/uploads\/Pansowova_Colle_verde_mittel-800x1027.jpg 800w, https:\/\/poll-berlin.de\/galerie\/wp-content\/uploads\/Pansowova_Colle_verde_mittel-234x300.jpg 234w, https:\/\/poll-berlin.de\/galerie\/wp-content\/uploads\/Pansowova_Colle_verde_mittel-768x986.jpg 768w, https:\/\/poll-berlin.de\/galerie\/wp-content\/uploads\/Pansowova_Colle_verde_mittel.jpg 1168w","medium_srcset":"https:\/\/poll-berlin.de\/galerie\/wp-content\/uploads\/Pansowova_Colle_verde_mittel-234x300.jpg 234w, https:\/\/poll-berlin.de\/galerie\/wp-content\/uploads\/Pansowova_Colle_verde_mittel-800x1027.jpg 800w, https:\/\/poll-berlin.de\/galerie\/wp-content\/uploads\/Pansowova_Colle_verde_mittel-768x986.jpg 768w, https:\/\/poll-berlin.de\/galerie\/wp-content\/uploads\/Pansowova_Colle_verde_mittel.jpg 1168w","media_details":{"width":1168,"height":1500,"sizes":{"medium":{"file":"Pansowova_Colle_verde_mittel-234x300.jpg","width":234,"height":300,"mime-type":"image\/jpeg","source_url":"https:\/\/poll-berlin.de\/galerie\/wp-content\/uploads\/Pansowova_Colle_verde_mittel-234x300.jpg"},"large":{"file":"Pansowova_Colle_verde_mittel-800x1027.jpg","width":800,"height":1027,"mime-type":"image\/jpeg","source_url":"https:\/\/poll-berlin.de\/galerie\/wp-content\/uploads\/Pansowova_Colle_verde_mittel-800x1027.jpg"},"thumbnail":{"file":"Pansowova_Colle_verde_mittel-150x150.jpg","width":150,"height":150,"mime-type":"image\/jpeg","source_url":"https:\/\/poll-berlin.de\/galerie\/wp-content\/uploads\/Pansowova_Colle_verde_mittel-150x150.jpg"},"medium_large":{"file":"Pansowova_Colle_verde_mittel-768x986.jpg","width":768,"height":986,"mime-type":"image\/jpeg","source_url":"https:\/\/poll-berlin.de\/galerie\/wp-content\/uploads\/Pansowova_Colle_verde_mittel-768x986.jpg"}}},"alt_text":"","url":"","target":""},{"id":25824,"title":"Pansowova_an Gret Palucca_mittel","caption":"Emerita Pansowov\u00e1, an Gret Palucca, 1985, Bronze, H\u00f6he 45 cm","full_image_url":"https:\/\/poll-berlin.de\/galerie\/wp-content\/uploads\/Pansowova_an-Gret-Palucca_mittel.jpg","thumbnail_image_url":"https:\/\/poll-berlin.de\/galerie\/wp-content\/uploads\/Pansowova_an-Gret-Palucca_mittel-150x150.jpg","large_srcset":"https:\/\/poll-berlin.de\/galerie\/wp-content\/uploads\/Pansowova_an-Gret-Palucca_mittel-800x915.jpg 800w, https:\/\/poll-berlin.de\/galerie\/wp-content\/uploads\/Pansowova_an-Gret-Palucca_mittel-262x300.jpg 262w, https:\/\/poll-berlin.de\/galerie\/wp-content\/uploads\/Pansowova_an-Gret-Palucca_mittel-768x879.jpg 768w, https:\/\/poll-berlin.de\/galerie\/wp-content\/uploads\/Pansowova_an-Gret-Palucca_mittel.jpg 1311w","medium_srcset":"https:\/\/poll-berlin.de\/galerie\/wp-content\/uploads\/Pansowova_an-Gret-Palucca_mittel-262x300.jpg 262w, https:\/\/poll-berlin.de\/galerie\/wp-content\/uploads\/Pansowova_an-Gret-Palucca_mittel-800x915.jpg 800w, https:\/\/poll-berlin.de\/galerie\/wp-content\/uploads\/Pansowova_an-Gret-Palucca_mittel-768x879.jpg 768w, https:\/\/poll-berlin.de\/galerie\/wp-content\/uploads\/Pansowova_an-Gret-Palucca_mittel.jpg 1311w","media_details":{"width":1311,"height":1500,"sizes":{"medium":{"file":"Pansowova_an-Gret-Palucca_mittel-262x300.jpg","width":262,"height":300,"mime-type":"image\/jpeg","source_url":"https:\/\/poll-berlin.de\/galerie\/wp-content\/uploads\/Pansowova_an-Gret-Palucca_mittel-262x300.jpg"},"large":{"file":"Pansowova_an-Gret-Palucca_mittel-800x915.jpg","width":800,"height":915,"mime-type":"image\/jpeg","source_url":"https:\/\/poll-berlin.de\/galerie\/wp-content\/uploads\/Pansowova_an-Gret-Palucca_mittel-800x915.jpg"},"thumbnail":{"file":"Pansowova_an-Gret-Palucca_mittel-150x150.jpg","width":150,"height":150,"mime-type":"image\/jpeg","source_url":"https:\/\/poll-berlin.de\/galerie\/wp-content\/uploads\/Pansowova_an-Gret-Palucca_mittel-150x150.jpg"},"medium_large":{"file":"Pansowova_an-Gret-Palucca_mittel-768x879.jpg","width":768,"height":879,"mime-type":"image\/jpeg","source_url":"https:\/\/poll-berlin.de\/galerie\/wp-content\/uploads\/Pansowova_an-Gret-Palucca_mittel-768x879.jpg"}}},"alt_text":"","url":"","target":""}]]}},"_links":{"self":[{"href":"https:\/\/poll-berlin.de\/galerie\/wp-json\/wp\/v2\/pages\/28451","targetHints":{"allow":["GET"]}}],"collection":[{"href":"https:\/\/poll-berlin.de\/galerie\/wp-json\/wp\/v2\/pages"}],"about":[{"href":"https:\/\/poll-berlin.de\/galerie\/wp-json\/wp\/v2\/types\/page"}],"author":[{"embeddable":true,"href":"https:\/\/poll-berlin.de\/galerie\/wp-json\/wp\/v2\/users\/2"}],"replies":[{"embeddable":true,"href":"https:\/\/poll-berlin.de\/galerie\/wp-json\/wp\/v2\/comments?post=28451"}],"version-history":[{"count":1,"href":"https:\/\/poll-berlin.de\/galerie\/wp-json\/wp\/v2\/pages\/28451\/revisions"}],"predecessor-version":[{"id":28452,"href":"https:\/\/poll-berlin.de\/galerie\/wp-json\/wp\/v2\/pages\/28451\/revisions\/28452"}],"up":[{"embeddable":true,"href":"https:\/\/poll-berlin.de\/galerie\/wp-json\/wp\/v2\/pages\/24952"}],"wp:attachment":[{"href":"https:\/\/poll-berlin.de\/galerie\/wp-json\/wp\/v2\/media?parent=28451"}],"curies":[{"name":"wp","href":"https:\/\/api.w.org\/{rel}","templated":true}]}}