{"id":28382,"date":"2022-11-23T23:52:14","date_gmt":"2022-11-23T22:52:14","guid":{"rendered":"https:\/\/poll-berlin.de\/galerie\/?page_id=28382"},"modified":"2022-11-23T23:52:15","modified_gmt":"2022-11-23T22:52:15","slug":"maxim-kantor","status":"publish","type":"page","link":"https:\/\/poll-berlin.de\/galerie\/en\/other-artists\/maxim-kantor\/","title":{"rendered":"Maxim Kantor"},"content":{"rendered":"","protected":false},"excerpt":{"rendered":"","protected":false},"author":2,"featured_media":0,"parent":24952,"menu_order":15,"comment_status":"closed","ping_status":"closed","template":"kuenstler.php","meta":{"_acf_changed":false,"footnotes":""},"class_list":["post-28382","page","type-page","status-publish","hentry"],"acf":{"photo_gallery":{"bilder":[[{"id":4541,"title":"MK_Leidenschaft_1991","caption":"Maxim Kantor, Leidenschaft, 1991, \u00d6l auf Leinwand, 140 x 180 cm","full_image_url":"https:\/\/poll-berlin.de\/galerie\/wp-content\/uploads\/Kantor_Leidenschaft_web.jpg","thumbnail_image_url":"https:\/\/poll-berlin.de\/galerie\/wp-content\/uploads\/Kantor_Leidenschaft_web-150x150.jpg","large_srcset":"https:\/\/poll-berlin.de\/galerie\/wp-content\/uploads\/Kantor_Leidenschaft_web-800x617.jpg 800w, https:\/\/poll-berlin.de\/galerie\/wp-content\/uploads\/Kantor_Leidenschaft_web-300x231.jpg 300w, https:\/\/poll-berlin.de\/galerie\/wp-content\/uploads\/Kantor_Leidenschaft_web-768x592.jpg 768w, https:\/\/poll-berlin.de\/galerie\/wp-content\/uploads\/Kantor_Leidenschaft_web.jpg 1500w","medium_srcset":"https:\/\/poll-berlin.de\/galerie\/wp-content\/uploads\/Kantor_Leidenschaft_web-300x231.jpg 300w, https:\/\/poll-berlin.de\/galerie\/wp-content\/uploads\/Kantor_Leidenschaft_web-800x617.jpg 800w, https:\/\/poll-berlin.de\/galerie\/wp-content\/uploads\/Kantor_Leidenschaft_web-768x592.jpg 768w, https:\/\/poll-berlin.de\/galerie\/wp-content\/uploads\/Kantor_Leidenschaft_web.jpg 1500w","media_details":{"width":1500,"height":1156,"sizes":{"medium":{"file":"Kantor_Leidenschaft_web-300x231.jpg","width":300,"height":231,"mime-type":"image\/jpeg","source_url":"https:\/\/poll-berlin.de\/galerie\/wp-content\/uploads\/Kantor_Leidenschaft_web-300x231.jpg"},"large":{"file":"Kantor_Leidenschaft_web-800x617.jpg","width":800,"height":617,"mime-type":"image\/jpeg","source_url":"https:\/\/poll-berlin.de\/galerie\/wp-content\/uploads\/Kantor_Leidenschaft_web-800x617.jpg"},"thumbnail":{"file":"Kantor_Leidenschaft_web-150x150.jpg","width":150,"height":150,"mime-type":"image\/jpeg","source_url":"https:\/\/poll-berlin.de\/galerie\/wp-content\/uploads\/Kantor_Leidenschaft_web-150x150.jpg"},"medium_large":{"file":"Kantor_Leidenschaft_web-768x592.jpg","width":768,"height":592,"mime-type":"image\/jpeg","source_url":"https:\/\/poll-berlin.de\/galerie\/wp-content\/uploads\/Kantor_Leidenschaft_web-768x592.jpg"}}},"alt_text":"","url":"","target":""},{"id":4542,"title":"Kantor_Ecce Homo_web","caption":"Maxim Kantor, Ecce Homo, 1990, \u00d6l auf Leinwand, 200 x 110 cm","full_image_url":"https:\/\/poll-berlin.de\/galerie\/wp-content\/uploads\/Kantor_Ecce-Homo_web.jpg","thumbnail_image_url":"https:\/\/poll-berlin.de\/galerie\/wp-content\/uploads\/Kantor_Ecce-Homo_web-150x150.jpg","large_srcset":"https:\/\/poll-berlin.de\/galerie\/wp-content\/uploads\/Kantor_Ecce-Homo_web-649x1200.jpg 649w, https:\/\/poll-berlin.de\/galerie\/wp-content\/uploads\/Kantor_Ecce-Homo_web-162x300.jpg 162w, https:\/\/poll-berlin.de\/galerie\/wp-content\/uploads\/Kantor_Ecce-Homo_web-768x1420.jpg 768w, https:\/\/poll-berlin.de\/galerie\/wp-content\/uploads\/Kantor_Ecce-Homo_web.jpg 811w","medium_srcset":"https:\/\/poll-berlin.de\/galerie\/wp-content\/uploads\/Kantor_Ecce-Homo_web-162x300.jpg 162w, https:\/\/poll-berlin.de\/galerie\/wp-content\/uploads\/Kantor_Ecce-Homo_web-649x1200.jpg 649w, https:\/\/poll-berlin.de\/galerie\/wp-content\/uploads\/Kantor_Ecce-Homo_web-768x1420.jpg 768w, https:\/\/poll-berlin.de\/galerie\/wp-content\/uploads\/Kantor_Ecce-Homo_web.jpg 811w","media_details":{"width":811,"height":1500,"sizes":{"medium":{"file":"Kantor_Ecce-Homo_web-162x300.jpg","width":162,"height":300,"mime-type":"image\/jpeg","source_url":"https:\/\/poll-berlin.de\/galerie\/wp-content\/uploads\/Kantor_Ecce-Homo_web-162x300.jpg"},"large":{"file":"Kantor_Ecce-Homo_web-649x1200.jpg","width":649,"height":1200,"mime-type":"image\/jpeg","source_url":"https:\/\/poll-berlin.de\/galerie\/wp-content\/uploads\/Kantor_Ecce-Homo_web-649x1200.jpg"},"thumbnail":{"file":"Kantor_Ecce-Homo_web-150x150.jpg","width":150,"height":150,"mime-type":"image\/jpeg","source_url":"https:\/\/poll-berlin.de\/galerie\/wp-content\/uploads\/Kantor_Ecce-Homo_web-150x150.jpg"},"medium_large":{"file":"Kantor_Ecce-Homo_web-768x1420.jpg","width":768,"height":1420,"mime-type":"image\/jpeg","source_url":"https:\/\/poll-berlin.de\/galerie\/wp-content\/uploads\/Kantor_Ecce-Homo_web-768x1420.jpg"}}},"alt_text":"","url":"","target":""},{"id":4540,"title":"Kantor_Maxim_Zw\u00f6lf_1988_web","caption":"Maxim Kantor, Zw\u00f6lf, 1988, \u00d6l auf Leinwand, 200 x 400 cm","full_image_url":"https:\/\/poll-berlin.de\/galerie\/wp-content\/uploads\/Kantor_Maxim_Zwoelf_1988_web.jpg","thumbnail_image_url":"https:\/\/poll-berlin.de\/galerie\/wp-content\/uploads\/Kantor_Maxim_Zwoelf_1988_web-150x150.jpg","large_srcset":"https:\/\/poll-berlin.de\/galerie\/wp-content\/uploads\/Kantor_Maxim_Zwoelf_1988_web-800x387.jpg 800w, https:\/\/poll-berlin.de\/galerie\/wp-content\/uploads\/Kantor_Maxim_Zwoelf_1988_web-300x145.jpg 300w, https:\/\/poll-berlin.de\/galerie\/wp-content\/uploads\/Kantor_Maxim_Zwoelf_1988_web-768x371.jpg 768w, https:\/\/poll-berlin.de\/galerie\/wp-content\/uploads\/Kantor_Maxim_Zwoelf_1988_web.jpg 1500w","medium_srcset":"https:\/\/poll-berlin.de\/galerie\/wp-content\/uploads\/Kantor_Maxim_Zwoelf_1988_web-300x145.jpg 300w, https:\/\/poll-berlin.de\/galerie\/wp-content\/uploads\/Kantor_Maxim_Zwoelf_1988_web-800x387.jpg 800w, https:\/\/poll-berlin.de\/galerie\/wp-content\/uploads\/Kantor_Maxim_Zwoelf_1988_web-768x371.jpg 768w, https:\/\/poll-berlin.de\/galerie\/wp-content\/uploads\/Kantor_Maxim_Zwoelf_1988_web.jpg 1500w","media_details":{"width":1500,"height":725,"sizes":{"medium":{"file":"Kantor_Maxim_Zwoelf_1988_web-300x145.jpg","width":300,"height":145,"mime-type":"image\/jpeg","source_url":"https:\/\/poll-berlin.de\/galerie\/wp-content\/uploads\/Kantor_Maxim_Zwoelf_1988_web-300x145.jpg"},"large":{"file":"Kantor_Maxim_Zwoelf_1988_web-800x387.jpg","width":800,"height":387,"mime-type":"image\/jpeg","source_url":"https:\/\/poll-berlin.de\/galerie\/wp-content\/uploads\/Kantor_Maxim_Zwoelf_1988_web-800x387.jpg"},"thumbnail":{"file":"Kantor_Maxim_Zwoelf_1988_web-150x150.jpg","width":150,"height":150,"mime-type":"image\/jpeg","source_url":"https:\/\/poll-berlin.de\/galerie\/wp-content\/uploads\/Kantor_Maxim_Zwoelf_1988_web-150x150.jpg"},"medium_large":{"file":"Kantor_Maxim_Zwoelf_1988_web-768x371.jpg","width":768,"height":371,"mime-type":"image\/jpeg","source_url":"https:\/\/poll-berlin.de\/galerie\/wp-content\/uploads\/Kantor_Maxim_Zwoelf_1988_web-768x371.jpg"}}},"alt_text":"","url":"","target":""}]]}},"_links":{"self":[{"href":"https:\/\/poll-berlin.de\/galerie\/wp-json\/wp\/v2\/pages\/28382","targetHints":{"allow":["GET"]}}],"collection":[{"href":"https:\/\/poll-berlin.de\/galerie\/wp-json\/wp\/v2\/pages"}],"about":[{"href":"https:\/\/poll-berlin.de\/galerie\/wp-json\/wp\/v2\/types\/page"}],"author":[{"embeddable":true,"href":"https:\/\/poll-berlin.de\/galerie\/wp-json\/wp\/v2\/users\/2"}],"replies":[{"embeddable":true,"href":"https:\/\/poll-berlin.de\/galerie\/wp-json\/wp\/v2\/comments?post=28382"}],"version-history":[{"count":1,"href":"https:\/\/poll-berlin.de\/galerie\/wp-json\/wp\/v2\/pages\/28382\/revisions"}],"predecessor-version":[{"id":28383,"href":"https:\/\/poll-berlin.de\/galerie\/wp-json\/wp\/v2\/pages\/28382\/revisions\/28383"}],"up":[{"embeddable":true,"href":"https:\/\/poll-berlin.de\/galerie\/wp-json\/wp\/v2\/pages\/24952"}],"wp:attachment":[{"href":"https:\/\/poll-berlin.de\/galerie\/wp-json\/wp\/v2\/media?parent=28382"}],"curies":[{"name":"wp","href":"https:\/\/api.w.org\/{rel}","templated":true}]}}