{"id":28280,"date":"2023-09-28T12:08:10","date_gmt":"2023-09-28T10:08:10","guid":{"rendered":"https:\/\/poll-berlin.de\/galerie\/?page_id=28280"},"modified":"2025-07-29T16:58:59","modified_gmt":"2025-07-29T14:58:59","slug":"exhibitions","status":"publish","type":"page","link":"https:\/\/poll-berlin.de\/galerie\/en\/other-artists\/ulrich-baehr\/exhibitions\/","title":{"rendered":"Exhibitions"},"content":{"rendered":"\n<p><strong>Solo exhibitions (selection)<\/strong><\/p>\n\n\n\n<div style=\"height:10px\" aria-hidden=\"true\" class=\"wp-block-spacer\"><\/div>\n\n\n\n<figure class=\"wp-block-table\"><table><tbody><tr><td>2024<\/td><td>Kunsthaus Potsdam<\/td><\/tr><tr><td>2023<\/td><td>Kunstplatz Lychen (with Heinz Bert Dreckmann)<\/td><\/tr><tr><td>2018-2019<\/td><td>Ribbeck Castle Museum<br>L\u00fcbben Castle Museum<br>Doberlug Castle Museum<\/td><\/tr><tr><td>2018<\/td><td>Kunstplatz Lychen<br>K\u00f6ppe Contemporary, Berlin<br>National Museum of Fine Arts, Chi\u0219in\u0103u (Moldova)<\/td><\/tr><tr><td>2016<\/td><td>K\u00fcnstlerhof Roofensee, Menz<\/td><\/tr><tr><td>2014<\/td><td>Kunststiftung Poll, Berlin<\/td><\/tr><tr><td>2011<\/td><td>Communal Gallery Berlin<\/td><\/tr><tr><td>2010<\/td><td>Galerie am Savignyplatz, Berlin<br>Romanesque House Museum, Bad K\u00f6sen<br>German Federal Foundation for the Environment, Osnabr\u00fcck<br>Dominican Church Kunsthalle, Osnabr\u00fcck<\/td><\/tr><tr><td>2008-2009<\/td><td>Kunsthaus Potsdam<\/td><\/tr><tr><td>2006<\/td><td>Emsdetten Art Association<\/td><\/tr><tr><td>2005<\/td><td>St. Matthew&#8217;s Church, Berlin<\/td><\/tr><tr><td>2003<\/td><td>Nord\/LB art gallery, Hanover<\/td><\/tr><tr><td>2002<\/td><td>KUBUS Municipal Gallery, Hanover<\/td><\/tr><tr><td>1999<\/td><td>Schering Art Association, Berlin<\/td><\/tr><tr><td>1995<\/td><td>Galerie Eva Poll, Berlin<br>Senate for Construction and Housing, Berlin<\/td><\/tr><tr><td>1991<\/td><td>Galerie Eva Poll, Berlin<\/td><\/tr><tr><td>1990<\/td><td>Goethe-Institut Algiers<\/td><\/tr><tr><td>1988<\/td><td>Galerie am Savignyplatz, Berlin<br>Staatliche Kunsthalle Berlin<\/td><\/tr><tr><td>1986<\/td><td>G\u00f6ttingen City Museum<\/td><\/tr><tr><td>1982<\/td><td>Haus am Waldsee, Berlin<\/td><\/tr><tr><td>1981<\/td><td>P.S.1, New York City<\/td><\/tr><tr><td>1977-1978<\/td><td>K\u00fcnstlerhaus Bethanien, Berlin<br>Kunstverein in Hamburg<br>Kunstschau B\u00f6ttcherstra\u00dfe, Bremen<\/td><\/tr><tr><td>1975<\/td><td>Galerie am Savignyplatz, Berlin<\/td><\/tr><tr><td>1971<\/td><td>Galerie Eva Poll, Berlin<br>Galerie Werkstatt, Bremen<\/td><\/tr><tr><td>1968<\/td><td>Museum of Cultural History, Osnabr\u00fcck<\/td><\/tr><tr><td>1966<\/td><td>Galerie Tobies &amp; Silex, Cologne<\/td><\/tr><tr><td>1964<\/td><td>Gro\u00dfg\u00f6rschen 35, Berlin<\/td><\/tr><\/tbody><\/table><\/figure>\n\n\n\n<div style=\"height:10px\" aria-hidden=\"true\" class=\"wp-block-spacer\"><\/div>\n\n\n\n<p><strong>Group exhibitions (selection)<\/strong><\/p>\n\n\n\n<div style=\"height:10px\" aria-hidden=\"true\" class=\"wp-block-spacer\"><\/div>\n\n\n\n<figure class=\"wp-block-table\"><table><tbody><tr><td>2019<\/td><td>Galerie Poll, Berlin<\/td><\/tr><tr><td>2018<\/td><td>Kunstkreis Hameln<br>Ludwig Forum for International Art, Aachen<\/td><\/tr><tr><td>2017<\/td><td>Latvian National Museum of Art, Riga<\/td><\/tr><tr><td>2015<\/td><td>Kunsthalle Jesuitenkirche, Aschaffenburg<\/td><\/tr><tr><td>2014<\/td><td>Haus am Kleistpark, Berlin<br>Museum of Contemporary Art &#8211; Hurrle Collection, Durbach<\/td><\/tr><tr><td>2012<\/td><td>Heilbronn Municipal Museums<\/td><\/tr><tr><td>2010<\/td><td>Galerie Pankow, Berlin<br>German Historical Museum, Berlin<br>Communal Gallery Berlin<\/td><\/tr><tr><td>2009<\/td><td>Los Angeles County Museum of Art<br>New Berlin Art Association (NBK)<\/td><\/tr><tr><td>2008<\/td><td>Galerie Eva Poll, Berlin<\/td><\/tr><tr><td>2006<\/td><td>Berlin City Museum<br>Martin-Gropius-Bau, Berlin<\/td><\/tr><tr><td>2005<\/td><td>Galerie Eva Poll, Berlin<\/td><\/tr><tr><td>2001<\/td><td>Palatinate Museum, Heidelberg<\/td><\/tr><tr><td>1998<\/td><td>Willy Brandt House, Berlin<br>Galerie Eva Poll, Berlin<\/td><\/tr><tr><td>1990<\/td><td>Galerie Eva Poll, Berlin<br>Academy of Fine Arts Leipzig<\/td><\/tr><tr><td>1988<\/td><td>Martin-Gropius-Bau, Berlin<\/td><\/tr><tr><td>1982<\/td><td>Kassel Art Association<br>40th Venice Biennale<\/td><\/tr><tr><td>1980<\/td><td>Staatliche Kunsthalle Berlin<\/td><\/tr><tr><td>1978<\/td><td>Institute of Contemporary Arts, London<\/td><\/tr><tr><td>1977<\/td><td>New School for Social Research, New York City<\/td><\/tr><tr><td>1974<\/td><td>X. Biennale Internationale d&#8217;Art, Menton<br>Galerie Arte Arena, Zurich and Lausanne<\/td><\/tr><tr><td>1973<\/td><td>Old Museum of the Berlin State Museums<br>\u201cNeue Berliner Realisten\u201c, Touring exhibition<\/td><\/tr><tr><td>1971<\/td><td>Galerie Eva Poll, Berlin<\/td><\/tr><tr><td>1969<\/td><td>\u201cJeunes Peintres de Berlin\u201c , Touring exhibition<br>Kunsthalle Budapest<\/td><\/tr><tr><td>1968<\/td><td>\u201cDeutsche Grafik seit 45\u201c, Goethe-Institut Brazil<\/td><\/tr><tr><td>1967<\/td><td>\u201cNeuer Realismus\u201c, Touring exhibition<\/td><\/tr><tr><td>1966<\/td><td>\u201cArte contempor\u00e1neo alem\u00e1n\u201c, Mexico City<br>Marcher Museum Witten<\/td><\/tr><\/tbody><\/table><\/figure>\n","protected":false},"excerpt":{"rendered":"<p>Solo exhibitions (selection) 2024 Kunsthaus Potsdam 2023 Kunstplatz Lychen (with Heinz Bert Dreckmann) 2018-2019 Ribbeck Castle MuseumL\u00fcbben Castle MuseumDoberlug Castle Museum 2018 Kunstplatz LychenK\u00f6ppe Contemporary, BerlinNational Museum of Fine Arts, Chi\u0219in\u0103u (Moldova) 2016 K\u00fcnstlerhof Roofensee, Menz 2014 Kunststiftung Poll, Berlin 2011 Communal Gallery Berlin 2010 Galerie am Savignyplatz, BerlinRomanesque House Museum, Bad K\u00f6senGerman Federal Foundation [&hellip;]<\/p>\n","protected":false},"author":1,"featured_media":0,"parent":28275,"menu_order":1,"comment_status":"closed","ping_status":"closed","template":"kuenstler-text.php","meta":{"_acf_changed":false,"footnotes":""},"class_list":["post-28280","page","type-page","status-publish","hentry"],"acf":[],"_links":{"self":[{"href":"https:\/\/poll-berlin.de\/galerie\/wp-json\/wp\/v2\/pages\/28280","targetHints":{"allow":["GET"]}}],"collection":[{"href":"https:\/\/poll-berlin.de\/galerie\/wp-json\/wp\/v2\/pages"}],"about":[{"href":"https:\/\/poll-berlin.de\/galerie\/wp-json\/wp\/v2\/types\/page"}],"author":[{"embeddable":true,"href":"https:\/\/poll-berlin.de\/galerie\/wp-json\/wp\/v2\/users\/1"}],"replies":[{"embeddable":true,"href":"https:\/\/poll-berlin.de\/galerie\/wp-json\/wp\/v2\/comments?post=28280"}],"version-history":[{"count":8,"href":"https:\/\/poll-berlin.de\/galerie\/wp-json\/wp\/v2\/pages\/28280\/revisions"}],"predecessor-version":[{"id":43760,"href":"https:\/\/poll-berlin.de\/galerie\/wp-json\/wp\/v2\/pages\/28280\/revisions\/43760"}],"up":[{"embeddable":true,"href":"https:\/\/poll-berlin.de\/galerie\/wp-json\/wp\/v2\/pages\/28275"}],"wp:attachment":[{"href":"https:\/\/poll-berlin.de\/galerie\/wp-json\/wp\/v2\/media?parent=28280"}],"curies":[{"name":"wp","href":"https:\/\/api.w.org\/{rel}","templated":true}]}}

<p><strong>Solo exhibitions (selection)</strong></p>



<div style="height:10px" aria-hidden="true" class="wp-block-spacer"></div>



<figure class="wp-block-table"><table><tbody><tr><td>2024</td><td>Kunsthaus Potsdam</td></tr><tr><td>2023</td><td>Kunstplatz Lychen (with Heinz Bert Dreckmann)</td></tr><tr><td>2018-2019</td><td>Ribbeck Castle Museum<br>Lübben Castle Museum<br>Doberlug Castle Museum</td></tr><tr><td>2018</td><td>Kunstplatz Lychen<br>Köppe Contemporary, Berlin<br>National Museum of Fine Arts, Chișinău (Moldova)</td></tr><tr><td>2016</td><td>Künstlerhof Roofensee, Menz</td></tr><tr><td>2014</td><td>Kunststiftung Poll, Berlin</td></tr><tr><td>2011</td><td>Communal Gallery Berlin</td></tr><tr><td>2010</td><td>Galerie am Savignyplatz, Berlin<br>Romanesque House Museum, Bad Kösen<br>German Federal Foundation for the Environment, Osnabrück<br>Dominican Church Kunsthalle, Osnabrück</td></tr><tr><td>2008-2009</td><td>Kunsthaus Potsdam</td></tr><tr><td>2006</td><td>Emsdetten Art Association</td></tr><tr><td>2005</td><td>St. Matthew&#8217;s Church, Berlin</td></tr><tr><td>2003</td><td>Nord/LB art gallery, Hanover</td></tr><tr><td>2002</td><td>KUBUS Municipal Gallery, Hanover</td></tr><tr><td>1999</td><td>Schering Art Association, Berlin</td></tr><tr><td>1995</td><td>Galerie Eva Poll, Berlin<br>Senate for Construction and Housing, Berlin</td></tr><tr><td>1991</td><td>Galerie Eva Poll, Berlin</td></tr><tr><td>1990</td><td>Goethe-Institut Algiers</td></tr><tr><td>1988</td><td>Galerie am Savignyplatz, Berlin<br>Staatliche Kunsthalle Berlin</td></tr><tr><td>1986</td><td>Göttingen City Museum</td></tr><tr><td>1982</td><td>Haus am Waldsee, Berlin</td></tr><tr><td>1981</td><td>P.S.1, New York City</td></tr><tr><td>1977-1978</td><td>Künstlerhaus Bethanien, Berlin<br>Kunstverein in Hamburg<br>Kunstschau Böttcherstraße, Bremen</td></tr><tr><td>1975</td><td>Galerie am Savignyplatz, Berlin</td></tr><tr><td>1971</td><td>Galerie Eva Poll, Berlin<br>Galerie Werkstatt, Bremen</td></tr><tr><td>1968</td><td>Museum of Cultural History, Osnabrück</td></tr><tr><td>1966</td><td>Galerie Tobies &amp; Silex, Cologne</td></tr><tr><td>1964</td><td>Großgörschen 35, Berlin</td></tr></tbody></table></figure>



<div style="height:10px" aria-hidden="true" class="wp-block-spacer"></div>



<p><strong>Group exhibitions (selection)</strong></p>



<div style="height:10px" aria-hidden="true" class="wp-block-spacer"></div>



<figure class="wp-block-table"><table><tbody><tr><td>2019</td><td>Galerie Poll, Berlin</td></tr><tr><td>2018</td><td>Kunstkreis Hameln<br>Ludwig Forum for International Art, Aachen</td></tr><tr><td>2017</td><td>Latvian National Museum of Art, Riga</td></tr><tr><td>2015</td><td>Kunsthalle Jesuitenkirche, Aschaffenburg</td></tr><tr><td>2014</td><td>Haus am Kleistpark, Berlin<br>Museum of Contemporary Art &#8211; Hurrle Collection, Durbach</td></tr><tr><td>2012</td><td>Heilbronn Municipal Museums</td></tr><tr><td>2010</td><td>Galerie Pankow, Berlin<br>German Historical Museum, Berlin<br>Communal Gallery Berlin</td></tr><tr><td>2009</td><td>Los Angeles County Museum of Art<br>New Berlin Art Association (NBK)</td></tr><tr><td>2008</td><td>Galerie Eva Poll, Berlin</td></tr><tr><td>2006</td><td>Berlin City Museum<br>Martin-Gropius-Bau, Berlin</td></tr><tr><td>2005</td><td>Galerie Eva Poll, Berlin</td></tr><tr><td>2001</td><td>Palatinate Museum, Heidelberg</td></tr><tr><td>1998</td><td>Willy Brandt House, Berlin<br>Galerie Eva Poll, Berlin</td></tr><tr><td>1990</td><td>Galerie Eva Poll, Berlin<br>Academy of Fine Arts Leipzig</td></tr><tr><td>1988</td><td>Martin-Gropius-Bau, Berlin</td></tr><tr><td>1982</td><td>Kassel Art Association<br>40th Venice Biennale</td></tr><tr><td>1980</td><td>Staatliche Kunsthalle Berlin</td></tr><tr><td>1978</td><td>Institute of Contemporary Arts, London</td></tr><tr><td>1977</td><td>New School for Social Research, New York City</td></tr><tr><td>1974</td><td>X. Biennale Internationale d&#8217;Art, Menton<br>Galerie Arte Arena, Zurich and Lausanne</td></tr><tr><td>1973</td><td>Old Museum of the Berlin State Museums<br>“Neue Berliner Realisten“, Touring exhibition</td></tr><tr><td>1971</td><td>Galerie Eva Poll, Berlin</td></tr><tr><td>1969</td><td>“Jeunes Peintres de Berlin“ , Touring exhibition<br>Kunsthalle Budapest</td></tr><tr><td>1968</td><td>“Deutsche Grafik seit 45“, Goethe-Institut Brazil</td></tr><tr><td>1967</td><td>“Neuer Realismus“, Touring exhibition</td></tr><tr><td>1966</td><td>“Arte contemporáneo alemán“, Mexico City<br>Marcher Museum Witten</td></tr></tbody></table></figure>

<p>Solo exhibitions (selection) 2024 Kunsthaus Potsdam 2023 Kunstplatz Lychen (with Heinz Bert Dreckmann) 2018-2019 Ribbeck Castle MuseumLübben Castle MuseumDoberlug Castle Museum 2018 Kunstplatz LychenKöppe Contemporary, BerlinNational Museum of Fine Arts, Chișinău (Moldova) 2016 Künstlerhof Roofensee, Menz 2014 Kunststiftung Poll, Berlin 2011 Communal Gallery Berlin 2010 Galerie am Savignyplatz, BerlinRomanesque House Museum, Bad KösenGerman Federal Foundation [&hellip;]</p>
