{"id":28115,"date":"2022-11-23T17:32:29","date_gmt":"2022-11-23T16:32:29","guid":{"rendered":"https:\/\/poll-berlin.de\/galerie\/?page_id=28115"},"modified":"2024-02-14T18:22:47","modified_gmt":"2024-02-14T17:22:47","slug":"herbert-kaufmann","status":"publish","type":"page","link":"https:\/\/poll-berlin.de\/galerie\/en\/gallery-artists\/herbert-kaufmann\/","title":{"rendered":"Herbert Kaufmann"},"content":{"rendered":"","protected":false},"excerpt":{"rendered":"","protected":false},"author":2,"featured_media":0,"parent":4703,"menu_order":13,"comment_status":"closed","ping_status":"closed","template":"kuenstler.php","meta":{"_acf_changed":false,"footnotes":""},"class_list":["post-28115","page","type-page","status-publish","hentry"],"acf":{"photo_gallery":{"bilder":[[{"id":36209,"title":"HK_ohne Titel_1968","caption":"Herbert Kaufmann, Untitled, 1968, collage on paper, 40 x 52 cm","full_image_url":"https:\/\/poll-berlin.de\/galerie\/wp-content\/uploads\/HK_ohne-Titel_1968.jpg","thumbnail_image_url":"https:\/\/poll-berlin.de\/galerie\/wp-content\/uploads\/HK_ohne-Titel_1968-150x150.jpg","large_srcset":"https:\/\/poll-berlin.de\/galerie\/wp-content\/uploads\/HK_ohne-Titel_1968-800x622.jpg 800w, https:\/\/poll-berlin.de\/galerie\/wp-content\/uploads\/HK_ohne-Titel_1968-300x233.jpg 300w, https:\/\/poll-berlin.de\/galerie\/wp-content\/uploads\/HK_ohne-Titel_1968-768x597.jpg 768w, https:\/\/poll-berlin.de\/galerie\/wp-content\/uploads\/HK_ohne-Titel_1968.jpg 1500w","medium_srcset":"https:\/\/poll-berlin.de\/galerie\/wp-content\/uploads\/HK_ohne-Titel_1968-300x233.jpg 300w, https:\/\/poll-berlin.de\/galerie\/wp-content\/uploads\/HK_ohne-Titel_1968-800x622.jpg 800w, https:\/\/poll-berlin.de\/galerie\/wp-content\/uploads\/HK_ohne-Titel_1968-768x597.jpg 768w, https:\/\/poll-berlin.de\/galerie\/wp-content\/uploads\/HK_ohne-Titel_1968.jpg 1500w","media_details":{"width":1500,"height":1166,"sizes":{"medium":{"file":"HK_ohne-Titel_1968-300x233.jpg","width":300,"height":233,"mime-type":"image\/jpeg","filesize":14496,"source_url":"https:\/\/poll-berlin.de\/galerie\/wp-content\/uploads\/HK_ohne-Titel_1968-300x233.jpg"},"large":{"file":"HK_ohne-Titel_1968-800x622.jpg","width":800,"height":622,"mime-type":"image\/jpeg","filesize":80079,"source_url":"https:\/\/poll-berlin.de\/galerie\/wp-content\/uploads\/HK_ohne-Titel_1968-800x622.jpg"},"thumbnail":{"file":"HK_ohne-Titel_1968-150x150.jpg","width":150,"height":150,"mime-type":"image\/jpeg","filesize":6351,"source_url":"https:\/\/poll-berlin.de\/galerie\/wp-content\/uploads\/HK_ohne-Titel_1968-150x150.jpg"},"medium_large":{"file":"HK_ohne-Titel_1968-768x597.jpg","width":768,"height":597,"mime-type":"image\/jpeg","filesize":74180,"source_url":"https:\/\/poll-berlin.de\/galerie\/wp-content\/uploads\/HK_ohne-Titel_1968-768x597.jpg"}}},"alt_text":"","url":"","target":""},{"id":36208,"title":"HK_Berliner Brief_1968","caption":"Herbert Kaufmann, Berlin Letter, 1968, collage on paper, 40 x 52 cm","full_image_url":"https:\/\/poll-berlin.de\/galerie\/wp-content\/uploads\/HK_Berliner-Brief_1968.jpg","thumbnail_image_url":"https:\/\/poll-berlin.de\/galerie\/wp-content\/uploads\/HK_Berliner-Brief_1968-150x150.jpg","large_srcset":"https:\/\/poll-berlin.de\/galerie\/wp-content\/uploads\/HK_Berliner-Brief_1968-800x622.jpg 800w, https:\/\/poll-berlin.de\/galerie\/wp-content\/uploads\/HK_Berliner-Brief_1968-300x233.jpg 300w, https:\/\/poll-berlin.de\/galerie\/wp-content\/uploads\/HK_Berliner-Brief_1968-768x597.jpg 768w, https:\/\/poll-berlin.de\/galerie\/wp-content\/uploads\/HK_Berliner-Brief_1968.jpg 1500w","medium_srcset":"https:\/\/poll-berlin.de\/galerie\/wp-content\/uploads\/HK_Berliner-Brief_1968-300x233.jpg 300w, https:\/\/poll-berlin.de\/galerie\/wp-content\/uploads\/HK_Berliner-Brief_1968-800x622.jpg 800w, https:\/\/poll-berlin.de\/galerie\/wp-content\/uploads\/HK_Berliner-Brief_1968-768x597.jpg 768w, https:\/\/poll-berlin.de\/galerie\/wp-content\/uploads\/HK_Berliner-Brief_1968.jpg 1500w","media_details":{"width":1500,"height":1166,"sizes":{"medium":{"file":"HK_Berliner-Brief_1968-300x233.jpg","width":300,"height":233,"mime-type":"image\/jpeg","filesize":17452,"source_url":"https:\/\/poll-berlin.de\/galerie\/wp-content\/uploads\/HK_Berliner-Brief_1968-300x233.jpg"},"large":{"file":"HK_Berliner-Brief_1968-800x622.jpg","width":800,"height":622,"mime-type":"image\/jpeg","filesize":95826,"source_url":"https:\/\/poll-berlin.de\/galerie\/wp-content\/uploads\/HK_Berliner-Brief_1968-800x622.jpg"},"thumbnail":{"file":"HK_Berliner-Brief_1968-150x150.jpg","width":150,"height":150,"mime-type":"image\/jpeg","filesize":6819,"source_url":"https:\/\/poll-berlin.de\/galerie\/wp-content\/uploads\/HK_Berliner-Brief_1968-150x150.jpg"},"medium_large":{"file":"HK_Berliner-Brief_1968-768x597.jpg","width":768,"height":597,"mime-type":"image\/jpeg","filesize":89296,"source_url":"https:\/\/poll-berlin.de\/galerie\/wp-content\/uploads\/HK_Berliner-Brief_1968-768x597.jpg"}}},"alt_text":"","url":"","target":""},{"id":1973,"title":"","caption":"Herbert Kaufmann, Hommage \u00e0 Litfa\u00df, 1968, \u00d6l auf Holz, 230 x 75 cm","full_image_url":"https:\/\/poll-berlin.de\/galerie\/wp-content\/uploads\/HK_Hommage-a-Litfass_1968_1500Px.jpg","thumbnail_image_url":"https:\/\/poll-berlin.de\/galerie\/wp-content\/uploads\/HK_Hommage-a-Litfass_1968_1500Px-150x150.jpg","large_srcset":"https:\/\/poll-berlin.de\/galerie\/wp-content\/uploads\/HK_Hommage-a-Litfass_1968_1500Px-577x1200.jpg 577w, https:\/\/poll-berlin.de\/galerie\/wp-content\/uploads\/HK_Hommage-a-Litfass_1968_1500Px-144x300.jpg 144w, https:\/\/poll-berlin.de\/galerie\/wp-content\/uploads\/HK_Hommage-a-Litfass_1968_1500Px.jpg 721w","medium_srcset":"https:\/\/poll-berlin.de\/galerie\/wp-content\/uploads\/HK_Hommage-a-Litfass_1968_1500Px-144x300.jpg 144w, https:\/\/poll-berlin.de\/galerie\/wp-content\/uploads\/HK_Hommage-a-Litfass_1968_1500Px-577x1200.jpg 577w, https:\/\/poll-berlin.de\/galerie\/wp-content\/uploads\/HK_Hommage-a-Litfass_1968_1500Px.jpg 721w","media_details":{"width":721,"height":1500,"sizes":{"medium":{"file":"HK_Hommage-a-Litfass_1968_1500Px-144x300.jpg","width":144,"height":300,"mime-type":"image\/jpeg","source_url":"https:\/\/poll-berlin.de\/galerie\/wp-content\/uploads\/HK_Hommage-a-Litfass_1968_1500Px-144x300.jpg"},"large":{"file":"HK_Hommage-a-Litfass_1968_1500Px-577x1200.jpg","width":577,"height":1200,"mime-type":"image\/jpeg","source_url":"https:\/\/poll-berlin.de\/galerie\/wp-content\/uploads\/HK_Hommage-a-Litfass_1968_1500Px-577x1200.jpg"},"thumbnail":{"file":"HK_Hommage-a-Litfass_1968_1500Px-150x150.jpg","width":150,"height":150,"mime-type":"image\/jpeg","source_url":"https:\/\/poll-berlin.de\/galerie\/wp-content\/uploads\/HK_Hommage-a-Litfass_1968_1500Px-150x150.jpg"}}},"alt_text":"","url":"","target":""},{"id":36212,"title":"HK_Life_1966","caption":"Herbert Kaufmann, Life, 1966, collage on paper, 40 x 52 cm","full_image_url":"https:\/\/poll-berlin.de\/galerie\/wp-content\/uploads\/HK_Life_1966-1.jpg","thumbnail_image_url":"https:\/\/poll-berlin.de\/galerie\/wp-content\/uploads\/HK_Life_1966-1-150x150.jpg","large_srcset":"https:\/\/poll-berlin.de\/galerie\/wp-content\/uploads\/HK_Life_1966-1-800x615.jpg 800w, https:\/\/poll-berlin.de\/galerie\/wp-content\/uploads\/HK_Life_1966-1-300x231.jpg 300w, https:\/\/poll-berlin.de\/galerie\/wp-content\/uploads\/HK_Life_1966-1-768x590.jpg 768w, https:\/\/poll-berlin.de\/galerie\/wp-content\/uploads\/HK_Life_1966-1.jpg 1500w","medium_srcset":"https:\/\/poll-berlin.de\/galerie\/wp-content\/uploads\/HK_Life_1966-1-300x231.jpg 300w, https:\/\/poll-berlin.de\/galerie\/wp-content\/uploads\/HK_Life_1966-1-800x615.jpg 800w, https:\/\/poll-berlin.de\/galerie\/wp-content\/uploads\/HK_Life_1966-1-768x590.jpg 768w, https:\/\/poll-berlin.de\/galerie\/wp-content\/uploads\/HK_Life_1966-1.jpg 1500w","media_details":{"width":1500,"height":1153,"sizes":{"medium":{"file":"HK_Life_1966-1-300x231.jpg","width":300,"height":231,"mime-type":"image\/jpeg","filesize":16446,"source_url":"https:\/\/poll-berlin.de\/galerie\/wp-content\/uploads\/HK_Life_1966-1-300x231.jpg"},"large":{"file":"HK_Life_1966-1-800x615.jpg","width":800,"height":615,"mime-type":"image\/jpeg","filesize":98674,"source_url":"https:\/\/poll-berlin.de\/galerie\/wp-content\/uploads\/HK_Life_1966-1-800x615.jpg"},"thumbnail":{"file":"HK_Life_1966-1-150x150.jpg","width":150,"height":150,"mime-type":"image\/jpeg","filesize":7059,"source_url":"https:\/\/poll-berlin.de\/galerie\/wp-content\/uploads\/HK_Life_1966-1-150x150.jpg"},"medium_large":{"file":"HK_Life_1966-1-768x590.jpg","width":768,"height":590,"mime-type":"image\/jpeg","filesize":91933,"source_url":"https:\/\/poll-berlin.de\/galerie\/wp-content\/uploads\/HK_Life_1966-1-768x590.jpg"}}},"alt_text":"","url":"","target":""},{"id":36213,"title":"HK_Mit Sternzeichen_1966","caption":"Herbert Kaufmann, With star sign, 1966, collage on paper, 40 x 52 cm","full_image_url":"https:\/\/poll-berlin.de\/galerie\/wp-content\/uploads\/HK_Mit-Sternzeichen_1966-1.jpg","thumbnail_image_url":"https:\/\/poll-berlin.de\/galerie\/wp-content\/uploads\/HK_Mit-Sternzeichen_1966-1-150x150.jpg","large_srcset":"https:\/\/poll-berlin.de\/galerie\/wp-content\/uploads\/HK_Mit-Sternzeichen_1966-1-800x619.jpg 800w, https:\/\/poll-berlin.de\/galerie\/wp-content\/uploads\/HK_Mit-Sternzeichen_1966-1-300x232.jpg 300w, https:\/\/poll-berlin.de\/galerie\/wp-content\/uploads\/HK_Mit-Sternzeichen_1966-1-768x594.jpg 768w, https:\/\/poll-berlin.de\/galerie\/wp-content\/uploads\/HK_Mit-Sternzeichen_1966-1.jpg 1346w","medium_srcset":"https:\/\/poll-berlin.de\/galerie\/wp-content\/uploads\/HK_Mit-Sternzeichen_1966-1-300x232.jpg 300w, https:\/\/poll-berlin.de\/galerie\/wp-content\/uploads\/HK_Mit-Sternzeichen_1966-1-800x619.jpg 800w, https:\/\/poll-berlin.de\/galerie\/wp-content\/uploads\/HK_Mit-Sternzeichen_1966-1-768x594.jpg 768w, https:\/\/poll-berlin.de\/galerie\/wp-content\/uploads\/HK_Mit-Sternzeichen_1966-1.jpg 1346w","media_details":{"width":1346,"height":1041,"sizes":{"medium":{"file":"HK_Mit-Sternzeichen_1966-1-300x232.jpg","width":300,"height":232,"mime-type":"image\/jpeg","filesize":13568,"source_url":"https:\/\/poll-berlin.de\/galerie\/wp-content\/uploads\/HK_Mit-Sternzeichen_1966-1-300x232.jpg"},"large":{"file":"HK_Mit-Sternzeichen_1966-1-800x619.jpg","width":800,"height":619,"mime-type":"image\/jpeg","filesize":76293,"source_url":"https:\/\/poll-berlin.de\/galerie\/wp-content\/uploads\/HK_Mit-Sternzeichen_1966-1-800x619.jpg"},"thumbnail":{"file":"HK_Mit-Sternzeichen_1966-1-150x150.jpg","width":150,"height":150,"mime-type":"image\/jpeg","filesize":5803,"source_url":"https:\/\/poll-berlin.de\/galerie\/wp-content\/uploads\/HK_Mit-Sternzeichen_1966-1-150x150.jpg"},"medium_large":{"file":"HK_Mit-Sternzeichen_1966-1-768x594.jpg","width":768,"height":594,"mime-type":"image\/jpeg","filesize":70120,"source_url":"https:\/\/poll-berlin.de\/galerie\/wp-content\/uploads\/HK_Mit-Sternzeichen_1966-1-768x594.jpg"}}},"alt_text":"","url":"","target":""},{"id":36207,"title":"HK_Three Stars III_1966_web","caption":"Herbert Kaufmann, Three Stars III, 1966, mixed media, collage on canvas, 130 x 100 cm","full_image_url":"https:\/\/poll-berlin.de\/galerie\/wp-content\/uploads\/HK_Three-Stars-III_1966_web.jpg","thumbnail_image_url":"https:\/\/poll-berlin.de\/galerie\/wp-content\/uploads\/HK_Three-Stars-III_1966_web-150x150.jpg","large_srcset":"https:\/\/poll-berlin.de\/galerie\/wp-content\/uploads\/HK_Three-Stars-III_1966_web-800x1054.jpg 800w, https:\/\/poll-berlin.de\/galerie\/wp-content\/uploads\/HK_Three-Stars-III_1966_web-228x300.jpg 228w, https:\/\/poll-berlin.de\/galerie\/wp-content\/uploads\/HK_Three-Stars-III_1966_web-768x1011.jpg 768w, https:\/\/poll-berlin.de\/galerie\/wp-content\/uploads\/HK_Three-Stars-III_1966_web.jpg 1095w","medium_srcset":"https:\/\/poll-berlin.de\/galerie\/wp-content\/uploads\/HK_Three-Stars-III_1966_web-228x300.jpg 228w, https:\/\/poll-berlin.de\/galerie\/wp-content\/uploads\/HK_Three-Stars-III_1966_web-800x1054.jpg 800w, https:\/\/poll-berlin.de\/galerie\/wp-content\/uploads\/HK_Three-Stars-III_1966_web-768x1011.jpg 768w, https:\/\/poll-berlin.de\/galerie\/wp-content\/uploads\/HK_Three-Stars-III_1966_web.jpg 1095w","media_details":{"width":1095,"height":1442,"sizes":{"medium":{"file":"HK_Three-Stars-III_1966_web-228x300.jpg","width":228,"height":300,"mime-type":"image\/jpeg","filesize":23337,"source_url":"https:\/\/poll-berlin.de\/galerie\/wp-content\/uploads\/HK_Three-Stars-III_1966_web-228x300.jpg"},"large":{"file":"HK_Three-Stars-III_1966_web-800x1054.jpg","width":800,"height":1054,"mime-type":"image\/jpeg","filesize":180637,"source_url":"https:\/\/poll-berlin.de\/galerie\/wp-content\/uploads\/HK_Three-Stars-III_1966_web-800x1054.jpg"},"thumbnail":{"file":"HK_Three-Stars-III_1966_web-150x150.jpg","width":150,"height":150,"mime-type":"image\/jpeg","filesize":9322,"source_url":"https:\/\/poll-berlin.de\/galerie\/wp-content\/uploads\/HK_Three-Stars-III_1966_web-150x150.jpg"},"medium_large":{"file":"HK_Three-Stars-III_1966_web-768x1011.jpg","width":768,"height":1011,"mime-type":"image\/jpeg","filesize":170460,"source_url":"https:\/\/poll-berlin.de\/galerie\/wp-content\/uploads\/HK_Three-Stars-III_1966_web-768x1011.jpg"}}},"alt_text":"","url":"","target":""},{"id":36206,"title":"HK_Sternzeichen II_1966_web","caption":"Herbert Kaufmann, Star Sign II, 1966, mixed media, collage on canvas, 130 x 170 cm","full_image_url":"https:\/\/poll-berlin.de\/galerie\/wp-content\/uploads\/HK_Sternzeichen-II_1966_web.jpg","thumbnail_image_url":"https:\/\/poll-berlin.de\/galerie\/wp-content\/uploads\/HK_Sternzeichen-II_1966_web-150x150.jpg","large_srcset":"https:\/\/poll-berlin.de\/galerie\/wp-content\/uploads\/HK_Sternzeichen-II_1966_web-800x616.jpg 800w, https:\/\/poll-berlin.de\/galerie\/wp-content\/uploads\/HK_Sternzeichen-II_1966_web-300x231.jpg 300w, https:\/\/poll-berlin.de\/galerie\/wp-content\/uploads\/HK_Sternzeichen-II_1966_web-768x591.jpg 768w, https:\/\/poll-berlin.de\/galerie\/wp-content\/uploads\/HK_Sternzeichen-II_1966_web-1536x1182.jpg 1536w, https:\/\/poll-berlin.de\/galerie\/wp-content\/uploads\/HK_Sternzeichen-II_1966_web.jpg 1800w","medium_srcset":"https:\/\/poll-berlin.de\/galerie\/wp-content\/uploads\/HK_Sternzeichen-II_1966_web-300x231.jpg 300w, https:\/\/poll-berlin.de\/galerie\/wp-content\/uploads\/HK_Sternzeichen-II_1966_web-800x616.jpg 800w, https:\/\/poll-berlin.de\/galerie\/wp-content\/uploads\/HK_Sternzeichen-II_1966_web-768x591.jpg 768w, https:\/\/poll-berlin.de\/galerie\/wp-content\/uploads\/HK_Sternzeichen-II_1966_web-1536x1182.jpg 1536w, https:\/\/poll-berlin.de\/galerie\/wp-content\/uploads\/HK_Sternzeichen-II_1966_web.jpg 1800w","media_details":{"width":1800,"height":1385,"sizes":{"medium":{"file":"HK_Sternzeichen-II_1966_web-300x231.jpg","width":300,"height":231,"mime-type":"image\/jpeg","filesize":21885,"source_url":"https:\/\/poll-berlin.de\/galerie\/wp-content\/uploads\/HK_Sternzeichen-II_1966_web-300x231.jpg"},"large":{"file":"HK_Sternzeichen-II_1966_web-800x616.jpg","width":800,"height":616,"mime-type":"image\/jpeg","filesize":123620,"source_url":"https:\/\/poll-berlin.de\/galerie\/wp-content\/uploads\/HK_Sternzeichen-II_1966_web-800x616.jpg"},"thumbnail":{"file":"HK_Sternzeichen-II_1966_web-150x150.jpg","width":150,"height":150,"mime-type":"image\/jpeg","filesize":8301,"source_url":"https:\/\/poll-berlin.de\/galerie\/wp-content\/uploads\/HK_Sternzeichen-II_1966_web-150x150.jpg"},"medium_large":{"file":"HK_Sternzeichen-II_1966_web-768x591.jpg","width":768,"height":591,"mime-type":"image\/jpeg","filesize":115472,"source_url":"https:\/\/poll-berlin.de\/galerie\/wp-content\/uploads\/HK_Sternzeichen-II_1966_web-768x591.jpg"},"1536x1536":{"file":"HK_Sternzeichen-II_1966_web-1536x1182.jpg","width":1536,"height":1182,"mime-type":"image\/jpeg","filesize":347709,"source_url":"https:\/\/poll-berlin.de\/galerie\/wp-content\/uploads\/HK_Sternzeichen-II_1966_web-1536x1182.jpg"}}},"alt_text":"","url":"","target":""},{"id":1970,"title":"","caption":"Herbert Kaufmann, Caposite, 1963, Mischtechnik und Collage auf Leinwand, 100 x 150 cm","full_image_url":"https:\/\/poll-berlin.de\/galerie\/wp-content\/uploads\/HK_Caposite_1963_1500Px.jpg","thumbnail_image_url":"https:\/\/poll-berlin.de\/galerie\/wp-content\/uploads\/HK_Caposite_1963_1500Px-150x150.jpg","large_srcset":"https:\/\/poll-berlin.de\/galerie\/wp-content\/uploads\/HK_Caposite_1963_1500Px-800x521.jpg 800w, https:\/\/poll-berlin.de\/galerie\/wp-content\/uploads\/HK_Caposite_1963_1500Px-300x195.jpg 300w, https:\/\/poll-berlin.de\/galerie\/wp-content\/uploads\/HK_Caposite_1963_1500Px-768x500.jpg 768w, https:\/\/poll-berlin.de\/galerie\/wp-content\/uploads\/HK_Caposite_1963_1500Px.jpg 1500w","medium_srcset":"https:\/\/poll-berlin.de\/galerie\/wp-content\/uploads\/HK_Caposite_1963_1500Px-300x195.jpg 300w, https:\/\/poll-berlin.de\/galerie\/wp-content\/uploads\/HK_Caposite_1963_1500Px-800x521.jpg 800w, https:\/\/poll-berlin.de\/galerie\/wp-content\/uploads\/HK_Caposite_1963_1500Px-768x500.jpg 768w, https:\/\/poll-berlin.de\/galerie\/wp-content\/uploads\/HK_Caposite_1963_1500Px.jpg 1500w","media_details":{"width":1500,"height":976,"sizes":{"medium":{"file":"HK_Caposite_1963_1500Px-300x195.jpg","width":300,"height":195,"mime-type":"image\/jpeg","source_url":"https:\/\/poll-berlin.de\/galerie\/wp-content\/uploads\/HK_Caposite_1963_1500Px-300x195.jpg"},"large":{"file":"HK_Caposite_1963_1500Px-800x521.jpg","width":800,"height":521,"mime-type":"image\/jpeg","source_url":"https:\/\/poll-berlin.de\/galerie\/wp-content\/uploads\/HK_Caposite_1963_1500Px-800x521.jpg"},"thumbnail":{"file":"HK_Caposite_1963_1500Px-150x150.jpg","width":150,"height":150,"mime-type":"image\/jpeg","source_url":"https:\/\/poll-berlin.de\/galerie\/wp-content\/uploads\/HK_Caposite_1963_1500Px-150x150.jpg"},"medium_large":{"file":"HK_Caposite_1963_1500Px-768x500.jpg","width":768,"height":500,"mime-type":"image\/jpeg","source_url":"https:\/\/poll-berlin.de\/galerie\/wp-content\/uploads\/HK_Caposite_1963_1500Px-768x500.jpg"}}},"alt_text":"","url":"","target":""},{"id":36210,"title":"HK_Gazette_1962","caption":"Herbert Kaufmann, Gazette, 1962, collage on canvas, 130 x 100 cm","full_image_url":"https:\/\/poll-berlin.de\/galerie\/wp-content\/uploads\/Kaufmann_Gazette.jpg","thumbnail_image_url":"https:\/\/poll-berlin.de\/galerie\/wp-content\/uploads\/Kaufmann_Gazette-150x150.jpg","large_srcset":"https:\/\/poll-berlin.de\/galerie\/wp-content\/uploads\/Kaufmann_Gazette-800x1042.jpg 800w, https:\/\/poll-berlin.de\/galerie\/wp-content\/uploads\/Kaufmann_Gazette-230x300.jpg 230w, https:\/\/poll-berlin.de\/galerie\/wp-content\/uploads\/Kaufmann_Gazette-768x1000.jpg 768w, https:\/\/poll-berlin.de\/galerie\/wp-content\/uploads\/Kaufmann_Gazette.jpg 1152w","medium_srcset":"https:\/\/poll-berlin.de\/galerie\/wp-content\/uploads\/Kaufmann_Gazette-230x300.jpg 230w, https:\/\/poll-berlin.de\/galerie\/wp-content\/uploads\/Kaufmann_Gazette-800x1042.jpg 800w, https:\/\/poll-berlin.de\/galerie\/wp-content\/uploads\/Kaufmann_Gazette-768x1000.jpg 768w, https:\/\/poll-berlin.de\/galerie\/wp-content\/uploads\/Kaufmann_Gazette.jpg 1152w","media_details":{"width":1152,"height":1500,"sizes":{"medium":{"file":"Kaufmann_Gazette-230x300.jpg","width":230,"height":300,"mime-type":"image\/jpeg","filesize":34586,"source_url":"https:\/\/poll-berlin.de\/galerie\/wp-content\/uploads\/Kaufmann_Gazette-230x300.jpg"},"large":{"file":"Kaufmann_Gazette-800x1042.jpg","width":800,"height":1042,"mime-type":"image\/jpeg","filesize":339242,"source_url":"https:\/\/poll-berlin.de\/galerie\/wp-content\/uploads\/Kaufmann_Gazette-800x1042.jpg"},"thumbnail":{"file":"Kaufmann_Gazette-150x150.jpg","width":150,"height":150,"mime-type":"image\/jpeg","filesize":12059,"source_url":"https:\/\/poll-berlin.de\/galerie\/wp-content\/uploads\/Kaufmann_Gazette-150x150.jpg"},"medium_large":{"file":"Kaufmann_Gazette-768x1000.jpg","width":768,"height":1000,"mime-type":"image\/jpeg","filesize":320949,"source_url":"https:\/\/poll-berlin.de\/galerie\/wp-content\/uploads\/Kaufmann_Gazette-768x1000.jpg"}}},"alt_text":"","url":"","target":""},{"id":36211,"title":"HK_Wei\u00dfe Stadt_1961_62","caption":"Herbert Kaufmann, White city, 1961-1962, newspaper collage on canvas, 100 x 150 cm","full_image_url":"https:\/\/poll-berlin.de\/galerie\/wp-content\/uploads\/HK_Weisse-Stadt_1961_62.jpg","thumbnail_image_url":"https:\/\/poll-berlin.de\/galerie\/wp-content\/uploads\/HK_Weisse-Stadt_1961_62-150x150.jpg","large_srcset":"https:\/\/poll-berlin.de\/galerie\/wp-content\/uploads\/HK_Weisse-Stadt_1961_62-800x561.jpg 800w, https:\/\/poll-berlin.de\/galerie\/wp-content\/uploads\/HK_Weisse-Stadt_1961_62-300x210.jpg 300w, https:\/\/poll-berlin.de\/galerie\/wp-content\/uploads\/HK_Weisse-Stadt_1961_62-768x539.jpg 768w, https:\/\/poll-berlin.de\/galerie\/wp-content\/uploads\/HK_Weisse-Stadt_1961_62.jpg 1500w","medium_srcset":"https:\/\/poll-berlin.de\/galerie\/wp-content\/uploads\/HK_Weisse-Stadt_1961_62-300x210.jpg 300w, https:\/\/poll-berlin.de\/galerie\/wp-content\/uploads\/HK_Weisse-Stadt_1961_62-800x561.jpg 800w, https:\/\/poll-berlin.de\/galerie\/wp-content\/uploads\/HK_Weisse-Stadt_1961_62-768x539.jpg 768w, https:\/\/poll-berlin.de\/galerie\/wp-content\/uploads\/HK_Weisse-Stadt_1961_62.jpg 1500w","media_details":{"width":1500,"height":1052,"sizes":{"medium":{"file":"HK_Weisse-Stadt_1961_62-300x210.jpg","width":300,"height":210,"mime-type":"image\/jpeg","filesize":32353,"source_url":"https:\/\/poll-berlin.de\/galerie\/wp-content\/uploads\/HK_Weisse-Stadt_1961_62-300x210.jpg"},"large":{"file":"HK_Weisse-Stadt_1961_62-800x561.jpg","width":800,"height":561,"mime-type":"image\/jpeg","filesize":208589,"source_url":"https:\/\/poll-berlin.de\/galerie\/wp-content\/uploads\/HK_Weisse-Stadt_1961_62-800x561.jpg"},"thumbnail":{"file":"HK_Weisse-Stadt_1961_62-150x150.jpg","width":150,"height":150,"mime-type":"image\/jpeg","filesize":12494,"source_url":"https:\/\/poll-berlin.de\/galerie\/wp-content\/uploads\/HK_Weisse-Stadt_1961_62-150x150.jpg"},"medium_large":{"file":"HK_Weisse-Stadt_1961_62-768x539.jpg","width":768,"height":539,"mime-type":"image\/jpeg","filesize":194537,"source_url":"https:\/\/poll-berlin.de\/galerie\/wp-content\/uploads\/HK_Weisse-Stadt_1961_62-768x539.jpg"}}},"alt_text":"","url":"","target":""},{"id":1972,"title":"","caption":"Herbert Kaufmann, Grosses We\u00df, 1959, \u00d6l auf Leinwand, 100 x 130 cm","full_image_url":"https:\/\/poll-berlin.de\/galerie\/wp-content\/uploads\/HK_Grosses-Weiss_1959_1500Px.jpg","thumbnail_image_url":"https:\/\/poll-berlin.de\/galerie\/wp-content\/uploads\/HK_Grosses-Weiss_1959_1500Px-150x150.jpg","large_srcset":"https:\/\/poll-berlin.de\/galerie\/wp-content\/uploads\/HK_Grosses-Weiss_1959_1500Px-800x616.jpg 800w, https:\/\/poll-berlin.de\/galerie\/wp-content\/uploads\/HK_Grosses-Weiss_1959_1500Px-300x231.jpg 300w, https:\/\/poll-berlin.de\/galerie\/wp-content\/uploads\/HK_Grosses-Weiss_1959_1500Px-768x591.jpg 768w, https:\/\/poll-berlin.de\/galerie\/wp-content\/uploads\/HK_Grosses-Weiss_1959_1500Px.jpg 1500w","medium_srcset":"https:\/\/poll-berlin.de\/galerie\/wp-content\/uploads\/HK_Grosses-Weiss_1959_1500Px-300x231.jpg 300w, https:\/\/poll-berlin.de\/galerie\/wp-content\/uploads\/HK_Grosses-Weiss_1959_1500Px-800x616.jpg 800w, https:\/\/poll-berlin.de\/galerie\/wp-content\/uploads\/HK_Grosses-Weiss_1959_1500Px-768x591.jpg 768w, https:\/\/poll-berlin.de\/galerie\/wp-content\/uploads\/HK_Grosses-Weiss_1959_1500Px.jpg 1500w","media_details":{"width":1500,"height":1155,"sizes":{"medium":{"file":"HK_Grosses-Weiss_1959_1500Px-300x231.jpg","width":300,"height":231,"mime-type":"image\/jpeg","source_url":"https:\/\/poll-berlin.de\/galerie\/wp-content\/uploads\/HK_Grosses-Weiss_1959_1500Px-300x231.jpg"},"large":{"file":"HK_Grosses-Weiss_1959_1500Px-800x616.jpg","width":800,"height":616,"mime-type":"image\/jpeg","source_url":"https:\/\/poll-berlin.de\/galerie\/wp-content\/uploads\/HK_Grosses-Weiss_1959_1500Px-800x616.jpg"},"thumbnail":{"file":"HK_Grosses-Weiss_1959_1500Px-150x150.jpg","width":150,"height":150,"mime-type":"image\/jpeg","source_url":"https:\/\/poll-berlin.de\/galerie\/wp-content\/uploads\/HK_Grosses-Weiss_1959_1500Px-150x150.jpg"},"medium_large":{"file":"HK_Grosses-Weiss_1959_1500Px-768x591.jpg","width":768,"height":591,"mime-type":"image\/jpeg","source_url":"https:\/\/poll-berlin.de\/galerie\/wp-content\/uploads\/HK_Grosses-Weiss_1959_1500Px-768x591.jpg"}}},"alt_text":"","url":"","target":""}]]}},"_links":{"self":[{"href":"https:\/\/poll-berlin.de\/galerie\/wp-json\/wp\/v2\/pages\/28115","targetHints":{"allow":["GET"]}}],"collection":[{"href":"https:\/\/poll-berlin.de\/galerie\/wp-json\/wp\/v2\/pages"}],"about":[{"href":"https:\/\/poll-berlin.de\/galerie\/wp-json\/wp\/v2\/types\/page"}],"author":[{"embeddable":true,"href":"https:\/\/poll-berlin.de\/galerie\/wp-json\/wp\/v2\/users\/2"}],"replies":[{"embeddable":true,"href":"https:\/\/poll-berlin.de\/galerie\/wp-json\/wp\/v2\/comments?post=28115"}],"version-history":[{"count":1,"href":"https:\/\/poll-berlin.de\/galerie\/wp-json\/wp\/v2\/pages\/28115\/revisions"}],"predecessor-version":[{"id":28116,"href":"https:\/\/poll-berlin.de\/galerie\/wp-json\/wp\/v2\/pages\/28115\/revisions\/28116"}],"up":[{"embeddable":true,"href":"https:\/\/poll-berlin.de\/galerie\/wp-json\/wp\/v2\/pages\/4703"}],"wp:attachment":[{"href":"https:\/\/poll-berlin.de\/galerie\/wp-json\/wp\/v2\/media?parent=28115"}],"curies":[{"name":"wp","href":"https:\/\/api.w.org\/{rel}","templated":true}]}}