{"id":28109,"date":"2023-06-07T13:55:11","date_gmt":"2023-06-07T11:55:11","guid":{"rendered":"https:\/\/poll-berlin.de\/galerie\/?page_id=28109"},"modified":"2025-10-14T18:34:50","modified_gmt":"2025-10-14T16:34:50","slug":"biography","status":"publish","type":"page","link":"https:\/\/poll-berlin.de\/galerie\/en\/gallery-artists\/peter-herrmann\/biography\/","title":{"rendered":"Biography"},"content":{"rendered":"\n<p><strong>Biography<\/strong><\/p>\n\n\n\n<div style=\"height:10px\" aria-hidden=\"true\" class=\"wp-block-spacer\"><\/div>\n\n\n\n<figure class=\"wp-block-table\"><table><tbody><tr><td>1937<\/td><td>born in Gro\u00dfsch\u00f6nau<\/td><\/tr><tr><td>1951<\/td><td>Apprenticeship as a Chemigraph in Dresden<\/td><\/tr><tr><td>1953<\/td><td>Painting lessons at the Folk high school, with J\u00fcrgen B\u00f6ttcher (Strawalde)<\/td><\/tr><tr><td>since 1971<\/td><td>Working as a freelance painter, Member of the artist group &#8222;L\u00fccke&#8220; in Dresden<\/td><\/tr><tr><td>1978<\/td><td>Co-Founder of the Obergraben Press in Dresden<\/td><\/tr><tr><td>1984<\/td><td>Leaving to Hamburg<\/td><\/tr><tr><td>1985<\/td><td>Stay with A. R. Penck in London<\/td><\/tr><tr><td>1986<\/td><td>Moving to West Berlin<\/td><\/tr><tr><td>1988-1989<\/td><td>Travels to Algeria, France and Italy<\/td><\/tr><tr><td>1995<\/td><td>Travel to Brazil<\/td><\/tr><tr><td>seit 1999<\/td><td>Full Member of the Saxon Academy of the Arts<\/td><\/tr><\/tbody><\/table><\/figure>\n\n\n\n<p>Peter Herrmann lives and works in Berlin.<\/p>\n\n\n\n<div style=\"height:10px\" aria-hidden=\"true\" class=\"wp-block-spacer\"><\/div>\n\n\n\n<p><strong>Awards and grants<\/strong><\/p>\n\n\n\n<div style=\"height:10px\" aria-hidden=\"true\" class=\"wp-block-spacer\"><\/div>\n\n\n\n<figure class=\"wp-block-table\"><table><tbody><tr><td>2001<\/td><td>Fred-Thieler-Award for Painting<\/td><\/tr><tr><td>1999<\/td><td>Scholarship from the Konrad Adenauer Foundation<\/td><\/tr><tr><td>1998<\/td><td>Villa Romana Prize, Florence<\/td><\/tr><tr><td>1987<\/td><td>Working scholarship of the Senator for Cultural Affairs, Berlin<\/td><\/tr><\/tbody><\/table><\/figure>\n","protected":false},"excerpt":{"rendered":"<p>Biography 1937 born in Gro\u00dfsch\u00f6nau 1951 Apprenticeship as a Chemigraph in Dresden 1953 Painting lessons at the Folk high school, with J\u00fcrgen B\u00f6ttcher (Strawalde) since 1971 Working as a freelance painter, Member of the artist group &#8222;L\u00fccke&#8220; in Dresden 1978 Co-Founder of the Obergraben Press in Dresden 1984 Leaving to Hamburg 1985 Stay with A. [&hellip;]<\/p>\n","protected":false},"author":1,"featured_media":0,"parent":28106,"menu_order":0,"comment_status":"closed","ping_status":"closed","template":"kuenstler-text.php","meta":{"_acf_changed":false,"footnotes":""},"class_list":["post-28109","page","type-page","status-publish","hentry"],"acf":[],"_links":{"self":[{"href":"https:\/\/poll-berlin.de\/galerie\/wp-json\/wp\/v2\/pages\/28109","targetHints":{"allow":["GET"]}}],"collection":[{"href":"https:\/\/poll-berlin.de\/galerie\/wp-json\/wp\/v2\/pages"}],"about":[{"href":"https:\/\/poll-berlin.de\/galerie\/wp-json\/wp\/v2\/types\/page"}],"author":[{"embeddable":true,"href":"https:\/\/poll-berlin.de\/galerie\/wp-json\/wp\/v2\/users\/1"}],"replies":[{"embeddable":true,"href":"https:\/\/poll-berlin.de\/galerie\/wp-json\/wp\/v2\/comments?post=28109"}],"version-history":[{"count":10,"href":"https:\/\/poll-berlin.de\/galerie\/wp-json\/wp\/v2\/pages\/28109\/revisions"}],"predecessor-version":[{"id":44361,"href":"https:\/\/poll-berlin.de\/galerie\/wp-json\/wp\/v2\/pages\/28109\/revisions\/44361"}],"up":[{"embeddable":true,"href":"https:\/\/poll-berlin.de\/galerie\/wp-json\/wp\/v2\/pages\/28106"}],"wp:attachment":[{"href":"https:\/\/poll-berlin.de\/galerie\/wp-json\/wp\/v2\/media?parent=28109"}],"curies":[{"name":"wp","href":"https:\/\/api.w.org\/{rel}","templated":true}]}}