{"id":28073,"date":"2022-12-31T18:51:25","date_gmt":"2022-12-31T17:51:25","guid":{"rendered":"https:\/\/poll-berlin.de\/galerie\/?page_id=28073"},"modified":"2025-06-25T17:33:55","modified_gmt":"2025-06-25T15:33:55","slug":"works-in-collections","status":"publish","type":"page","link":"https:\/\/poll-berlin.de\/galerie\/en\/gallery-artists\/goeran-gnaudschun\/works-in-collections\/","title":{"rendered":"Works in collections"},"content":{"rendered":"\n<p><strong>Works in collections<\/strong><\/p>\n\n\n\n<p>Lindenau Museum Altenburg<br>Berlinische Galerie &#8211; Museum of Modern Art<br>German Historical Museum, Berlin<br>Kunststiftung Poll, Berlin<br>Museum of Prints and Drawings of the Berlin State Museums<br>Weserburg Museum of Modern Art, Bremen<br>Brandenburg Art Collections Cottbus<br>Rijksmuseum de Gevangenpoort, The Hague<br>Kunstfonds of the Dresden State Art Collections<br>Museum Folkwang, Essen<br>Art Collection Deutsche B\u00f6rse, Frankfurt am Main<br>Museum of Applied Art, Gera<br>Museum of Arts and Crafts Hamburg<br>Jena City Museum<br>W\u00fcrth Collection, K\u00fcnzelsau<br>Museums of Art and Cultural History of the Hanseatic City of L\u00fcbeck<br>Ruth and Marvin Sackner Archive, Miami<br>Biblioth\u00e8que nationale de France, Paris<br>Potsdam Museum &#8211; Forum for Art and History<br>Salzburg Museum of Modern Art (Rupertinum)<br>ETH Zurich&#8217;s Collection of Prints and Drawings<\/p>\n","protected":false},"excerpt":{"rendered":"<p>Works in collections Lindenau Museum AltenburgBerlinische Galerie &#8211; Museum of Modern ArtGerman Historical Museum, BerlinKunststiftung Poll, BerlinMuseum of Prints and Drawings of the Berlin State MuseumsWeserburg Museum of Modern Art, BremenBrandenburg Art Collections CottbusRijksmuseum de Gevangenpoort, The HagueKunstfonds of the Dresden State Art CollectionsMuseum Folkwang, EssenArt Collection Deutsche B\u00f6rse, Frankfurt am MainMuseum of Applied Art, [&hellip;]<\/p>\n","protected":false},"author":1,"featured_media":0,"parent":28069,"menu_order":2,"comment_status":"closed","ping_status":"closed","template":"kuenstler-text.php","meta":{"_acf_changed":false,"footnotes":""},"class_list":["post-28073","page","type-page","status-publish","hentry"],"acf":[],"_links":{"self":[{"href":"https:\/\/poll-berlin.de\/galerie\/wp-json\/wp\/v2\/pages\/28073","targetHints":{"allow":["GET"]}}],"collection":[{"href":"https:\/\/poll-berlin.de\/galerie\/wp-json\/wp\/v2\/pages"}],"about":[{"href":"https:\/\/poll-berlin.de\/galerie\/wp-json\/wp\/v2\/types\/page"}],"author":[{"embeddable":true,"href":"https:\/\/poll-berlin.de\/galerie\/wp-json\/wp\/v2\/users\/1"}],"replies":[{"embeddable":true,"href":"https:\/\/poll-berlin.de\/galerie\/wp-json\/wp\/v2\/comments?post=28073"}],"version-history":[{"count":8,"href":"https:\/\/poll-berlin.de\/galerie\/wp-json\/wp\/v2\/pages\/28073\/revisions"}],"predecessor-version":[{"id":43189,"href":"https:\/\/poll-berlin.de\/galerie\/wp-json\/wp\/v2\/pages\/28073\/revisions\/43189"}],"up":[{"embeddable":true,"href":"https:\/\/poll-berlin.de\/galerie\/wp-json\/wp\/v2\/pages\/28069"}],"wp:attachment":[{"href":"https:\/\/poll-berlin.de\/galerie\/wp-json\/wp\/v2\/media?parent=28073"}],"curies":[{"name":"wp","href":"https:\/\/api.w.org\/{rel}","templated":true}]}}