{"id":28072,"date":"2023-05-25T13:05:05","date_gmt":"2023-05-25T11:05:05","guid":{"rendered":"https:\/\/poll-berlin.de\/galerie\/?page_id=28072"},"modified":"2025-07-29T16:05:20","modified_gmt":"2025-07-29T14:05:20","slug":"exhibitions","status":"publish","type":"page","link":"https:\/\/poll-berlin.de\/galerie\/en\/gallery-artists\/goeran-gnaudschun\/exhibitions\/","title":{"rendered":"Exhibitions"},"content":{"rendered":"\n<p><strong>Solo exhibitions (selection)<\/strong><\/p>\n\n\n\n<div style=\"height:10px\" aria-hidden=\"true\" class=\"wp-block-spacer\"><\/div>\n\n\n\n<figure class=\"wp-block-table\"><table><tbody><tr><td>2025<\/td><td>Haus am L\u00fctzowplatz, Berlin<br>Galerie Poll, Berlin<\/td><\/tr><tr><td>2024-2025<\/td><td>Friedrich Naumann Foundation, Potsdam (with Anne Heinlein)<\/td><\/tr><tr><td>2022<\/td><td>Galerie Poll, Berlin<br>Cultural Church St. Markus, Hanover (with Christian Retschlag)<\/td><\/tr><tr><td>2021<\/td><td>Museum Europ\u00e4ischer Kulturen, Berlin<\/td><\/tr><tr><td>2020<\/td><td>Haus am Kleistpark | Projektraum, Berlin<br>Ausstellungsraum bautzner 69, Dresden<\/td><\/tr><tr><td>2019<\/td><td>Goethe-Institut Rome<br>Galerie Poll, Berlin<br>Rencontres de la Photographie, Arles<br>Casa Onna, Onna-L\u2019Aquila (Italy)<\/td><\/tr><tr><td>2017<\/td><td>Haus am Kleistpark, Berlin (with Anne Heinlein)<br>Gallery of the Villa Massimo, Rome<\/td><\/tr><tr><td>2016<\/td><td>HannoverStiftung in the Galerie f\u00fcr Fotografie, Hanover<br>Fischlandhaus Wustrow<\/td><\/tr><tr><td>2015<\/td><td>Munich City Museum<br>Brandenburg Ministry of Culture Potsdam<br>Station of the Kasseler Fotoforum<\/td><\/tr><tr><td>2014<\/td><td>Haus am L\u00fctzowplatz, Berlin<br>Neunkirchen Municipal Gallery<\/td><\/tr><tr><td>2013<\/td><td>Ausstellungsraum bautzner69, Dresden<br>Fotopension, Cologne<\/td><\/tr><tr><td>2011<\/td><td>Fotoforum West, Innsbruck<\/td><\/tr><tr><td>2010<\/td><td>Goethe-Institut San Francisco (with Anne Heinlein)<br>Kunststiftung Poll, Berlin<\/td><\/tr><tr><td>2008<\/td><td>Kunstraum Potsdam<\/td><\/tr><tr><td>2006<\/td><td>Galerie Cond\u00e9, Goethe-Institut Paris (with Ulrich Gebert)<\/td><\/tr><tr><td>2005<\/td><td>Goethe-Institut Riga<\/td><\/tr><tr><td>2004<\/td><td>Waschhaus Potsdam<br>PAN \u2013 Kunstforum Niederrhein, Emmerich<\/td><\/tr><tr><td>2002<\/td><td>Haus der Land-Brandenburg-Lotto-GmbH, Potsdam<\/td><\/tr><tr><td>2001<\/td><td>Kunststiftung Poll, Berlin<br>Galerie des Westens, Bremen<br>Fotogalerie Friedrichshain, Berlin<\/td><\/tr><tr><td>2000<\/td><td>Galerie Kleindienst, Leipzig<\/td><\/tr><tr><td>1998<\/td><td>Haus der Land-Brandenburg-Lotto-GmbH, Potsdam<\/td><\/tr><\/tbody><\/table><\/figure>\n\n\n\n<div style=\"height:10px\" aria-hidden=\"true\" class=\"wp-block-spacer\"><\/div>\n\n\n\n<p><strong>Group exhibitions (selection)<\/strong><\/p>\n\n\n\n<div style=\"height:10px\" aria-hidden=\"true\" class=\"wp-block-spacer\"><\/div>\n\n\n\n<figure class=\"wp-block-table\"><table><tbody><tr><td>2024<\/td><td>Stadthaus Ulm<\/td><\/tr><tr><td>2023<\/td><td>Communal Gallery Berlin<\/td><\/tr><tr><td>2022<\/td><td>Willy-Brandt-Haus, Berlin<\/td><\/tr><tr><td>2021<\/td><td>17th Venice Biennale of Architecture<br>Communal Gallery Berlin<\/td><\/tr><tr><td>2020<\/td><td>Haus am Kleistpark, Berlin<br>K\u00fchlhaus, Berlin<\/td><\/tr><tr><td>2019<\/td><td>Cultural Center DeMarkten, Brussels<br>Deichtorhallen, Hamburg<br>Motorenhalle of the riesa efau, Dresden<\/td><\/tr><tr><td>2018<\/td><td>Ray-Festival, Deutsche B\u00f6rse, Frankfurt am Main<br>Museum f\u00fcr Gegenwartskunst, Siegen<br>Fotohof Salzburg<br>16th Venice Biennale of Architecture<br>Deutsche B\u00f6rse Photography Foundation, Frankfurt am Main<\/td><\/tr><tr><td>2017<\/td><td>Martin-Gropius-Bau, Berlin<br>Accademia di Romania, Rome<br>Benaki Museum, Athens<br>Accademia di belle Arti di Roma, Campo Boario<\/td><\/tr><tr><td>2016<\/td><td>Haus am L\u00fctzowplatz, Berlin<br>Kunststiftung Poll, Berlin<br>Brandenburg Art Association, Potsdam<br>KunstHaus Potsdam<\/td><\/tr><tr><td>2015<\/td><td>Landtag of Brandenburg, Potsdam<br>KAUNAS Fotofestival, Litauen<\/td><\/tr><tr><td>2014<\/td><td>Kunstforum Ostdeutsche Galerie Regensburg<br>Brighton Photo Biennial (UK)<\/td><\/tr><tr><td>2013<\/td><td>Kunsthalle im Lipsiusbau Dresden<br>Motorenhalle of the riesa efau, Dresden<\/td><\/tr><tr><td>2012<\/td><td>Photoplatz Hotel Bogota, Berlin<\/td><\/tr><tr><td>2011<\/td><td>Museum der Bildenden K\u00fcnste Leipzig<br>Parrotta Contemporary, Stuttgart<\/td><\/tr><tr><td>2010<\/td><td>Opelvillen R\u00fcsselsheim<\/td><\/tr><tr><td>2009<\/td><td>Galerie Leuenroth, Frankfurt am Main<br>Welterbe Zollverein Essen<br>dkw. Kunstmuseum Dieselkraftwerk Cottbus<\/td><\/tr><tr><td>2008<\/td><td>Stadtgalerie Kiel<br>Kunstsammlungen Zwickau<\/td><\/tr><tr><td>2006<\/td><td>Literaturhaus, Munich<\/td><\/tr><tr><td>2003<\/td><td>Galerie 20\/21, Essen<br>Festspielhaus Hellerau, Dresden<br>Palais f\u00fcr aktuelle Kunst, Gl\u00fccksstadt<br>Wolfsburg Municipal Gallery<\/td><\/tr><tr><td>2002<\/td><td>Museum der Bildenden K\u00fcnste Leipzig<\/td><\/tr><tr><td>1998<\/td><td>Galerie Gebr\u00fcder Lehmann, Dresden<\/td><\/tr><tr><td>1997<\/td><td>galerie neugerriemschneider, Berlin<br>Galerie Wittenbrink, Munich<\/td><\/tr><\/tbody><\/table><\/figure>\n","protected":false},"excerpt":{"rendered":"<p>Solo exhibitions (selection) 2025 Haus am L\u00fctzowplatz, BerlinGalerie Poll, Berlin 2024-2025 Friedrich Naumann Foundation, Potsdam (with Anne Heinlein) 2022 Galerie Poll, BerlinCultural Church St. Markus, Hanover (with Christian Retschlag) 2021 Museum Europ\u00e4ischer Kulturen, Berlin 2020 Haus am Kleistpark | Projektraum, BerlinAusstellungsraum bautzner 69, Dresden 2019 Goethe-Institut RomeGalerie Poll, BerlinRencontres de la Photographie, ArlesCasa Onna, Onna-L\u2019Aquila [&hellip;]<\/p>\n","protected":false},"author":1,"featured_media":0,"parent":28069,"menu_order":1,"comment_status":"closed","ping_status":"closed","template":"kuenstler-text.php","meta":{"_acf_changed":false,"footnotes":""},"class_list":["post-28072","page","type-page","status-publish","hentry"],"acf":[],"_links":{"self":[{"href":"https:\/\/poll-berlin.de\/galerie\/wp-json\/wp\/v2\/pages\/28072","targetHints":{"allow":["GET"]}}],"collection":[{"href":"https:\/\/poll-berlin.de\/galerie\/wp-json\/wp\/v2\/pages"}],"about":[{"href":"https:\/\/poll-berlin.de\/galerie\/wp-json\/wp\/v2\/types\/page"}],"author":[{"embeddable":true,"href":"https:\/\/poll-berlin.de\/galerie\/wp-json\/wp\/v2\/users\/1"}],"replies":[{"embeddable":true,"href":"https:\/\/poll-berlin.de\/galerie\/wp-json\/wp\/v2\/comments?post=28072"}],"version-history":[{"count":14,"href":"https:\/\/poll-berlin.de\/galerie\/wp-json\/wp\/v2\/pages\/28072\/revisions"}],"predecessor-version":[{"id":43748,"href":"https:\/\/poll-berlin.de\/galerie\/wp-json\/wp\/v2\/pages\/28072\/revisions\/43748"}],"up":[{"embeddable":true,"href":"https:\/\/poll-berlin.de\/galerie\/wp-json\/wp\/v2\/pages\/28069"}],"wp:attachment":[{"href":"https:\/\/poll-berlin.de\/galerie\/wp-json\/wp\/v2\/media?parent=28072"}],"curies":[{"name":"wp","href":"https:\/\/api.w.org\/{rel}","templated":true}]}}