{"id":272,"date":"2021-05-07T12:51:59","date_gmt":"2021-05-07T10:51:59","guid":{"rendered":"https:\/\/poll-berlin.de\/galerie\/?page_id=272"},"modified":"2025-09-17T14:11:44","modified_gmt":"2025-09-17T12:11:44","slug":"ausstellungen","status":"publish","type":"page","link":"https:\/\/poll-berlin.de\/galerie\/kuenstler-der-galerie\/ralf-kerbach\/ausstellungen\/","title":{"rendered":"Ausstellungen"},"content":{"rendered":"\n<p><strong>Einzelausstellungen (Auswahl)<\/strong><\/p>\n\n\n\n<div style=\"height:10px\" aria-hidden=\"true\" class=\"wp-block-spacer\"><\/div>\n\n\n\n<figure class=\"wp-block-table\"><table><tbody><tr><td>2025<\/td><td>Galerie Poll, Berlin<br>Oktogon der Hochschule f\u00fcr Bildende K\u00fcnste Dresden (mit Meistersch\u00fclern)<\/td><\/tr><tr><td>2020<\/td><td>Galerie Poll, Berlin<\/td><\/tr><tr><td>2018<\/td><td>Schul- und Bethaus, Altlangsow (mit Heidrun Rueda)<\/td><\/tr><tr><td>2015<\/td><td>St\u00e4dtische Galerie Dresden<br>Galerie D\u00f6bele, Dresden<br>Galerie Poll, Berlin<\/td><\/tr><tr><td>2013<\/td><td>Landesmuseum f\u00fcr Kunst und Kulturgeschichte, Oldenburg<\/td><\/tr><tr><td>2006<\/td><td>Leonhardi-Museum, Dresden<\/td><\/tr><tr><td>2001<\/td><td>Galerie Samuelis Baumgarte, Bielefeld (mit Christine Jackob-Marks)<br>Galerie Eva Poll, Berlin<\/td><\/tr><tr><td>2000<\/td><td>Kunstverein \u201eHerzattacke\u201c, Berlin<\/td><\/tr><tr><td>1999<\/td><td>Albertinum der Staatlichen Kunstsammlungen Dresden<br>Galerie im Kunsthof Voigtei, Halberstadt<\/td><\/tr><tr><td>1998<\/td><td>Goethe-Institut Porto<\/td><\/tr><tr><td>1997<\/td><td>Galerie H\u00fcbner &amp; Thiel, Dresden<br>Deutsches Historisches Museum, Berlin<br>Galerie Samuelis Baumgarte, Bielefeld<\/td><\/tr><tr><td>1996<\/td><td>Galerie Eva Poll, Berlin<br>Galerie von Alvensleben, M\u00fcnchen<\/td><\/tr><tr><td>1990-1991<\/td><td>Galerie Eva Poll, Berlin<\/td><\/tr><tr><td>1990<\/td><td>Aschenbach Galerie, Amsterdam<\/td><\/tr><tr><td>1989<\/td><td>Galerie Eva Poll, Berlin (mit Hans Scheib)<br>Aschenbach Galerie, Amsterdam<\/td><\/tr><tr><td>1987<\/td><td>Galerie Eva Poll, Berlin<\/td><\/tr><tr><td>1985<\/td><td>Goethe-Institut Br\u00fcssel<\/td><\/tr><\/tbody><\/table><\/figure>\n\n\n\n<div style=\"height:10px\" aria-hidden=\"true\" class=\"wp-block-spacer\"><\/div>\n\n\n\n<p><strong>Gruppenausstellungen (Auswahl)&nbsp;<\/strong><\/p>\n\n\n\n<div style=\"height:10px\" aria-hidden=\"true\" class=\"wp-block-spacer\"><\/div>\n\n\n\n<figure class=\"wp-block-table\"><table><tbody><tr><td>2025<\/td><td>Kunsthalle Darmstadt<br>DAS MINSK Kunsthaus in Potsdam<\/td><\/tr><tr><td>2024-2025<\/td><td>Motorenhalle des riesa efau, Dresden<\/td><\/tr><tr><td>2024<\/td><td>Galerie Poll, Berlin<\/td><\/tr><tr><td>2023-2024<\/td><td>Museum No Hero, Delden (Niederlande)<\/td><\/tr><tr><td>2023<\/td><td>Galerie Ines Schulz, Dresden<\/td><\/tr><tr><td>2021-2022<\/td><td>Galerie Poll, Berlin<\/td><\/tr><tr><td>2019<\/td><td>Galerie Poll, Berlin<br>Museum der bildenden K\u00fcnste Leipzig<\/td><\/tr><tr><td>2018-2020<\/td><td>Museum Barberini, Potsdam<\/td><\/tr><tr><td>2016<\/td><td>St\u00e4dtische Galerie Dresden<br>Martin-Gropius-Bau, Berlin<br>Kunststiftung Poll, Berlin<\/td><\/tr><tr><td>2012<\/td><td>Galerie Poll, Berlin<\/td><\/tr><tr><td>2009<\/td><td>LACMA Museum, Los Angeles<br>Germanisches Nationalmuseum, N\u00fcrnberg<br>Deutsches Historisches Museum, Berlin<br>Hochschule f\u00fcr Bildende K\u00fcnste, Dresden<br>Motorenhalle des riesa efau, Dresden<\/td><\/tr><tr><td>2008<\/td><td>Galerie Eva Poll, Berlin<\/td><\/tr><tr><td>2006<\/td><td>Galerie D\u00f6bele, Dresden<\/td><\/tr><tr><td>2003<\/td><td>Martin-Gropius-Bau, Berlin<\/td><\/tr><tr><td>2002<\/td><td>Museum Folkwang, Essen<\/td><\/tr><tr><td>1998<\/td><td>Deutsches Historisches Museum, Berlin<br>Galerie Eva Poll, Berlin<\/td><\/tr><tr><td>1996<\/td><td>Galerie Eva Poll, Berlin<br>Hochschule f\u00fcr Bildende K\u00fcnste, Dresden<\/td><\/tr><tr><td>1995<\/td><td>Galerie Eva Poll, Berlin<br>Evangelische St. Jacobi Kirche, Berlin<\/td><\/tr><tr><td>1993<\/td><td>Galerie Eva Poll, Berlin<\/td><\/tr><tr><td>1992-1993<\/td><td>Museum Oslo<\/td><\/tr><tr><td>1992<\/td><td>Lindenau Museum Altenburg<br>Galerie im Turm, Berlin<\/td><\/tr><tr><td>1989-1992<\/td><td>Gro\u00dfe Kunstausstellung Nordrhein-Westfalen, D\u00fcsseldorf<\/td><\/tr><tr><td>1998<\/td><td>Martin-Gropius-Bau, Berlin<\/td><\/tr><tr><td>1987<\/td><td>Staatliche Kunsthalle Berlin<br>Kastoriano-Shoshan-Gallery, New York<\/td><\/tr><tr><td>1986<\/td><td>Galerie Eva Poll, Berlin<br>Haus am Waldsee, Berlin<br>Kunsthalle Wilhelmshafen<br>Mannheimer Kunstverein<\/td><\/tr><tr><td>1985<\/td><td>Berlinische Galerie &#8211; Museum f\u00fcr Moderne Kunst<br>Hessisches Landesmuseum, Darmstadt<\/td><\/tr><tr><td>1981<\/td><td>Leonhardi-Museum, Dresden<\/td><\/tr><tr><td>1979<\/td><td>Leonhardi-Museum, Dresden<\/td><\/tr><\/tbody><\/table><\/figure>\n","protected":false},"excerpt":{"rendered":"<p>Einzelausstellungen (Auswahl) 2025 Galerie Poll, BerlinOktogon der Hochschule f\u00fcr Bildende K\u00fcnste Dresden (mit Meistersch\u00fclern) 2020 Galerie Poll, Berlin 2018 Schul- und Bethaus, Altlangsow (mit Heidrun Rueda) 2015 St\u00e4dtische Galerie DresdenGalerie D\u00f6bele, DresdenGalerie Poll, Berlin 2013 Landesmuseum f\u00fcr Kunst und Kulturgeschichte, Oldenburg 2006 Leonhardi-Museum, Dresden 2001 Galerie Samuelis Baumgarte, Bielefeld (mit Christine Jackob-Marks)Galerie Eva Poll, Berlin [&hellip;]<\/p>\n","protected":false},"author":2,"featured_media":0,"parent":186,"menu_order":1,"comment_status":"closed","ping_status":"closed","template":"kuenstler-text.php","meta":{"_acf_changed":false,"footnotes":""},"class_list":["post-272","page","type-page","status-publish","hentry"],"acf":[],"_links":{"self":[{"href":"https:\/\/poll-berlin.de\/galerie\/wp-json\/wp\/v2\/pages\/272","targetHints":{"allow":["GET"]}}],"collection":[{"href":"https:\/\/poll-berlin.de\/galerie\/wp-json\/wp\/v2\/pages"}],"about":[{"href":"https:\/\/poll-berlin.de\/galerie\/wp-json\/wp\/v2\/types\/page"}],"author":[{"embeddable":true,"href":"https:\/\/poll-berlin.de\/galerie\/wp-json\/wp\/v2\/users\/2"}],"replies":[{"embeddable":true,"href":"https:\/\/poll-berlin.de\/galerie\/wp-json\/wp\/v2\/comments?post=272"}],"version-history":[{"count":30,"href":"https:\/\/poll-berlin.de\/galerie\/wp-json\/wp\/v2\/pages\/272\/revisions"}],"predecessor-version":[{"id":44127,"href":"https:\/\/poll-berlin.de\/galerie\/wp-json\/wp\/v2\/pages\/272\/revisions\/44127"}],"up":[{"embeddable":true,"href":"https:\/\/poll-berlin.de\/galerie\/wp-json\/wp\/v2\/pages\/186"}],"wp:attachment":[{"href":"https:\/\/poll-berlin.de\/galerie\/wp-json\/wp\/v2\/media?parent=272"}],"curies":[{"name":"wp","href":"https:\/\/api.w.org\/{rel}","templated":true}]}}