{"id":27,"date":"2021-03-30T23:08:23","date_gmt":"2021-03-30T21:08:23","guid":{"rendered":"https:\/\/poll-berlin.de\/galerie\/peer-boehm\/ausstellungen\/"},"modified":"2026-03-11T17:34:47","modified_gmt":"2026-03-11T16:34:47","slug":"ausstellungen","status":"publish","type":"page","link":"https:\/\/poll-berlin.de\/galerie\/kuenstler-der-galerie\/peer-boehm\/ausstellungen\/","title":{"rendered":"Ausstellungen"},"content":{"rendered":"\n<p><strong>Einzelausstellungen (Auswahl)<\/strong><\/p>\n\n\n\n<div style=\"height:10px\" aria-hidden=\"true\" class=\"wp-block-spacer\"><\/div>\n\n\n\n<figure class=\"wp-block-table\"><table><tbody><tr><td>2025<\/td><td>Galerie Anja Knoess, K\u00f6ln<\/td><\/tr><tr><td>2024<\/td><td>Galerie Albert Baumgarten, Freiburg<br>Galerie Poll, Berlin<br>Museum Modern Art, H\u00fcnfeld<\/td><\/tr><tr><td>2023<\/td><td>Kunstverein Wesseling<br>Galleria Sachetti, Ascona (mit Michael Schuster)<\/td><\/tr><tr><td>2022<\/td><td>Galerie Anja Knoess, K\u00f6ln<br>Willy-Brandt-Haus, Berlin (in Kooperation mit Galerie Poll, Berlin)<br>Galerie Albert Baumgarten, Freiburg<\/td><\/tr><tr><td>2021<\/td><td>Galerie Kunst2, Heidelberg<br>Galerie Poll, Berlin<\/td><\/tr><tr><td>2019<\/td><td>Galerie Anja Knoess, K\u00f6ln (mit Werner Pokorny)<\/td><\/tr><tr><td>2018<\/td><td>Galerie Kunst2, Heidelberg<br>Galerie Tristan Lorenz, Frankfurt am Main<\/td><\/tr><tr><td>2017<\/td><td>Galerie Anja Knoess, K\u00f6ln (mit Roland Schmitz)<\/td><\/tr><tr><td>2015<\/td><td>Textil-Kunst-Galerie der Sammlung Aichhorn, Salzburg (mit Walter Bruno Brix)<br>Galerie Anja Knoess, K\u00f6ln<\/td><\/tr><tr><td>2013<\/td><td>Galerie Phoenix, K\u00f6ln (mit Andr\u00e9 Schmucki)<br>Museum f\u00fcr verwandte Kunst, K\u00f6ln (mit Walter Bruno Brix)<\/td><\/tr><tr><td>2009<\/td><td>Museum Z\u00fcndorfer Wehrturm, K\u00f6ln<\/td><\/tr><tr><td>2008<\/td><td>Galerie im Forum, Leverkusen<\/td><\/tr><tr><td>2004<\/td><td>K\u00f6lnisches Stadtmuseum<br>Museum Z\u00fcndorfer Wehrturm, K\u00f6ln<\/td><\/tr><tr><td>2003<\/td><td>Galerie Inge Baecker, K\u00f6ln<\/td><\/tr><tr><td>2000<\/td><td>Galerie Marco di Piazza, San Gimignano (Italien)<\/td><\/tr><tr><td>1999<\/td><td>Galerie Seidel, K\u00f6ln (mit Peter Fuchs)<\/td><\/tr><tr><td>1996<\/td><td>Galerie On, K\u00f6ln<\/td><\/tr><\/tbody><\/table><\/figure>\n\n\n\n<div style=\"height:10px\" aria-hidden=\"true\" class=\"wp-block-spacer\"><\/div>\n\n\n\n<p><strong>Gruppenausstellungen (Auswahl)<\/strong><\/p>\n\n\n\n<div style=\"height:10px\" aria-hidden=\"true\" class=\"wp-block-spacer\"><\/div>\n\n\n\n<figure class=\"wp-block-table\"><table><tbody><tr><td>2025<\/td><td>Galerie Anja Knoess, K\u00f6ln<\/td><\/tr><tr><td>2022-2023<\/td><td>Galerie Heike Strelow, Frankfurt am Main<\/td><\/tr><tr><td>2022<\/td><td>Galerie Poll, Berlin<br>DavisKlemmGallery, Wiesbaden<\/td><\/tr><tr><td>2020<\/td><td>Galleria Sacchetti, Ascona (Schweiz)<\/td><\/tr><tr><td>2019<\/td><td>Galerie Poll, Berlin<\/td><\/tr><tr><td>2018<\/td><td>Galerie Arcade, M\u00f6dling (Wien)<br>Galerie Tristan Lorenz, Frankfurt am Main<br>Galerie Martin Mertens, Berlin<\/td><\/tr><tr><td>2016<\/td><td>Kunstverein Rhein-Sieg, Siegburg<\/td><\/tr><tr><td>2015<\/td><td>Museum Z\u00fcndorfer Wehrturm, K\u00f6ln<br>Kunsthalle Lindenthal, K\u00f6ln<\/td><\/tr><tr><td>2014<\/td><td>Kunstverein 68elf e.V., K\u00f6ln<br>Verein Berliner K\u00fcnstler (VBK), Berlin<br>Kulturbunker K\u00f6ln-M\u00fchlheim<\/td><\/tr><tr><td>2013<\/td><td>Museum Z\u00fcndorfer Wehrturm, K\u00f6ln<br>Kunsthalle Lindenthal, K\u00f6ln<br>Nachtspeicher23 e.V., Hamburg<br>Museum f\u00fcr verwandte Kunst, K\u00f6ln<\/td><\/tr><tr><td>2012<\/td><td>St\u00e4dtische Galerie Mennonitenkirche, Neuwied<br>Galerie der 68elf e.V., K\u00f6ln<br>Museum Kunstpalast, D\u00fcsseldorf<br>Municipal Museum Assen of Contemporary Art, Assen (Niederlande)<\/td><\/tr><tr><td>2011<\/td><td>Museum f\u00fcr verwandte Kunst, K\u00f6ln<br>Kunstverein 68elf, K\u00f6ln<\/td><\/tr><tr><td>2010<\/td><td>Kunstverein Pforzheim<br>Universit\u00e4t Mannheim<br>Kunstraum Sixteen, Zug (Schweiz)<\/td><\/tr><tr><td>2009<\/td><td>Galerie Epikur, Wuppertal<\/td><\/tr><tr><td>2008<\/td><td>Galeria Zpap \u201eArtNova 2\u2033, Katowice (Polen)<\/td><\/tr><tr><td>2007<\/td><td>R\u00f6misch-Germanisches Museum, K\u00f6ln<\/td><\/tr><tr><td>2006<\/td><td>Kunstverein \u201eDas Damianstor\u201c, Bruchsal<\/td><\/tr><tr><td>2005<\/td><td>Griechische Kulturstiftung, Berlin<br>Goethe-Institut, Thessaloniki (Griechenland)<\/td><\/tr><tr><td>2004<\/td><td>Museum f\u00fcr verwandte Kunst, K\u00f6ln<\/td><\/tr><tr><td>2003<\/td><td>ACC-Galerie, Weimar<br>Eifelmuseum Blankenheim<br>Tint-Gallery, Thessaloniki (Griechenland)<\/td><\/tr><tr><td>2002<\/td><td>Galerie Inge Baecker, K\u00f6ln<br>Kunstverein Sophie\u00b4s Palace, Utrecht<\/td><\/tr><tr><td>2000<\/td><td>Galerie Leonardi, Genua<\/td><\/tr><tr><td>1999<\/td><td>Kunstverein Baden (\u00d6sterreich)<br>Galerie Thomas Liedigk, Hamburg<br>Kunstverein \u201eCasa dell\u00b4arte\u201c, Rosignano Marittimo (Italien)<\/td><\/tr><tr><td>1998<\/td><td>M\u00fchlheimer Kunstverein e.V.<\/td><\/tr><tr><td>1997<\/td><td>DuMont Kunsthalle, K\u00f6ln<br>Galerie On, K\u00f6ln<\/td><\/tr><tr><td>1996<\/td><td>Torhaus-Museum Siegburg<br>Galerie Norbert Wiegers, K\u00f6ln<\/td><\/tr><\/tbody><\/table><\/figure>\n","protected":false},"excerpt":{"rendered":"<p>Einzelausstellungen (Auswahl) 2025 Galerie Anja Knoess, K\u00f6ln 2024 Galerie Albert Baumgarten, FreiburgGalerie Poll, BerlinMuseum Modern Art, H\u00fcnfeld 2023 Kunstverein WesselingGalleria Sachetti, Ascona (mit Michael Schuster) 2022 Galerie Anja Knoess, K\u00f6lnWilly-Brandt-Haus, Berlin (in Kooperation mit Galerie Poll, Berlin)Galerie Albert Baumgarten, Freiburg 2021 Galerie Kunst2, HeidelbergGalerie Poll, Berlin 2019 Galerie Anja Knoess, K\u00f6ln (mit Werner Pokorny) 2018 [&hellip;]<\/p>\n","protected":false},"author":1,"featured_media":0,"parent":19,"menu_order":1,"comment_status":"closed","ping_status":"closed","template":"kuenstler-text.php","meta":{"_acf_changed":false,"footnotes":""},"class_list":["post-27","page","type-page","status-publish","hentry"],"acf":[],"_links":{"self":[{"href":"https:\/\/poll-berlin.de\/galerie\/wp-json\/wp\/v2\/pages\/27","targetHints":{"allow":["GET"]}}],"collection":[{"href":"https:\/\/poll-berlin.de\/galerie\/wp-json\/wp\/v2\/pages"}],"about":[{"href":"https:\/\/poll-berlin.de\/galerie\/wp-json\/wp\/v2\/types\/page"}],"author":[{"embeddable":true,"href":"https:\/\/poll-berlin.de\/galerie\/wp-json\/wp\/v2\/users\/1"}],"replies":[{"embeddable":true,"href":"https:\/\/poll-berlin.de\/galerie\/wp-json\/wp\/v2\/comments?post=27"}],"version-history":[{"count":32,"href":"https:\/\/poll-berlin.de\/galerie\/wp-json\/wp\/v2\/pages\/27\/revisions"}],"predecessor-version":[{"id":45470,"href":"https:\/\/poll-berlin.de\/galerie\/wp-json\/wp\/v2\/pages\/27\/revisions\/45470"}],"up":[{"embeddable":true,"href":"https:\/\/poll-berlin.de\/galerie\/wp-json\/wp\/v2\/pages\/19"}],"wp:attachment":[{"href":"https:\/\/poll-berlin.de\/galerie\/wp-json\/wp\/v2\/media?parent=27"}],"curies":[{"name":"wp","href":"https:\/\/api.w.org\/{rel}","templated":true}]}}

<p><strong>Einzelausstellungen (Auswahl)</strong></p>



<div style="height:10px" aria-hidden="true" class="wp-block-spacer"></div>



<figure class="wp-block-table"><table><tbody><tr><td>2025</td><td>Galerie Anja Knoess, Köln</td></tr><tr><td>2024</td><td>Galerie Albert Baumgarten, Freiburg<br>Galerie Poll, Berlin<br>Museum Modern Art, Hünfeld</td></tr><tr><td>2023</td><td>Kunstverein Wesseling<br>Galleria Sachetti, Ascona (mit Michael Schuster)</td></tr><tr><td>2022</td><td>Galerie Anja Knoess, Köln<br>Willy-Brandt-Haus, Berlin (in Kooperation mit Galerie Poll, Berlin)<br>Galerie Albert Baumgarten, Freiburg</td></tr><tr><td>2021</td><td>Galerie Kunst2, Heidelberg<br>Galerie Poll, Berlin</td></tr><tr><td>2019</td><td>Galerie Anja Knoess, Köln (mit Werner Pokorny)</td></tr><tr><td>2018</td><td>Galerie Kunst2, Heidelberg<br>Galerie Tristan Lorenz, Frankfurt am Main</td></tr><tr><td>2017</td><td>Galerie Anja Knoess, Köln (mit Roland Schmitz)</td></tr><tr><td>2015</td><td>Textil-Kunst-Galerie der Sammlung Aichhorn, Salzburg (mit Walter Bruno Brix)<br>Galerie Anja Knoess, Köln</td></tr><tr><td>2013</td><td>Galerie Phoenix, Köln (mit André Schmucki)<br>Museum für verwandte Kunst, Köln (mit Walter Bruno Brix)</td></tr><tr><td>2009</td><td>Museum Zündorfer Wehrturm, Köln</td></tr><tr><td>2008</td><td>Galerie im Forum, Leverkusen</td></tr><tr><td>2004</td><td>Kölnisches Stadtmuseum<br>Museum Zündorfer Wehrturm, Köln</td></tr><tr><td>2003</td><td>Galerie Inge Baecker, Köln</td></tr><tr><td>2000</td><td>Galerie Marco di Piazza, San Gimignano (Italien)</td></tr><tr><td>1999</td><td>Galerie Seidel, Köln (mit Peter Fuchs)</td></tr><tr><td>1996</td><td>Galerie On, Köln</td></tr></tbody></table></figure>



<div style="height:10px" aria-hidden="true" class="wp-block-spacer"></div>



<p><strong>Gruppenausstellungen (Auswahl)</strong></p>



<div style="height:10px" aria-hidden="true" class="wp-block-spacer"></div>



<figure class="wp-block-table"><table><tbody><tr><td>2025</td><td>Galerie Anja Knoess, Köln</td></tr><tr><td>2022-2023</td><td>Galerie Heike Strelow, Frankfurt am Main</td></tr><tr><td>2022</td><td>Galerie Poll, Berlin<br>DavisKlemmGallery, Wiesbaden</td></tr><tr><td>2020</td><td>Galleria Sacchetti, Ascona (Schweiz)</td></tr><tr><td>2019</td><td>Galerie Poll, Berlin</td></tr><tr><td>2018</td><td>Galerie Arcade, Mödling (Wien)<br>Galerie Tristan Lorenz, Frankfurt am Main<br>Galerie Martin Mertens, Berlin</td></tr><tr><td>2016</td><td>Kunstverein Rhein-Sieg, Siegburg</td></tr><tr><td>2015</td><td>Museum Zündorfer Wehrturm, Köln<br>Kunsthalle Lindenthal, Köln</td></tr><tr><td>2014</td><td>Kunstverein 68elf e.V., Köln<br>Verein Berliner Künstler (VBK), Berlin<br>Kulturbunker Köln-Mühlheim</td></tr><tr><td>2013</td><td>Museum Zündorfer Wehrturm, Köln<br>Kunsthalle Lindenthal, Köln<br>Nachtspeicher23 e.V., Hamburg<br>Museum für verwandte Kunst, Köln</td></tr><tr><td>2012</td><td>Städtische Galerie Mennonitenkirche, Neuwied<br>Galerie der 68elf e.V., Köln<br>Museum Kunstpalast, Düsseldorf<br>Municipal Museum Assen of Contemporary Art, Assen (Niederlande)</td></tr><tr><td>2011</td><td>Museum für verwandte Kunst, Köln<br>Kunstverein 68elf, Köln</td></tr><tr><td>2010</td><td>Kunstverein Pforzheim<br>Universität Mannheim<br>Kunstraum Sixteen, Zug (Schweiz)</td></tr><tr><td>2009</td><td>Galerie Epikur, Wuppertal</td></tr><tr><td>2008</td><td>Galeria Zpap „ArtNova 2″, Katowice (Polen)</td></tr><tr><td>2007</td><td>Römisch-Germanisches Museum, Köln</td></tr><tr><td>2006</td><td>Kunstverein „Das Damianstor“, Bruchsal</td></tr><tr><td>2005</td><td>Griechische Kulturstiftung, Berlin<br>Goethe-Institut, Thessaloniki (Griechenland)</td></tr><tr><td>2004</td><td>Museum für verwandte Kunst, Köln</td></tr><tr><td>2003</td><td>ACC-Galerie, Weimar<br>Eifelmuseum Blankenheim<br>Tint-Gallery, Thessaloniki (Griechenland)</td></tr><tr><td>2002</td><td>Galerie Inge Baecker, Köln<br>Kunstverein Sophie´s Palace, Utrecht</td></tr><tr><td>2000</td><td>Galerie Leonardi, Genua</td></tr><tr><td>1999</td><td>Kunstverein Baden (Österreich)<br>Galerie Thomas Liedigk, Hamburg<br>Kunstverein „Casa dell´arte“, Rosignano Marittimo (Italien)</td></tr><tr><td>1998</td><td>Mühlheimer Kunstverein e.V.</td></tr><tr><td>1997</td><td>DuMont Kunsthalle, Köln<br>Galerie On, Köln</td></tr><tr><td>1996</td><td>Torhaus-Museum Siegburg<br>Galerie Norbert Wiegers, Köln</td></tr></tbody></table></figure>

<p>Einzelausstellungen (Auswahl) 2025 Galerie Anja Knoess, Köln 2024 Galerie Albert Baumgarten, FreiburgGalerie Poll, BerlinMuseum Modern Art, Hünfeld 2023 Kunstverein WesselingGalleria Sachetti, Ascona (mit Michael Schuster) 2022 Galerie Anja Knoess, KölnWilly-Brandt-Haus, Berlin (in Kooperation mit Galerie Poll, Berlin)Galerie Albert Baumgarten, Freiburg 2021 Galerie Kunst2, HeidelbergGalerie Poll, Berlin 2019 Galerie Anja Knoess, Köln (mit Werner Pokorny) 2018 [&hellip;]</p>
