{"id":25465,"date":"2022-02-15T15:58:58","date_gmt":"2022-02-15T14:58:58","guid":{"rendered":"https:\/\/poll-berlin.de\/galerie\/?page_id=25465"},"modified":"2026-03-11T17:33:00","modified_gmt":"2026-03-11T16:33:00","slug":"exhibitions","status":"publish","type":"page","link":"https:\/\/poll-berlin.de\/galerie\/en\/gallery-artists\/peer-boehm\/exhibitions\/","title":{"rendered":"Exhibitions"},"content":{"rendered":"\n<p><strong>Solo exhibitions (selection)<\/strong><\/p>\n\n\n\n<div style=\"height:10px\" aria-hidden=\"true\" class=\"wp-block-spacer\"><\/div>\n\n\n\n<figure class=\"wp-block-table\"><table><tbody><tr><td>2025<\/td><td>Galerie Anja Knoess, Cologne<\/td><\/tr><tr><td>2024<\/td><td>Galerie Albert Baumgarten, Freiburg<br>Galerie Poll, Berlin<br>Museum Modern Art, H\u00fcnfeld<\/td><\/tr><tr><td>2023<\/td><td>Wesseling Art Association<br>Galleria Sachetti, Ascona (with Michael Schuster)<\/td><\/tr><tr><td>2022<\/td><td>Galerie Anja Knoess, Cologne<br>Willy-Brandt-Haus, Berlin (in cooperation with Galerie Poll, Berlin)<br>Galerie Albert Baumgarten, Freiburg<\/td><\/tr><tr><td>2021<\/td><td>Galerie Kunst2, Heidelberg<br>Galerie Poll, Berlin<\/td><\/tr><tr><td>2019<\/td><td>Galerie Anja Knoess, Cologne (with Werner Pokorny)<\/td><\/tr><tr><td>2018<\/td><td>Galerie Kunst2, Heidelberg<br>Galerie Tristan Lorenz, Frankfurt am Main<\/td><\/tr><tr><td>2017<\/td><td>Galerie Anja Knoess, Cologne (with Roland Schmitz)<\/td><\/tr><tr><td>2015<\/td><td>Textil-Kunst-Galerie of Aichhorn Collection, Salzburg (with Walter Bruno Brix)<br>Galerie Anja Knoess, Cologne<\/td><\/tr><tr><td>2013<\/td><td>Galerie Phoenix, Cologne (with Andr\u00e9 Schmucki)<br>Museum f\u00fcr verwandte Kunst, Cologne (with Walter Bruno Brix)<\/td><\/tr><tr><td>2009<\/td><td>Museum Z\u00fcndorfer Wehrturm, Cologne<\/td><\/tr><tr><td>2008<\/td><td>Galerie im Forum, Leverkusen<\/td><\/tr><tr><td>2004<\/td><td>Cologne City Museum<br>Museum Z\u00fcndorfer Wehrturm, Cologne<\/td><\/tr><tr><td>2003<\/td><td><meta http-equiv=\"content-type\" content=\"text\/html; charset=utf-8\">Galerie Inge Baecker, Cologne<\/td><\/tr><tr><td>2000<\/td><td><meta http-equiv=\"content-type\" content=\"text\/html; charset=utf-8\">Galerie Marco di Piazza, San Gimignano (Italy)<\/td><\/tr><tr><td>1999<\/td><td><meta http-equiv=\"content-type\" content=\"text\/html; charset=utf-8\">Galerie Seidel, Cologne (with Peter Fuchs)<\/td><\/tr><tr><td>1996<\/td><td><meta http-equiv=\"content-type\" content=\"text\/html; charset=utf-8\">Galerie On, Cologne<\/td><\/tr><\/tbody><\/table><\/figure>\n\n\n\n<div style=\"height:10px\" aria-hidden=\"true\" class=\"wp-block-spacer\"><\/div>\n\n\n\n<p><strong><strong>Group exhibitions (selection<\/strong><\/strong>)<\/p>\n\n\n\n<div style=\"height:10px\" aria-hidden=\"true\" class=\"wp-block-spacer\"><\/div>\n\n\n\n<figure class=\"wp-block-table\"><table class=\"has-fixed-layout\"><tbody><tr><td>2025<\/td><td>Galerie Anja Knoess, Cologne<\/td><\/tr><tr><td>2022-2023<\/td><td>Galerie Heike Strelow, Frankfurt am Main<\/td><\/tr><tr><td>2022<\/td><td><meta http-equiv=\"content-type\" content=\"text\/html; charset=utf-8\">Galerie Poll, Berlin<br>DavisKlemmGallery, Wiesbaden<meta http-equiv=\"content-type\" content=\"text\/html; charset=utf-8\"><\/td><\/tr><tr><td>2020<\/td><td>Galleria Sacchetti, Ascona<\/td><\/tr><tr><td>2018<\/td><td>Galerie Arcade, M\u00f6dling (Vienna)<br><meta http-equiv=\"content-type\" content=\"text\/html; charset=utf-8\">Galerie Tristan Lorenz, Frankfurt<br><meta http-equiv=\"content-type\" content=\"text\/html; charset=utf-8\">Galerie Martin Mertens, Berlin<\/td><\/tr><tr><td>2016<\/td><td>Rhein-Sieg Art Association, Siegburg<\/td><\/tr><tr><td>2015<\/td><td>Museum Z\u00fcndorfer Wehrturm, Cologne<br>Kunsthalle Lindenthal, Cologne<\/td><\/tr><tr><td>2014<\/td><td>Art Association 68elf e.V., Cologne<br>Verein Berliner K\u00fcnstler (VBK), Berlin<br>Kulturbunker K\u00f6ln-M\u00fchlheim<\/td><\/tr><tr><td>2013<\/td><td>Museum Z\u00fcndorfer Wehrturm, Cologne<br>Kunsthalle Lindenthal, Cologne<br>Nachtspeicher23 e.V., Hamburg<br>Museum f\u00fcr verwandte Kunst, Cologne<\/td><\/tr><tr><td>2012<\/td><td>Mennonite Church Municipal Gallery, Neuwied<br>Gallery of the 68elf e.V., Cologne<br>Museum Kunstpalast, D\u00fcsseldorf<br>Municipal Museum Assen of Contemporary Art<\/td><\/tr><tr><td>2011<\/td><td>Museum f\u00fcr verwandte Kunst, Cologne<br>Art Association 68elf e.V., Cologne<\/td><\/tr><tr><td>2010<\/td><td>Pforzheim Art Association<br>Kunstraum Sixteen, Zug (Switzerland)<\/td><\/tr><tr><td>2009<\/td><td>Galerie Epikur, Wuppertal<\/td><\/tr><tr><td>2008<\/td><td>Galeria Zpap \u201eArtNova 2\u2033, Katowice (Poland)<\/td><\/tr><tr><td>2007<\/td><td>Romano-Germanic Museum, Cologne<\/td><\/tr><tr><td>2006<\/td><td>Art Association \u201eDas Damianstor\u201c, Bruchsal<\/td><\/tr><tr><td>2005<\/td><td>Griechische Kulturstiftung, Berlin<br>Goethe-Institut, Thessaloniki (Greece)<\/td><\/tr><tr><td>2004<\/td><td>Museum f\u00fcr verwandte Kunst, Cologne<\/td><\/tr><tr><td>2003<\/td><td>ACC-Galerie, Weimar<br>Eifelmuseum Blankenheim<br>Tint-Gallery, Thessaloniki (Greece)<\/td><\/tr><tr><td>2002<\/td><td><meta http-equiv=\"content-type\" content=\"text\/html; charset=utf-8\">Galerie Inge Baecker, Cologne<br>Art Association Sophie\u00b4s Palace, Utrecht<\/td><\/tr><tr><td>2000<\/td><td><meta http-equiv=\"content-type\" content=\"text\/html; charset=utf-8\">Galerie Leonardi, Genoa<\/td><\/tr><tr><td>1999<\/td><td>Baden Art Association (Austria)<br><meta http-equiv=\"content-type\" content=\"text\/html; charset=utf-8\">Galerie Thomas Liedigk, Hamburg<br>Art Association \u201eCasa dell\u00b4arte\u201c, Rosignano Marittimo (Italy)<\/td><\/tr><tr><td>1998<\/td><td>M\u00fchlheim Art Association<\/td><\/tr><tr><td>1997<\/td><td>DuMont Kunsthalle, Cologne<br><meta http-equiv=\"content-type\" content=\"text\/html; charset=utf-8\">Galerie On, Cologne<\/td><\/tr><tr><td>1996<\/td><td>Torhaus-Museum Siegburg<br><meta http-equiv=\"content-type\" content=\"text\/html; charset=utf-8\">Galerie Norbert Wiegers, Cologne<\/td><\/tr><\/tbody><\/table><\/figure>\n","protected":false},"excerpt":{"rendered":"<p>Solo exhibitions (selection) 2025 Galerie Anja Knoess, Cologne 2024 Galerie Albert Baumgarten, FreiburgGalerie Poll, BerlinMuseum Modern Art, H\u00fcnfeld 2023 Wesseling Art AssociationGalleria Sachetti, Ascona (with Michael Schuster) 2022 Galerie Anja Knoess, CologneWilly-Brandt-Haus, Berlin (in cooperation with Galerie Poll, Berlin)Galerie Albert Baumgarten, Freiburg 2021 Galerie Kunst2, HeidelbergGalerie Poll, Berlin 2019 Galerie Anja Knoess, Cologne (with Werner [&hellip;]<\/p>\n","protected":false},"author":1,"featured_media":0,"parent":25462,"menu_order":1,"comment_status":"closed","ping_status":"closed","template":"kuenstler-text.php","meta":{"_acf_changed":false,"footnotes":""},"class_list":["post-25465","page","type-page","status-publish","hentry"],"acf":[],"_links":{"self":[{"href":"https:\/\/poll-berlin.de\/galerie\/wp-json\/wp\/v2\/pages\/25465","targetHints":{"allow":["GET"]}}],"collection":[{"href":"https:\/\/poll-berlin.de\/galerie\/wp-json\/wp\/v2\/pages"}],"about":[{"href":"https:\/\/poll-berlin.de\/galerie\/wp-json\/wp\/v2\/types\/page"}],"author":[{"embeddable":true,"href":"https:\/\/poll-berlin.de\/galerie\/wp-json\/wp\/v2\/users\/1"}],"replies":[{"embeddable":true,"href":"https:\/\/poll-berlin.de\/galerie\/wp-json\/wp\/v2\/comments?post=25465"}],"version-history":[{"count":35,"href":"https:\/\/poll-berlin.de\/galerie\/wp-json\/wp\/v2\/pages\/25465\/revisions"}],"predecessor-version":[{"id":45469,"href":"https:\/\/poll-berlin.de\/galerie\/wp-json\/wp\/v2\/pages\/25465\/revisions\/45469"}],"up":[{"embeddable":true,"href":"https:\/\/poll-berlin.de\/galerie\/wp-json\/wp\/v2\/pages\/25462"}],"wp:attachment":[{"href":"https:\/\/poll-berlin.de\/galerie\/wp-json\/wp\/v2\/media?parent=25465"}],"curies":[{"name":"wp","href":"https:\/\/api.w.org\/{rel}","templated":true}]}}