{"id":247,"date":"2021-05-07T12:35:47","date_gmt":"2021-05-07T10:35:47","guid":{"rendered":"https:\/\/poll-berlin.de\/galerie\/?page_id=247"},"modified":"2025-07-30T17:38:32","modified_gmt":"2025-07-30T15:38:32","slug":"ausstellungen","status":"publish","type":"page","link":"https:\/\/poll-berlin.de\/galerie\/kuenstler-der-galerie\/goeran-gnaudschun\/ausstellungen\/","title":{"rendered":"Ausstellungen"},"content":{"rendered":"\n<p><strong>Einzelausstellungen (Auswahl)<\/strong><\/p>\n\n\n\n<div style=\"height:10px\" aria-hidden=\"true\" class=\"wp-block-spacer\"><\/div>\n\n\n\n<figure class=\"wp-block-table\"><table><tbody><tr><td>2025<\/td><td>Haus am L\u00fctzowplatz, Berlin<br>Galerie Poll, Berlin<\/td><\/tr><tr><td>2024-2025<\/td><td>Friedrich-Naumann-Stiftung, Potsdam (mit Anne Heinlein)<\/td><\/tr><tr><td>2022<\/td><td>Galerie Poll, Berlin<br>Kulturkirche Markuskirche, Hannover (mit Christian Retschlag)<\/td><\/tr><tr><td>2021<\/td><td>Museum Europ\u00e4ischer Kulturen, Berlin<\/td><\/tr><tr><td>2020<\/td><td>Haus am Kleistpark | Projektraum, Berlin<br>Ausstellungsraum bautzner 69, Dresden<\/td><\/tr><tr><td>2019<\/td><td>Goethe-Institut Rom<br>Galerie Poll, Berlin<br>Rencontres de la Photographie, Arles<br>Casa Onna, Onna-L\u2019Aquila (Italien)<\/td><\/tr><tr><td>2017<\/td><td>Haus am Kleistpark, Berlin (mit Anne Heinlein)<br>Galerie der Villa Massimo, Rom<\/td><\/tr><tr><td>2016<\/td><td>HannoverStiftung in der Galerie f\u00fcr Fotografie, Hannover<br>Fischlandhaus Wustrow<\/td><\/tr><tr><td>2015<\/td><td>Stadtmuseum M\u00fcnchen<br>Brandenburgisches Kulturministerium Potsdam<br>Station des Kasseler Fotoforum<\/td><\/tr><tr><td>2014<\/td><td>Haus am L\u00fctzowplatz, Berlin<br>St\u00e4dtische Galerie Neunkirchen<\/td><\/tr><tr><td>2013<\/td><td>Ausstellungsraum bautzner69, Dresden<br>Fotopension, K\u00f6ln<\/td><\/tr><tr><td>2011<\/td><td>Fotoforum West, Innsbruck<\/td><\/tr><tr><td>2010<\/td><td>Goethe-Institut San Francisco (mit Anne Heinlein)<br>Kunststiftung Poll, Berlin<\/td><\/tr><tr><td>2008<\/td><td>Kunstraum Potsdam<\/td><\/tr><tr><td>2006<\/td><td>Galerie Cond\u00e9, Paris, Goethe-Institut Paris (mit Ulrich Gebert)<\/td><\/tr><tr><td>2005<\/td><td>Goethe-Institut, Riga<\/td><\/tr><tr><td>2004<\/td><td>Waschhaus Potsdam<br>PAN \u2013 Kunstforum Niederrhein, Emmerich<\/td><\/tr><tr><td>2002<\/td><td>Haus der Land-Brandenburg-Lotto-GmbH, Potsdam<\/td><\/tr><tr><td>2001<\/td><td>Kunststiftung Poll, Berlin<br>Galerie des Westens, Bremen<br>Fotogalerie Friedrichshain, Berlin<\/td><\/tr><tr><td>2000<\/td><td>Galerie Kleindienst, Leipzig<\/td><\/tr><tr><td>1998<\/td><td>Haus der Land-Brandenburg-Lotto-GmbH, Potsdam<\/td><\/tr><\/tbody><\/table><\/figure>\n\n\n\n<div style=\"height:10px\" aria-hidden=\"true\" class=\"wp-block-spacer\"><\/div>\n\n\n\n<p><strong>Gruppenausstellungen (Auswahl)<\/strong><\/p>\n\n\n\n<div style=\"height:10px\" aria-hidden=\"true\" class=\"wp-block-spacer\"><\/div>\n\n\n\n<figure class=\"wp-block-table\"><table><tbody><tr><td>2024<\/td><td>Stadthaus Ulm<\/td><\/tr><tr><td>2023<\/td><td>Kommunale Galerie Berlin<\/td><\/tr><tr><td>2022<\/td><td>Willy-Brandt-Haus, Berlin<\/td><\/tr><tr><td>2021<\/td><td>Kommunale Galerie Berlin<br>17. Architekturbiennale Venedig<\/td><\/tr><tr><td>2020<\/td><td>Haus am Kleistpark, Berlin<br>K\u00fchlhaus, Berlin<\/td><\/tr><tr><td>2019<\/td><td>Kulturzentrum DeMarkten, Br\u00fcssel<br>Deichtorhallen, Hamburg<br>Motorenhalle des riesa efau, Dresden<\/td><\/tr><tr><td>2018<\/td><td>Ray-Festival, Deutsche B\u00f6rse, Frankfurt am Main<br>Museum f\u00fcr Gegenwartskunst, Siegen<br>Fotohof Salzburg<br>16. Architekturbiennale Venedig<br>Deutsche B\u00f6rse Photography Foundation, Frankfurt am Main<\/td><\/tr><tr><td>2017<\/td><td>Martin-Gropius-Bau, Berlin<br>Accademia di Romania, Rom<br>Benaki Museum, Athens<br>Accademia di belle Arti di Roma, Campo Boario<\/td><\/tr><tr><td>2016<\/td><td>Haus am L\u00fctzowplatz, Berlin<br>Kunststiftung Poll, Berlin<br>Brandenburgischer Kunstverein Potsdam<br>KunstHaus Potsdam<\/td><\/tr><tr><td>2015<\/td><td>Landtag Brandenburg, Potsdam<br>KAUNAS Fotofestival, Litauen<\/td><\/tr><tr><td>2014<\/td><td>Kunstforum Ostdeutsche Galerie Regensburg<br>Brighton Photo Biennial (UK)<\/td><\/tr><tr><td>2013<\/td><td>Kunsthalle im Lipsiusbau Dresden<br>Motorenhalle des riesa efau, Dresden<\/td><\/tr><tr><td>2012<\/td><td>Photoplatz Hotel Bogota, Berlin<\/td><\/tr><tr><td>2011<\/td><td>Museum der bildenden K\u00fcnste Leipzig<br>Parrotta Contemporary, Stuttgart<\/td><\/tr><tr><td>2010<\/td><td>Opelvillen R\u00fcsselsheim<\/td><\/tr><tr><td>2009<\/td><td>Galerie Leuenroth, Frankfurt am Main<br>Welterbe Zollverein Essen<br>dkw. Kunstmuseum Dieselkraftwerk Cottbus<\/td><\/tr><tr><td>2008<\/td><td>Stadtgalerie Kiel<br>Kunstsammlungen Zwickau<\/td><\/tr><tr><td>2006<\/td><td>Literaturhaus, M\u00fcnchen<\/td><\/tr><tr><td>2003<\/td><td>Galerie 20\/21, Essen<br>Festspielhaus Hellerau, Dresden<br>Palais f\u00fcr aktuelle Kunst, Gl\u00fccksstadt<br>St\u00e4dtische Galerie Wolfsburg<\/td><\/tr><tr><td>2002<\/td><td>Museum der bildenden K\u00fcnste Leipzig<\/td><\/tr><tr><td>1998<\/td><td>Galerie Gebr\u00fcder Lehmann, Dresden<\/td><\/tr><tr><td>1997<\/td><td>galerie neugerriemschneider, Berlin<br>Galerie Wittenbrink, M\u00fcnchen<\/td><\/tr><\/tbody><\/table><\/figure>\n","protected":false},"excerpt":{"rendered":"<p>Einzelausstellungen (Auswahl) 2025 Haus am L\u00fctzowplatz, BerlinGalerie Poll, Berlin 2024-2025 Friedrich-Naumann-Stiftung, Potsdam (mit Anne Heinlein) 2022 Galerie Poll, BerlinKulturkirche Markuskirche, Hannover (mit Christian Retschlag) 2021 Museum Europ\u00e4ischer Kulturen, Berlin 2020 Haus am Kleistpark | Projektraum, BerlinAusstellungsraum bautzner 69, Dresden 2019 Goethe-Institut RomGalerie Poll, BerlinRencontres de la Photographie, ArlesCasa Onna, Onna-L\u2019Aquila (Italien) 2017 Haus am Kleistpark, [&hellip;]<\/p>\n","protected":false},"author":2,"featured_media":0,"parent":182,"menu_order":1,"comment_status":"closed","ping_status":"closed","template":"kuenstler-text.php","meta":{"_acf_changed":false,"footnotes":""},"class_list":["post-247","page","type-page","status-publish","hentry"],"acf":[],"_links":{"self":[{"href":"https:\/\/poll-berlin.de\/galerie\/wp-json\/wp\/v2\/pages\/247","targetHints":{"allow":["GET"]}}],"collection":[{"href":"https:\/\/poll-berlin.de\/galerie\/wp-json\/wp\/v2\/pages"}],"about":[{"href":"https:\/\/poll-berlin.de\/galerie\/wp-json\/wp\/v2\/types\/page"}],"author":[{"embeddable":true,"href":"https:\/\/poll-berlin.de\/galerie\/wp-json\/wp\/v2\/users\/2"}],"replies":[{"embeddable":true,"href":"https:\/\/poll-berlin.de\/galerie\/wp-json\/wp\/v2\/comments?post=247"}],"version-history":[{"count":26,"href":"https:\/\/poll-berlin.de\/galerie\/wp-json\/wp\/v2\/pages\/247\/revisions"}],"predecessor-version":[{"id":43807,"href":"https:\/\/poll-berlin.de\/galerie\/wp-json\/wp\/v2\/pages\/247\/revisions\/43807"}],"up":[{"embeddable":true,"href":"https:\/\/poll-berlin.de\/galerie\/wp-json\/wp\/v2\/pages\/182"}],"wp:attachment":[{"href":"https:\/\/poll-berlin.de\/galerie\/wp-json\/wp\/v2\/media?parent=247"}],"curies":[{"name":"wp","href":"https:\/\/api.w.org\/{rel}","templated":true}]}}