{"id":2266,"date":"2021-07-28T17:10:03","date_gmt":"2021-07-28T15:10:03","guid":{"rendered":"https:\/\/poll-berlin.de\/galerie\/?page_id=2266"},"modified":"2025-02-18T13:06:23","modified_gmt":"2025-02-18T12:06:23","slug":"audio-video","status":"publish","type":"page","link":"https:\/\/poll-berlin.de\/galerie\/ausstellungen\/archiv\/graviditaet\/audio-video\/","title":{"rendered":"Audio \/ Video"},"content":{"rendered":"\n<p>Anl\u00e4sslich der Ausstellung f\u00fchrte Jochen L. St\u00f6ckmann ein Gespr\u00e4ch mit Daniel Ben Sorge und Lothar C. Poll, das hier nachzuh\u00f6ren ist (dt., Dauer: 32 Min.):<\/p>\n\n\n\n<figure class=\"wp-block-image size-full\"><a href=\"https:\/\/soundcloud.com\/jochen-stoeckmann\/graviditat-uber-maina-miriam-munsky-sprechen-daniel-ben-sorge-und-lothar-c-poll\" target=\"_blank\" rel=\"noopener\"><img loading=\"lazy\" decoding=\"async\" width=\"200\" height=\"23\" src=\"https:\/\/poll-berlin.de\/galerie\/wp-content\/uploads\/Soundcloud_Logo.gif\" alt=\"\" class=\"wp-image-2556\"\/><\/a><\/figure>\n","protected":false},"excerpt":{"rendered":"<p>Anl\u00e4sslich der Ausstellung f\u00fchrte Jochen L. St\u00f6ckmann ein Gespr\u00e4ch mit Daniel Ben Sorge und Lothar C. Poll, das hier nachzuh\u00f6ren ist (dt., Dauer: 32 Min.):<\/p>\n","protected":false},"author":1,"featured_media":0,"parent":2258,"menu_order":4,"comment_status":"closed","ping_status":"closed","template":"ausstellen-text.php","meta":{"_acf_changed":false,"footnotes":""},"class_list":["post-2266","page","type-page","status-publish","hentry"],"acf":[],"_links":{"self":[{"href":"https:\/\/poll-berlin.de\/galerie\/wp-json\/wp\/v2\/pages\/2266","targetHints":{"allow":["GET"]}}],"collection":[{"href":"https:\/\/poll-berlin.de\/galerie\/wp-json\/wp\/v2\/pages"}],"about":[{"href":"https:\/\/poll-berlin.de\/galerie\/wp-json\/wp\/v2\/types\/page"}],"author":[{"embeddable":true,"href":"https:\/\/poll-berlin.de\/galerie\/wp-json\/wp\/v2\/users\/1"}],"replies":[{"embeddable":true,"href":"https:\/\/poll-berlin.de\/galerie\/wp-json\/wp\/v2\/comments?post=2266"}],"version-history":[{"count":4,"href":"https:\/\/poll-berlin.de\/galerie\/wp-json\/wp\/v2\/pages\/2266\/revisions"}],"predecessor-version":[{"id":41106,"href":"https:\/\/poll-berlin.de\/galerie\/wp-json\/wp\/v2\/pages\/2266\/revisions\/41106"}],"up":[{"embeddable":true,"href":"https:\/\/poll-berlin.de\/galerie\/wp-json\/wp\/v2\/pages\/2258"}],"wp:attachment":[{"href":"https:\/\/poll-berlin.de\/galerie\/wp-json\/wp\/v2\/media?parent=2266"}],"curies":[{"name":"wp","href":"https:\/\/api.w.org\/{rel}","templated":true}]}}