{"id":219,"date":"2021-05-07T12:25:14","date_gmt":"2021-05-07T10:25:14","guid":{"rendered":"https:\/\/poll-berlin.de\/galerie\/?page_id=219"},"modified":"2025-10-14T18:21:47","modified_gmt":"2025-10-14T16:21:47","slug":"biografie","status":"publish","type":"page","link":"https:\/\/poll-berlin.de\/galerie\/kuenstler-der-galerie\/matthias-beckmann\/biografie\/","title":{"rendered":"Biografie"},"content":{"rendered":"\n<p><strong>Biografie<\/strong><\/p>\n\n\n\n<div style=\"height:10px\" aria-hidden=\"true\" class=\"wp-block-spacer\"><\/div>\n\n\n\n<figure class=\"wp-block-table\"><table><tbody><tr><td>1965<\/td><td>geboren in Arnsberg<\/td><\/tr><tr><td>1984-1990<\/td><td>Studium an der Kunstakademie D\u00fcsseldorf bei Prof. Franz Eggenschwiler<\/td><\/tr><tr><td>1989<\/td><td>Meistersch\u00fcler bei Prof. Franz Eggenschwiler<\/td><\/tr><tr><td>1990-1992<\/td><td>Studium an der Staatlichen Akademie der Bildenden K\u00fcnste Stuttgart bei Prof. Rudolf Schoofs<\/td><\/tr><tr><td>1992-1994<\/td><td>Lehrauftrag an der Fachhochschule Dortmund<\/td><\/tr><tr><td>1995<\/td><td>Mitbegr\u00fcnder der K\u00fcnstlergruppe &#8222;Die Weissenhofer&#8220;<\/td><\/tr><tr><td>2000-2001<\/td><td>Lehrauftrag an der Universit\u00e4t Dortmund<\/td><\/tr><tr><td>2001-2002<\/td><td>Vertretungsprofessur an der Fachhochschule Darmstadt<\/td><\/tr><tr><td>2016-2017<\/td><td>Lehrauftrag f\u00fcr Zeichnen an der Universit\u00e4t der K\u00fcnste Berlin (UdK)<\/td><\/tr><tr><td>2018<\/td><td>Lehrauftrag Zeichnung und Illustration, Wei\u00dfensee Kunsthochschule Berlin<\/td><\/tr><tr><td>2023<\/td><td>Lehrauftrag, Wei\u00dfensee Kunsthochschule Berlin<\/td><\/tr><\/tbody><\/table><\/figure>\n\n\n\n<p>Matthias Beckmann lebt und arbeitet in Berlin.<\/p>\n\n\n\n<div style=\"height:10px\" aria-hidden=\"true\" class=\"wp-block-spacer\"><\/div>\n\n\n\n<p><strong>Stipendien und Preise (Auswahl)<\/strong><\/p>\n\n\n\n<div style=\"height:10px\" aria-hidden=\"true\" class=\"wp-block-spacer\"><\/div>\n\n\n\n<figure class=\"wp-block-table\"><table><tbody><tr><td>2024<\/td><td>Art Residence OUR AIR, Nykarleby (Finnland)<\/td><\/tr><tr><td>2022<\/td><td>bangaloREsidency, Goethe-Institut, 1 Shanthi Road, Bangalore<\/td><\/tr><tr><td>2020<\/td><td>Residenz, Lichtenberg Studios, Berlin<\/td><\/tr><tr><td>2018<\/td><td>Stipendium der Stader Stiftung f\u00fcr Kultur und Geschichte<\/td><\/tr><tr><td>2010<\/td><td>Albert Stuwe-Preis f\u00fcr Zeichnung<\/td><\/tr><tr><td>2001<\/td><td>Auslandsstipendium des Landes Nordrhein-Westfalen f\u00fcr Paris<\/td><\/tr><tr><td>1999<\/td><td>Casa-Baldi-Stipendium der Deutschen Akademie Rom, Olevano<br>Barkenhoff-Stipendium, Worpswede<\/td><\/tr><tr><td>1998<\/td><td>Arbeitsstipendium des Kunstfonds e.V., Bonn<\/td><\/tr><tr><td>1996<\/td><td>Stipendium K\u00fcnstlerdorf Sch\u00f6ppingen<br>Graduiertenstipendium des Landes Baden-W\u00fcrttemberg<br>GWK-F\u00f6rderpreis Kunst, M\u00fcnster<\/td><\/tr><tr><td>1990<\/td><td>Joseph-Fassbender-Preis f\u00fcr Handzeichnung und Druckgrafik, Br\u00fchl<\/td><\/tr><\/tbody><\/table><\/figure>\n","protected":false},"excerpt":{"rendered":"<p>Biografie 1965 geboren in Arnsberg 1984-1990 Studium an der Kunstakademie D\u00fcsseldorf bei Prof. Franz Eggenschwiler 1989 Meistersch\u00fcler bei Prof. Franz Eggenschwiler 1990-1992 Studium an der Staatlichen Akademie der Bildenden K\u00fcnste Stuttgart bei Prof. Rudolf Schoofs 1992-1994 Lehrauftrag an der Fachhochschule Dortmund 1995 Mitbegr\u00fcnder der K\u00fcnstlergruppe &#8222;Die Weissenhofer&#8220; 2000-2001 Lehrauftrag an der Universit\u00e4t Dortmund 2001-2002 Vertretungsprofessur [&hellip;]<\/p>\n","protected":false},"author":2,"featured_media":0,"parent":177,"menu_order":0,"comment_status":"closed","ping_status":"closed","template":"kuenstler-text.php","meta":{"_acf_changed":false,"footnotes":""},"class_list":["post-219","page","type-page","status-publish","hentry"],"acf":[],"_links":{"self":[{"href":"https:\/\/poll-berlin.de\/galerie\/wp-json\/wp\/v2\/pages\/219","targetHints":{"allow":["GET"]}}],"collection":[{"href":"https:\/\/poll-berlin.de\/galerie\/wp-json\/wp\/v2\/pages"}],"about":[{"href":"https:\/\/poll-berlin.de\/galerie\/wp-json\/wp\/v2\/types\/page"}],"author":[{"embeddable":true,"href":"https:\/\/poll-berlin.de\/galerie\/wp-json\/wp\/v2\/users\/2"}],"replies":[{"embeddable":true,"href":"https:\/\/poll-berlin.de\/galerie\/wp-json\/wp\/v2\/comments?post=219"}],"version-history":[{"count":20,"href":"https:\/\/poll-berlin.de\/galerie\/wp-json\/wp\/v2\/pages\/219\/revisions"}],"predecessor-version":[{"id":44356,"href":"https:\/\/poll-berlin.de\/galerie\/wp-json\/wp\/v2\/pages\/219\/revisions\/44356"}],"up":[{"embeddable":true,"href":"https:\/\/poll-berlin.de\/galerie\/wp-json\/wp\/v2\/pages\/177"}],"wp:attachment":[{"href":"https:\/\/poll-berlin.de\/galerie\/wp-json\/wp\/v2\/media?parent=219"}],"curies":[{"name":"wp","href":"https:\/\/api.w.org\/{rel}","templated":true}]}}

<p><strong>Biografie</strong></p>



<div style="height:10px" aria-hidden="true" class="wp-block-spacer"></div>



<figure class="wp-block-table"><table><tbody><tr><td>1965</td><td>geboren in Arnsberg</td></tr><tr><td>1984-1990</td><td>Studium an der Kunstakademie Düsseldorf bei Prof. Franz Eggenschwiler</td></tr><tr><td>1989</td><td>Meisterschüler bei Prof. Franz Eggenschwiler</td></tr><tr><td>1990-1992</td><td>Studium an der Staatlichen Akademie der Bildenden Künste Stuttgart bei Prof. Rudolf Schoofs</td></tr><tr><td>1992-1994</td><td>Lehrauftrag an der Fachhochschule Dortmund</td></tr><tr><td>1995</td><td>Mitbegründer der Künstlergruppe &#8222;Die Weissenhofer&#8220;</td></tr><tr><td>2000-2001</td><td>Lehrauftrag an der Universität Dortmund</td></tr><tr><td>2001-2002</td><td>Vertretungsprofessur an der Fachhochschule Darmstadt</td></tr><tr><td>2016-2017</td><td>Lehrauftrag für Zeichnen an der Universität der Künste Berlin (UdK)</td></tr><tr><td>2018</td><td>Lehrauftrag Zeichnung und Illustration, Weißensee Kunsthochschule Berlin</td></tr><tr><td>2023</td><td>Lehrauftrag, Weißensee Kunsthochschule Berlin</td></tr></tbody></table></figure>



<p>Matthias Beckmann lebt und arbeitet in Berlin.</p>



<div style="height:10px" aria-hidden="true" class="wp-block-spacer"></div>



<p><strong>Stipendien und Preise (Auswahl)</strong></p>



<div style="height:10px" aria-hidden="true" class="wp-block-spacer"></div>



<figure class="wp-block-table"><table><tbody><tr><td>2024</td><td>Art Residence OUR AIR, Nykarleby (Finnland)</td></tr><tr><td>2022</td><td>bangaloREsidency, Goethe-Institut, 1 Shanthi Road, Bangalore</td></tr><tr><td>2020</td><td>Residenz, Lichtenberg Studios, Berlin</td></tr><tr><td>2018</td><td>Stipendium der Stader Stiftung für Kultur und Geschichte</td></tr><tr><td>2010</td><td>Albert Stuwe-Preis für Zeichnung</td></tr><tr><td>2001</td><td>Auslandsstipendium des Landes Nordrhein-Westfalen für Paris</td></tr><tr><td>1999</td><td>Casa-Baldi-Stipendium der Deutschen Akademie Rom, Olevano<br>Barkenhoff-Stipendium, Worpswede</td></tr><tr><td>1998</td><td>Arbeitsstipendium des Kunstfonds e.V., Bonn</td></tr><tr><td>1996</td><td>Stipendium Künstlerdorf Schöppingen<br>Graduiertenstipendium des Landes Baden-Württemberg<br>GWK-Förderpreis Kunst, Münster</td></tr><tr><td>1990</td><td>Joseph-Fassbender-Preis für Handzeichnung und Druckgrafik, Brühl</td></tr></tbody></table></figure>

<p>Biografie 1965 geboren in Arnsberg 1984-1990 Studium an der Kunstakademie Düsseldorf bei Prof. Franz Eggenschwiler 1989 Meisterschüler bei Prof. Franz Eggenschwiler 1990-1992 Studium an der Staatlichen Akademie der Bildenden Künste Stuttgart bei Prof. Rudolf Schoofs 1992-1994 Lehrauftrag an der Fachhochschule Dortmund 1995 Mitbegründer der Künstlergruppe &#8222;Die Weissenhofer&#8220; 2000-2001 Lehrauftrag an der Universität Dortmund 2001-2002 Vertretungsprofessur [&hellip;]</p>
