{"id":199,"date":"2021-05-07T12:18:47","date_gmt":"2021-05-07T10:18:47","guid":{"rendered":"https:\/\/poll-berlin.de\/galerie\/?page_id=199"},"modified":"2025-04-30T17:48:32","modified_gmt":"2025-04-30T15:48:32","slug":"werke-in-sammlungen","status":"publish","type":"page","link":"https:\/\/poll-berlin.de\/galerie\/kuenstler-der-galerie\/martina-altschaefer\/werke-in-sammlungen\/","title":{"rendered":"Werke in Sammlungen"},"content":{"rendered":"\n<p><strong>Werke in Sammlungen<\/strong><\/p>\n\n\n\n<p>Kunstmuseum Albstadt<br>Sammlung Deutsche Bank, Frankfurt am Main<br>Regierungspr\u00e4sidium Karlsruhe<br>Gutenberg-Museum, Mainz<br>Landesmuseum Mainz<br>Stadt Neuwied<br>Sammlung der Stadt R\u00fcsselsheim<br>Stadt- und Industriemuseum R\u00fcsselsheim<br>Ministerium f\u00fcr Bildung und Kultur des Landes Rheinland-Pfalz<\/p>\n","protected":false},"excerpt":{"rendered":"<p>Werke in Sammlungen Kunstmuseum AlbstadtSammlung Deutsche Bank, Frankfurt am MainRegierungspr\u00e4sidium KarlsruheGutenberg-Museum, MainzLandesmuseum MainzStadt NeuwiedSammlung der Stadt R\u00fcsselsheimStadt- und Industriemuseum R\u00fcsselsheimMinisterium f\u00fcr Bildung und Kultur des Landes Rheinland-Pfalz<\/p>\n","protected":false},"author":2,"featured_media":0,"parent":173,"menu_order":2,"comment_status":"closed","ping_status":"closed","template":"kuenstler-text.php","meta":{"_acf_changed":false,"footnotes":""},"class_list":["post-199","page","type-page","status-publish","hentry"],"acf":[],"_links":{"self":[{"href":"https:\/\/poll-berlin.de\/galerie\/wp-json\/wp\/v2\/pages\/199","targetHints":{"allow":["GET"]}}],"collection":[{"href":"https:\/\/poll-berlin.de\/galerie\/wp-json\/wp\/v2\/pages"}],"about":[{"href":"https:\/\/poll-berlin.de\/galerie\/wp-json\/wp\/v2\/types\/page"}],"author":[{"embeddable":true,"href":"https:\/\/poll-berlin.de\/galerie\/wp-json\/wp\/v2\/users\/2"}],"replies":[{"embeddable":true,"href":"https:\/\/poll-berlin.de\/galerie\/wp-json\/wp\/v2\/comments?post=199"}],"version-history":[{"count":5,"href":"https:\/\/poll-berlin.de\/galerie\/wp-json\/wp\/v2\/pages\/199\/revisions"}],"predecessor-version":[{"id":1676,"href":"https:\/\/poll-berlin.de\/galerie\/wp-json\/wp\/v2\/pages\/199\/revisions\/1676"}],"up":[{"embeddable":true,"href":"https:\/\/poll-berlin.de\/galerie\/wp-json\/wp\/v2\/pages\/173"}],"wp:attachment":[{"href":"https:\/\/poll-berlin.de\/galerie\/wp-json\/wp\/v2\/media?parent=199"}],"curies":[{"name":"wp","href":"https:\/\/api.w.org\/{rel}","templated":true}]}}

<p><strong>Werke in Sammlungen</strong></p>



<p>Kunstmuseum Albstadt<br>Sammlung Deutsche Bank, Frankfurt am Main<br>Regierungspräsidium Karlsruhe<br>Gutenberg-Museum, Mainz<br>Landesmuseum Mainz<br>Stadt Neuwied<br>Sammlung der Stadt Rüsselsheim<br>Stadt- und Industriemuseum Rüsselsheim<br>Ministerium für Bildung und Kultur des Landes Rheinland-Pfalz</p>

<p>Werke in Sammlungen Kunstmuseum AlbstadtSammlung Deutsche Bank, Frankfurt am MainRegierungspräsidium KarlsruheGutenberg-Museum, MainzLandesmuseum MainzStadt NeuwiedSammlung der Stadt RüsselsheimStadt- und Industriemuseum RüsselsheimMinisterium für Bildung und Kultur des Landes Rheinland-Pfalz</p>
