{"id":195,"date":"2021-05-07T12:17:31","date_gmt":"2021-05-07T10:17:31","guid":{"rendered":"https:\/\/poll-berlin.de\/galerie\/?page_id=195"},"modified":"2024-02-21T16:39:23","modified_gmt":"2024-02-21T15:39:23","slug":"biografie","status":"publish","type":"page","link":"https:\/\/poll-berlin.de\/galerie\/kuenstler-der-galerie\/martina-altschaefer\/biografie\/","title":{"rendered":"Biografie"},"content":{"rendered":"\n<p><strong>Biografie<\/strong><\/p>\n\n\n\n<div style=\"height:10px\" aria-hidden=\"true\" class=\"wp-block-spacer\"><\/div>\n\n\n\n<figure class=\"wp-block-table\"><table><tbody><tr><td>1960<\/td><td>geboren in R\u00fcsselsheim<\/td><\/tr><tr><td>1981-1988<\/td><td>Studium der Bildenden Kunst an der Johannes Gutenberg-Universit\u00e4t Mainz bei Prof. Dieter Brembs und Prof. Peter L\u00f6rincz<\/td><\/tr><tr><td>1989-1991<\/td><td>Meistersch\u00fclerin an der Kunstakademie D\u00fcsseldorf bei Prof. Konrad Klapheck<\/td><\/tr><tr><td>1990-1997<\/td><td>Lehrauftr\u00e4ge f\u00fcr Zeichnung und Malerei an der Johannes-Gutenberg-Universit\u00e4t, Mainz und an der Fachhochschule Wiesbaden<\/td><\/tr><tr><td>2010<\/td><td>Arbeitsaufenthalt auf Elba<\/td><\/tr><\/tbody><\/table><\/figure>\n\n\n\n<p>Martina Altsch\u00e4fer lebt und arbeitet in R\u00fcsselsheim.<\/p>\n\n\n\n<div style=\"height:10px\" aria-hidden=\"true\" class=\"wp-block-spacer\"><\/div>\n\n\n\n<p><strong>Preise und Stipendien<\/strong><\/p>\n\n\n\n<div style=\"height:10px\" aria-hidden=\"true\" class=\"wp-block-spacer\"><\/div>\n\n\n\n<figure class=\"wp-block-table\"><table><tbody><tr><td>2020<\/td><td>Arbeitsstipendium der Hessischen Kulturstiftung<\/td><\/tr><tr><td>1992<\/td><td>Preis des Landes Rheinland-Pfalz f\u00fcr Graphik<\/td><\/tr><tr><td>1990<\/td><td>Preis des Kunstvereins Eisenturm, Mainz<\/td><\/tr><tr><td>1989<\/td><td>Burgund-Stipendium des Landes Rheinland-Pfalz<\/td><\/tr><tr><td>1988<\/td><td>Johannes-Gutenberg-Stipendium der Stadt Mainz<\/td><\/tr><tr><td>1987<\/td><td>F\u00f6rderstipendium der Johannes-Gutenberg-Universit\u00e4t, Mainz<\/td><\/tr><tr><td>1986<\/td><td>F\u00f6rderpreis der August-M\u00fcller-Stiftung, Rheinland-Pfalz<\/td><\/tr><\/tbody><\/table><\/figure>\n\n\n\n<div style=\"height:10px\" aria-hidden=\"true\" class=\"wp-block-spacer\"><\/div>\n","protected":false},"excerpt":{"rendered":"<p>1960 geboren in R\u00fcsselsheim 1981-1988 Studium der Bildenden Kunst an der Johannes Gutenberg-Universit\u00e4t Mainz bei Prof. Dieter Brembs und Prof. Peter L\u00f6rincz 1989-1991 Meistersch\u00fclerin an der Kunstakademie D\u00fcsseldorf bei Prof. Konrad Klapheck 1990-1997 Lehrauftr\u00e4ge f\u00fcr Zeichnung und Malerei an der Johannes-Gutenberg-Universit\u00e4t, Mainz und an der Fachhochschule Wiesbaden 2010 Arbeitsaufenthalt auf Elba Martina Altsch\u00e4fer lebt und [&hellip;]<\/p>\n","protected":false},"author":2,"featured_media":0,"parent":173,"menu_order":0,"comment_status":"closed","ping_status":"closed","template":"kuenstler-text.php","meta":{"_acf_changed":false,"footnotes":""},"class_list":["post-195","page","type-page","status-publish","hentry"],"acf":[],"_links":{"self":[{"href":"https:\/\/poll-berlin.de\/galerie\/wp-json\/wp\/v2\/pages\/195","targetHints":{"allow":["GET"]}}],"collection":[{"href":"https:\/\/poll-berlin.de\/galerie\/wp-json\/wp\/v2\/pages"}],"about":[{"href":"https:\/\/poll-berlin.de\/galerie\/wp-json\/wp\/v2\/types\/page"}],"author":[{"embeddable":true,"href":"https:\/\/poll-berlin.de\/galerie\/wp-json\/wp\/v2\/users\/2"}],"replies":[{"embeddable":true,"href":"https:\/\/poll-berlin.de\/galerie\/wp-json\/wp\/v2\/comments?post=195"}],"version-history":[{"count":15,"href":"https:\/\/poll-berlin.de\/galerie\/wp-json\/wp\/v2\/pages\/195\/revisions"}],"predecessor-version":[{"id":36262,"href":"https:\/\/poll-berlin.de\/galerie\/wp-json\/wp\/v2\/pages\/195\/revisions\/36262"}],"up":[{"embeddable":true,"href":"https:\/\/poll-berlin.de\/galerie\/wp-json\/wp\/v2\/pages\/173"}],"wp:attachment":[{"href":"https:\/\/poll-berlin.de\/galerie\/wp-json\/wp\/v2\/media?parent=195"}],"curies":[{"name":"wp","href":"https:\/\/api.w.org\/{rel}","templated":true}]}}

<p><strong>Biografie</strong></p>



<div style="height:10px" aria-hidden="true" class="wp-block-spacer"></div>



<figure class="wp-block-table"><table><tbody><tr><td>1960</td><td>geboren in Rüsselsheim</td></tr><tr><td>1981-1988</td><td>Studium der Bildenden Kunst an der Johannes Gutenberg-Universität Mainz bei Prof. Dieter Brembs und Prof. Peter Lörincz</td></tr><tr><td>1989-1991</td><td>Meisterschülerin an der Kunstakademie Düsseldorf bei Prof. Konrad Klapheck</td></tr><tr><td>1990-1997</td><td>Lehraufträge für Zeichnung und Malerei an der Johannes-Gutenberg-Universität, Mainz und an der Fachhochschule Wiesbaden</td></tr><tr><td>2010</td><td>Arbeitsaufenthalt auf Elba</td></tr></tbody></table></figure>



<p>Martina Altschäfer lebt und arbeitet in Rüsselsheim.</p>



<div style="height:10px" aria-hidden="true" class="wp-block-spacer"></div>



<p><strong>Preise und Stipendien</strong></p>



<div style="height:10px" aria-hidden="true" class="wp-block-spacer"></div>



<figure class="wp-block-table"><table><tbody><tr><td>2020</td><td>Arbeitsstipendium der Hessischen Kulturstiftung</td></tr><tr><td>1992</td><td>Preis des Landes Rheinland-Pfalz für Graphik</td></tr><tr><td>1990</td><td>Preis des Kunstvereins Eisenturm, Mainz</td></tr><tr><td>1989</td><td>Burgund-Stipendium des Landes Rheinland-Pfalz</td></tr><tr><td>1988</td><td>Johannes-Gutenberg-Stipendium der Stadt Mainz</td></tr><tr><td>1987</td><td>Förderstipendium der Johannes-Gutenberg-Universität, Mainz</td></tr><tr><td>1986</td><td>Förderpreis der August-Müller-Stiftung, Rheinland-Pfalz</td></tr></tbody></table></figure>



<div style="height:10px" aria-hidden="true" class="wp-block-spacer"></div>

<p>1960 geboren in Rüsselsheim 1981-1988 Studium der Bildenden Kunst an der Johannes Gutenberg-Universität Mainz bei Prof. Dieter Brembs und Prof. Peter Lörincz 1989-1991 Meisterschülerin an der Kunstakademie Düsseldorf bei Prof. Konrad Klapheck 1990-1997 Lehraufträge für Zeichnung und Malerei an der Johannes-Gutenberg-Universität, Mainz und an der Fachhochschule Wiesbaden 2010 Arbeitsaufenthalt auf Elba Martina Altschäfer lebt und [&hellip;]</p>
