{"id":184,"date":"2021-05-07T12:03:31","date_gmt":"2021-05-07T10:03:31","guid":{"rendered":"https:\/\/poll-berlin.de\/galerie\/?page_id=184"},"modified":"2025-12-04T20:56:12","modified_gmt":"2025-12-04T19:56:12","slug":"eric-keller","status":"publish","type":"page","link":"https:\/\/poll-berlin.de\/galerie\/kuenstler-der-galerie\/eric-keller\/","title":{"rendered":"Eric Keller"},"content":{"rendered":"","protected":false},"excerpt":{"rendered":"","protected":false},"author":2,"featured_media":0,"parent":45,"menu_order":14,"comment_status":"closed","ping_status":"closed","template":"kuenstler.php","meta":{"_acf_changed":false,"footnotes":""},"class_list":["post-184","page","type-page","status-publish","hentry"],"acf":{"photo_gallery":{"bilder":[[{"id":44296,"title":"EK_Uferweg II_2025_web","caption":"Eric Keller, Uferweg II, 2025, \u00d6l auf Holz, 76 x 100 cm","full_image_url":"https:\/\/poll-berlin.de\/galerie\/wp-content\/uploads\/EK_Uferweg-II_2025_web.jpg","thumbnail_image_url":"https:\/\/poll-berlin.de\/galerie\/wp-content\/uploads\/EK_Uferweg-II_2025_web-150x150.jpg","large_srcset":"https:\/\/poll-berlin.de\/galerie\/wp-content\/uploads\/EK_Uferweg-II_2025_web-800x622.jpg 800w, https:\/\/poll-berlin.de\/galerie\/wp-content\/uploads\/EK_Uferweg-II_2025_web-300x233.jpg 300w, https:\/\/poll-berlin.de\/galerie\/wp-content\/uploads\/EK_Uferweg-II_2025_web-768x597.jpg 768w, https:\/\/poll-berlin.de\/galerie\/wp-content\/uploads\/EK_Uferweg-II_2025_web.jpg 1500w","medium_srcset":"https:\/\/poll-berlin.de\/galerie\/wp-content\/uploads\/EK_Uferweg-II_2025_web-300x233.jpg 300w, https:\/\/poll-berlin.de\/galerie\/wp-content\/uploads\/EK_Uferweg-II_2025_web-800x622.jpg 800w, https:\/\/poll-berlin.de\/galerie\/wp-content\/uploads\/EK_Uferweg-II_2025_web-768x597.jpg 768w, https:\/\/poll-berlin.de\/galerie\/wp-content\/uploads\/EK_Uferweg-II_2025_web.jpg 1500w","media_details":{"width":1500,"height":1166,"sizes":{"medium":{"file":"EK_Uferweg-II_2025_web-300x233.jpg","width":300,"height":233,"mime-type":"image\/jpeg","filesize":7561,"source_url":"https:\/\/poll-berlin.de\/galerie\/wp-content\/uploads\/EK_Uferweg-II_2025_web-300x233.jpg"},"large":{"file":"EK_Uferweg-II_2025_web-800x622.jpg","width":800,"height":622,"mime-type":"image\/jpeg","filesize":38293,"source_url":"https:\/\/poll-berlin.de\/galerie\/wp-content\/uploads\/EK_Uferweg-II_2025_web-800x622.jpg"},"thumbnail":{"file":"EK_Uferweg-II_2025_web-150x150.jpg","width":150,"height":150,"mime-type":"image\/jpeg","filesize":3267,"source_url":"https:\/\/poll-berlin.de\/galerie\/wp-content\/uploads\/EK_Uferweg-II_2025_web-150x150.jpg"},"medium_large":{"file":"EK_Uferweg-II_2025_web-768x597.jpg","width":768,"height":597,"mime-type":"image\/jpeg","filesize":35467,"source_url":"https:\/\/poll-berlin.de\/galerie\/wp-content\/uploads\/EK_Uferweg-II_2025_web-768x597.jpg"}}},"alt_text":"","url":"","target":""},{"id":40848,"title":"EK_Foyer mit Palme, 2025","caption":"Eric Keller, Foyer mit Palme, 2025, \u00d6l auf Holz, 78 x 90 cm","full_image_url":"https:\/\/poll-berlin.de\/galerie\/wp-content\/uploads\/EK_Foyer-mit-Palme-2025_web-1.jpg","thumbnail_image_url":"https:\/\/poll-berlin.de\/galerie\/wp-content\/uploads\/EK_Foyer-mit-Palme-2025_web-1-150x150.jpg","large_srcset":"https:\/\/poll-berlin.de\/galerie\/wp-content\/uploads\/EK_Foyer-mit-Palme-2025_web-1-800x693.jpg 800w, https:\/\/poll-berlin.de\/galerie\/wp-content\/uploads\/EK_Foyer-mit-Palme-2025_web-1-300x260.jpg 300w, https:\/\/poll-berlin.de\/galerie\/wp-content\/uploads\/EK_Foyer-mit-Palme-2025_web-1-768x665.jpg 768w, https:\/\/poll-berlin.de\/galerie\/wp-content\/uploads\/EK_Foyer-mit-Palme-2025_web-1-1536x1330.jpg 1536w, https:\/\/poll-berlin.de\/galerie\/wp-content\/uploads\/EK_Foyer-mit-Palme-2025_web-1-2048x1774.jpg 2048w, https:\/\/poll-berlin.de\/galerie\/wp-content\/uploads\/EK_Foyer-mit-Palme-2025_web-1.jpg 1800w","medium_srcset":"https:\/\/poll-berlin.de\/galerie\/wp-content\/uploads\/EK_Foyer-mit-Palme-2025_web-1-300x260.jpg 300w, https:\/\/poll-berlin.de\/galerie\/wp-content\/uploads\/EK_Foyer-mit-Palme-2025_web-1-800x693.jpg 800w, https:\/\/poll-berlin.de\/galerie\/wp-content\/uploads\/EK_Foyer-mit-Palme-2025_web-1-768x665.jpg 768w, https:\/\/poll-berlin.de\/galerie\/wp-content\/uploads\/EK_Foyer-mit-Palme-2025_web-1-1536x1330.jpg 1536w, https:\/\/poll-berlin.de\/galerie\/wp-content\/uploads\/EK_Foyer-mit-Palme-2025_web-1-2048x1774.jpg 2048w, https:\/\/poll-berlin.de\/galerie\/wp-content\/uploads\/EK_Foyer-mit-Palme-2025_web-1.jpg 1800w","media_details":{"width":1800,"height":1559,"sizes":{"medium":{"file":"EK_Foyer-mit-Palme-2025_web-1-300x260.jpg","width":300,"height":260,"mime-type":"image\/jpeg","filesize":11418,"source_url":"https:\/\/poll-berlin.de\/galerie\/wp-content\/uploads\/EK_Foyer-mit-Palme-2025_web-1-300x260.jpg"},"large":{"file":"EK_Foyer-mit-Palme-2025_web-1-800x693.jpg","width":800,"height":693,"mime-type":"image\/jpeg","filesize":65670,"source_url":"https:\/\/poll-berlin.de\/galerie\/wp-content\/uploads\/EK_Foyer-mit-Palme-2025_web-1-800x693.jpg"},"thumbnail":{"file":"EK_Foyer-mit-Palme-2025_web-1-150x150.jpg","width":150,"height":150,"mime-type":"image\/jpeg","filesize":4316,"source_url":"https:\/\/poll-berlin.de\/galerie\/wp-content\/uploads\/EK_Foyer-mit-Palme-2025_web-1-150x150.jpg"},"medium_large":{"file":"EK_Foyer-mit-Palme-2025_web-1-768x665.jpg","width":768,"height":665,"mime-type":"image\/jpeg","filesize":60764,"source_url":"https:\/\/poll-berlin.de\/galerie\/wp-content\/uploads\/EK_Foyer-mit-Palme-2025_web-1-768x665.jpg"},"1536x1536":{"file":"EK_Foyer-mit-Palme-2025_web-1-1536x1330.jpg","width":1536,"height":1330,"mime-type":"image\/jpeg","filesize":211235,"source_url":"https:\/\/poll-berlin.de\/galerie\/wp-content\/uploads\/EK_Foyer-mit-Palme-2025_web-1-1536x1330.jpg"},"2048x2048":{"file":"EK_Foyer-mit-Palme-2025_web-1-2048x1774.jpg","width":2048,"height":1774,"mime-type":"image\/jpeg","filesize":328889,"source_url":"https:\/\/poll-berlin.de\/galerie\/wp-content\/uploads\/EK_Foyer-mit-Palme-2025_web-1-2048x1774.jpg"}}},"alt_text":"","url":"","target":""},{"id":40846,"title":"EK_Grosses Becken_2024_Baldauf & Baldauf","caption":"Eric Keller, Gro\u00dfes Becken, 2024, \u00d6l auf Holz, 97 x 95 cm","full_image_url":"https:\/\/poll-berlin.de\/galerie\/wp-content\/uploads\/EK_Grosses-Becken_2024_BaldaufundBaldauf_web.jpg","thumbnail_image_url":"https:\/\/poll-berlin.de\/galerie\/wp-content\/uploads\/EK_Grosses-Becken_2024_BaldaufundBaldauf_web-150x150.jpg","large_srcset":"https:\/\/poll-berlin.de\/galerie\/wp-content\/uploads\/EK_Grosses-Becken_2024_BaldaufundBaldauf_web-800x808.jpg 800w, https:\/\/poll-berlin.de\/galerie\/wp-content\/uploads\/EK_Grosses-Becken_2024_BaldaufundBaldauf_web-297x300.jpg 297w, https:\/\/poll-berlin.de\/galerie\/wp-content\/uploads\/EK_Grosses-Becken_2024_BaldaufundBaldauf_web-768x775.jpg 768w, https:\/\/poll-berlin.de\/galerie\/wp-content\/uploads\/EK_Grosses-Becken_2024_BaldaufundBaldauf_web.jpg 1486w","medium_srcset":"https:\/\/poll-berlin.de\/galerie\/wp-content\/uploads\/EK_Grosses-Becken_2024_BaldaufundBaldauf_web-297x300.jpg 297w, https:\/\/poll-berlin.de\/galerie\/wp-content\/uploads\/EK_Grosses-Becken_2024_BaldaufundBaldauf_web-800x808.jpg 800w, https:\/\/poll-berlin.de\/galerie\/wp-content\/uploads\/EK_Grosses-Becken_2024_BaldaufundBaldauf_web-768x775.jpg 768w, https:\/\/poll-berlin.de\/galerie\/wp-content\/uploads\/EK_Grosses-Becken_2024_BaldaufundBaldauf_web.jpg 1486w","media_details":{"width":1486,"height":1500,"sizes":{"medium":{"file":"EK_Grosses-Becken_2024_BaldaufundBaldauf_web-297x300.jpg","width":297,"height":300,"mime-type":"image\/jpeg","filesize":8178,"source_url":"https:\/\/poll-berlin.de\/galerie\/wp-content\/uploads\/EK_Grosses-Becken_2024_BaldaufundBaldauf_web-297x300.jpg"},"large":{"file":"EK_Grosses-Becken_2024_BaldaufundBaldauf_web-800x808.jpg","width":800,"height":808,"mime-type":"image\/jpeg","filesize":54920,"source_url":"https:\/\/poll-berlin.de\/galerie\/wp-content\/uploads\/EK_Grosses-Becken_2024_BaldaufundBaldauf_web-800x808.jpg"},"thumbnail":{"file":"EK_Grosses-Becken_2024_BaldaufundBaldauf_web-150x150.jpg","width":150,"height":150,"mime-type":"image\/jpeg","filesize":3037,"source_url":"https:\/\/poll-berlin.de\/galerie\/wp-content\/uploads\/EK_Grosses-Becken_2024_BaldaufundBaldauf_web-150x150.jpg"},"medium_large":{"file":"EK_Grosses-Becken_2024_BaldaufundBaldauf_web-768x775.jpg","width":768,"height":775,"mime-type":"image\/jpeg","filesize":50414,"source_url":"https:\/\/poll-berlin.de\/galerie\/wp-content\/uploads\/EK_Grosses-Becken_2024_BaldaufundBaldauf_web-768x775.jpg"}}},"alt_text":"","url":"","target":""},{"id":34330,"title":"EK_Wolke \u00fcber Kanal_2023","caption":"Eric Keller, Wolke \u00fcber Kanal, 2023, \u00d6l auf Holz, 103,5 x 131,5 cm","full_image_url":"https:\/\/poll-berlin.de\/galerie\/wp-content\/uploads\/EK_Wolke-ueber-Kanal_2023.jpg","thumbnail_image_url":"https:\/\/poll-berlin.de\/galerie\/wp-content\/uploads\/EK_Wolke-ueber-Kanal_2023-150x150.jpg","large_srcset":"https:\/\/poll-berlin.de\/galerie\/wp-content\/uploads\/EK_Wolke-ueber-Kanal_2023-800x610.jpg 800w, https:\/\/poll-berlin.de\/galerie\/wp-content\/uploads\/EK_Wolke-ueber-Kanal_2023-300x229.jpg 300w, https:\/\/poll-berlin.de\/galerie\/wp-content\/uploads\/EK_Wolke-ueber-Kanal_2023-768x585.jpg 768w, https:\/\/poll-berlin.de\/galerie\/wp-content\/uploads\/EK_Wolke-ueber-Kanal_2023.jpg 1500w","medium_srcset":"https:\/\/poll-berlin.de\/galerie\/wp-content\/uploads\/EK_Wolke-ueber-Kanal_2023-300x229.jpg 300w, https:\/\/poll-berlin.de\/galerie\/wp-content\/uploads\/EK_Wolke-ueber-Kanal_2023-800x610.jpg 800w, https:\/\/poll-berlin.de\/galerie\/wp-content\/uploads\/EK_Wolke-ueber-Kanal_2023-768x585.jpg 768w, https:\/\/poll-berlin.de\/galerie\/wp-content\/uploads\/EK_Wolke-ueber-Kanal_2023.jpg 1500w","media_details":{"width":1500,"height":1143,"sizes":{"medium":{"file":"EK_Wolke-ueber-Kanal_2023-300x229.jpg","width":300,"height":229,"mime-type":"image\/jpeg","filesize":7876,"source_url":"https:\/\/poll-berlin.de\/galerie\/wp-content\/uploads\/EK_Wolke-ueber-Kanal_2023-300x229.jpg"},"large":{"file":"EK_Wolke-ueber-Kanal_2023-800x610.jpg","width":800,"height":610,"mime-type":"image\/jpeg","filesize":44930,"source_url":"https:\/\/poll-berlin.de\/galerie\/wp-content\/uploads\/EK_Wolke-ueber-Kanal_2023-800x610.jpg"},"thumbnail":{"file":"EK_Wolke-ueber-Kanal_2023-150x150.jpg","width":150,"height":150,"mime-type":"image\/jpeg","filesize":3433,"source_url":"https:\/\/poll-berlin.de\/galerie\/wp-content\/uploads\/EK_Wolke-ueber-Kanal_2023-150x150.jpg"},"medium_large":{"file":"EK_Wolke-ueber-Kanal_2023-768x585.jpg","width":768,"height":585,"mime-type":"image\/jpeg","filesize":41143,"source_url":"https:\/\/poll-berlin.de\/galerie\/wp-content\/uploads\/EK_Wolke-ueber-Kanal_2023-768x585.jpg"}}},"alt_text":"","url":"","target":""},{"id":34332,"title":"EK_Loeschbecken_2023","caption":"Eric Keller, L\u00f6schbecken, 2023, \u00d6l auf Holz, 84 x 60 cm","full_image_url":"https:\/\/poll-berlin.de\/galerie\/wp-content\/uploads\/EK_Loeschbecken_2023.jpg","thumbnail_image_url":"https:\/\/poll-berlin.de\/galerie\/wp-content\/uploads\/EK_Loeschbecken_2023-150x150.jpg","large_srcset":"https:\/\/poll-berlin.de\/galerie\/wp-content\/uploads\/EK_Loeschbecken_2023-800x1131.jpg 800w, https:\/\/poll-berlin.de\/galerie\/wp-content\/uploads\/EK_Loeschbecken_2023-212x300.jpg 212w, https:\/\/poll-berlin.de\/galerie\/wp-content\/uploads\/EK_Loeschbecken_2023-768x1086.jpg 768w, https:\/\/poll-berlin.de\/galerie\/wp-content\/uploads\/EK_Loeschbecken_2023.jpg 1061w","medium_srcset":"https:\/\/poll-berlin.de\/galerie\/wp-content\/uploads\/EK_Loeschbecken_2023-212x300.jpg 212w, https:\/\/poll-berlin.de\/galerie\/wp-content\/uploads\/EK_Loeschbecken_2023-800x1131.jpg 800w, https:\/\/poll-berlin.de\/galerie\/wp-content\/uploads\/EK_Loeschbecken_2023-768x1086.jpg 768w, https:\/\/poll-berlin.de\/galerie\/wp-content\/uploads\/EK_Loeschbecken_2023.jpg 1061w","media_details":{"width":1061,"height":1500,"sizes":{"medium":{"file":"EK_Loeschbecken_2023-212x300.jpg","width":212,"height":300,"mime-type":"image\/jpeg","filesize":5975,"source_url":"https:\/\/poll-berlin.de\/galerie\/wp-content\/uploads\/EK_Loeschbecken_2023-212x300.jpg"},"large":{"file":"EK_Loeschbecken_2023-800x1131.jpg","width":800,"height":1131,"mime-type":"image\/jpeg","filesize":56703,"source_url":"https:\/\/poll-berlin.de\/galerie\/wp-content\/uploads\/EK_Loeschbecken_2023-800x1131.jpg"},"thumbnail":{"file":"EK_Loeschbecken_2023-150x150.jpg","width":150,"height":150,"mime-type":"image\/jpeg","filesize":2870,"source_url":"https:\/\/poll-berlin.de\/galerie\/wp-content\/uploads\/EK_Loeschbecken_2023-150x150.jpg"},"medium_large":{"file":"EK_Loeschbecken_2023-768x1086.jpg","width":768,"height":1086,"mime-type":"image\/jpeg","filesize":51948,"source_url":"https:\/\/poll-berlin.de\/galerie\/wp-content\/uploads\/EK_Loeschbecken_2023-768x1086.jpg"}}},"alt_text":"","url":"","target":""},{"id":34331,"title":"EK_Mahmal_2023","caption":"Eric Keller, Mahnmal, 2023, \u00d6l auf Holz, 196 x 221 cm","full_image_url":"https:\/\/poll-berlin.de\/galerie\/wp-content\/uploads\/EK_Mahmal_2023.jpg","thumbnail_image_url":"https:\/\/poll-berlin.de\/galerie\/wp-content\/uploads\/EK_Mahmal_2023-150x150.jpg","large_srcset":"https:\/\/poll-berlin.de\/galerie\/wp-content\/uploads\/EK_Mahmal_2023-800x699.jpg 800w, https:\/\/poll-berlin.de\/galerie\/wp-content\/uploads\/EK_Mahmal_2023-300x262.jpg 300w, https:\/\/poll-berlin.de\/galerie\/wp-content\/uploads\/EK_Mahmal_2023-768x671.jpg 768w, https:\/\/poll-berlin.de\/galerie\/wp-content\/uploads\/EK_Mahmal_2023.jpg 1500w","medium_srcset":"https:\/\/poll-berlin.de\/galerie\/wp-content\/uploads\/EK_Mahmal_2023-300x262.jpg 300w, https:\/\/poll-berlin.de\/galerie\/wp-content\/uploads\/EK_Mahmal_2023-800x699.jpg 800w, https:\/\/poll-berlin.de\/galerie\/wp-content\/uploads\/EK_Mahmal_2023-768x671.jpg 768w, https:\/\/poll-berlin.de\/galerie\/wp-content\/uploads\/EK_Mahmal_2023.jpg 1500w","media_details":{"width":1500,"height":1310,"sizes":{"medium":{"file":"EK_Mahmal_2023-300x262.jpg","width":300,"height":262,"mime-type":"image\/jpeg","filesize":12081,"source_url":"https:\/\/poll-berlin.de\/galerie\/wp-content\/uploads\/EK_Mahmal_2023-300x262.jpg"},"large":{"file":"EK_Mahmal_2023-800x699.jpg","width":800,"height":699,"mime-type":"image\/jpeg","filesize":62977,"source_url":"https:\/\/poll-berlin.de\/galerie\/wp-content\/uploads\/EK_Mahmal_2023-800x699.jpg"},"thumbnail":{"file":"EK_Mahmal_2023-150x150.jpg","width":150,"height":150,"mime-type":"image\/jpeg","filesize":4792,"source_url":"https:\/\/poll-berlin.de\/galerie\/wp-content\/uploads\/EK_Mahmal_2023-150x150.jpg"},"medium_large":{"file":"EK_Mahmal_2023-768x671.jpg","width":768,"height":671,"mime-type":"image\/jpeg","filesize":58013,"source_url":"https:\/\/poll-berlin.de\/galerie\/wp-content\/uploads\/EK_Mahmal_2023-768x671.jpg"}}},"alt_text":"","url":"","target":""},{"id":44557,"title":"EK_Einfahrt_2022_web","caption":"Eric Keller, Einfahrt, 2022, \u00d6l auf Holz, 60 x 84 cm","full_image_url":"https:\/\/poll-berlin.de\/galerie\/wp-content\/uploads\/EK_Einfahrt_2022_web.jpg","thumbnail_image_url":"https:\/\/poll-berlin.de\/galerie\/wp-content\/uploads\/EK_Einfahrt_2022_web-150x150.jpg","large_srcset":"https:\/\/poll-berlin.de\/galerie\/wp-content\/uploads\/EK_Einfahrt_2022_web-800x572.jpg 800w, https:\/\/poll-berlin.de\/galerie\/wp-content\/uploads\/EK_Einfahrt_2022_web-300x214.jpg 300w, https:\/\/poll-berlin.de\/galerie\/wp-content\/uploads\/EK_Einfahrt_2022_web-768x549.jpg 768w, https:\/\/poll-berlin.de\/galerie\/wp-content\/uploads\/EK_Einfahrt_2022_web.jpg 1500w","medium_srcset":"https:\/\/poll-berlin.de\/galerie\/wp-content\/uploads\/EK_Einfahrt_2022_web-300x214.jpg 300w, https:\/\/poll-berlin.de\/galerie\/wp-content\/uploads\/EK_Einfahrt_2022_web-800x572.jpg 800w, https:\/\/poll-berlin.de\/galerie\/wp-content\/uploads\/EK_Einfahrt_2022_web-768x549.jpg 768w, https:\/\/poll-berlin.de\/galerie\/wp-content\/uploads\/EK_Einfahrt_2022_web.jpg 1500w","media_details":{"width":1500,"height":1072,"sizes":{"medium":{"file":"EK_Einfahrt_2022_web-300x214.jpg","width":300,"height":214,"mime-type":"image\/jpeg","filesize":5114,"source_url":"https:\/\/poll-berlin.de\/galerie\/wp-content\/uploads\/EK_Einfahrt_2022_web-300x214.jpg"},"large":{"file":"EK_Einfahrt_2022_web-800x572.jpg","width":800,"height":572,"mime-type":"image\/jpeg","filesize":26856,"source_url":"https:\/\/poll-berlin.de\/galerie\/wp-content\/uploads\/EK_Einfahrt_2022_web-800x572.jpg"},"thumbnail":{"file":"EK_Einfahrt_2022_web-150x150.jpg","width":150,"height":150,"mime-type":"image\/jpeg","filesize":2523,"source_url":"https:\/\/poll-berlin.de\/galerie\/wp-content\/uploads\/EK_Einfahrt_2022_web-150x150.jpg"},"medium_large":{"file":"EK_Einfahrt_2022_web-768x549.jpg","width":768,"height":549,"mime-type":"image\/jpeg","filesize":24868,"source_url":"https:\/\/poll-berlin.de\/galerie\/wp-content\/uploads\/EK_Einfahrt_2022_web-768x549.jpg"}}},"alt_text":"","url":"","target":""},{"id":37658,"title":"EK_Parkplatz_2020_Foto: Baldauf & Baldauf","caption":"Eric Keller, Parkplatz, 2020, \u00d6l auf Holz, 100 x 100 cm","full_image_url":"https:\/\/poll-berlin.de\/galerie\/wp-content\/uploads\/EK_Parkplatz_2020_baldaufbaldauf_web.jpg","thumbnail_image_url":"https:\/\/poll-berlin.de\/galerie\/wp-content\/uploads\/EK_Parkplatz_2020_baldaufbaldauf_web-150x150.jpg","large_srcset":"https:\/\/poll-berlin.de\/galerie\/wp-content\/uploads\/EK_Parkplatz_2020_baldaufbaldauf_web-800x796.jpg 800w, https:\/\/poll-berlin.de\/galerie\/wp-content\/uploads\/EK_Parkplatz_2020_baldaufbaldauf_web-300x298.jpg 300w, https:\/\/poll-berlin.de\/galerie\/wp-content\/uploads\/EK_Parkplatz_2020_baldaufbaldauf_web-150x150.jpg 150w, https:\/\/poll-berlin.de\/galerie\/wp-content\/uploads\/EK_Parkplatz_2020_baldaufbaldauf_web-768x764.jpg 768w, https:\/\/poll-berlin.de\/galerie\/wp-content\/uploads\/EK_Parkplatz_2020_baldaufbaldauf_web.jpg 1500w","medium_srcset":"https:\/\/poll-berlin.de\/galerie\/wp-content\/uploads\/EK_Parkplatz_2020_baldaufbaldauf_web-300x298.jpg 300w, https:\/\/poll-berlin.de\/galerie\/wp-content\/uploads\/EK_Parkplatz_2020_baldaufbaldauf_web-800x796.jpg 800w, https:\/\/poll-berlin.de\/galerie\/wp-content\/uploads\/EK_Parkplatz_2020_baldaufbaldauf_web-150x150.jpg 150w, https:\/\/poll-berlin.de\/galerie\/wp-content\/uploads\/EK_Parkplatz_2020_baldaufbaldauf_web-768x764.jpg 768w, https:\/\/poll-berlin.de\/galerie\/wp-content\/uploads\/EK_Parkplatz_2020_baldaufbaldauf_web.jpg 1500w","media_details":{"width":1500,"height":1492,"sizes":{"medium":{"file":"EK_Parkplatz_2020_baldaufbaldauf_web-300x298.jpg","width":300,"height":298,"mime-type":"image\/jpeg","filesize":6487,"source_url":"https:\/\/poll-berlin.de\/galerie\/wp-content\/uploads\/EK_Parkplatz_2020_baldaufbaldauf_web-300x298.jpg"},"large":{"file":"EK_Parkplatz_2020_baldaufbaldauf_web-800x796.jpg","width":800,"height":796,"mime-type":"image\/jpeg","filesize":35770,"source_url":"https:\/\/poll-berlin.de\/galerie\/wp-content\/uploads\/EK_Parkplatz_2020_baldaufbaldauf_web-800x796.jpg"},"thumbnail":{"file":"EK_Parkplatz_2020_baldaufbaldauf_web-150x150.jpg","width":150,"height":150,"mime-type":"image\/jpeg","filesize":2514,"source_url":"https:\/\/poll-berlin.de\/galerie\/wp-content\/uploads\/EK_Parkplatz_2020_baldaufbaldauf_web-150x150.jpg"},"medium_large":{"file":"EK_Parkplatz_2020_baldaufbaldauf_web-768x764.jpg","width":768,"height":764,"mime-type":"image\/jpeg","filesize":32531,"source_url":"https:\/\/poll-berlin.de\/galerie\/wp-content\/uploads\/EK_Parkplatz_2020_baldaufbaldauf_web-768x764.jpg"}}},"alt_text":"","url":"","target":""},{"id":385,"title":"EK_Vereinsheim_2016","caption":"Eric Keller, Vereinsheim, 2016, \u00d6l auf Holz, 40 x 59 cm","full_image_url":"https:\/\/poll-berlin.de\/galerie\/wp-content\/uploads\/EK_Vereinsheim_2016.jpg","thumbnail_image_url":"https:\/\/poll-berlin.de\/galerie\/wp-content\/uploads\/EK_Vereinsheim_2016-150x150.jpg","large_srcset":"https:\/\/poll-berlin.de\/galerie\/wp-content\/uploads\/EK_Vereinsheim_2016-800x548.jpg 800w, https:\/\/poll-berlin.de\/galerie\/wp-content\/uploads\/EK_Vereinsheim_2016-300x205.jpg 300w, https:\/\/poll-berlin.de\/galerie\/wp-content\/uploads\/EK_Vereinsheim_2016-768x526.jpg 768w, https:\/\/poll-berlin.de\/galerie\/wp-content\/uploads\/EK_Vereinsheim_2016.jpg 1500w","medium_srcset":"https:\/\/poll-berlin.de\/galerie\/wp-content\/uploads\/EK_Vereinsheim_2016-300x205.jpg 300w, https:\/\/poll-berlin.de\/galerie\/wp-content\/uploads\/EK_Vereinsheim_2016-800x548.jpg 800w, https:\/\/poll-berlin.de\/galerie\/wp-content\/uploads\/EK_Vereinsheim_2016-768x526.jpg 768w, https:\/\/poll-berlin.de\/galerie\/wp-content\/uploads\/EK_Vereinsheim_2016.jpg 1500w","media_details":{"width":1500,"height":1027,"sizes":{"medium":{"file":"EK_Vereinsheim_2016-300x205.jpg","width":300,"height":205,"mime-type":"image\/jpeg","source_url":"https:\/\/poll-berlin.de\/galerie\/wp-content\/uploads\/EK_Vereinsheim_2016-300x205.jpg"},"large":{"file":"EK_Vereinsheim_2016-800x548.jpg","width":800,"height":548,"mime-type":"image\/jpeg","source_url":"https:\/\/poll-berlin.de\/galerie\/wp-content\/uploads\/EK_Vereinsheim_2016-800x548.jpg"},"thumbnail":{"file":"EK_Vereinsheim_2016-150x150.jpg","width":150,"height":150,"mime-type":"image\/jpeg","source_url":"https:\/\/poll-berlin.de\/galerie\/wp-content\/uploads\/EK_Vereinsheim_2016-150x150.jpg"},"medium_large":{"file":"EK_Vereinsheim_2016-768x526.jpg","width":768,"height":526,"mime-type":"image\/jpeg","source_url":"https:\/\/poll-berlin.de\/galerie\/wp-content\/uploads\/EK_Vereinsheim_2016-768x526.jpg"}}},"alt_text":"","url":"","target":""},{"id":380,"title":"EK_Br\u00fcckenpfeiler_2011","caption":"Eric Keller, Br\u00fcckenpfeiler, 2011, \u00d6l auf MDF, 70 x 100 cm","full_image_url":"https:\/\/poll-berlin.de\/galerie\/wp-content\/uploads\/EK_Brueckenpfeiler_2011.jpg","thumbnail_image_url":"https:\/\/poll-berlin.de\/galerie\/wp-content\/uploads\/EK_Brueckenpfeiler_2011-150x150.jpg","large_srcset":"https:\/\/poll-berlin.de\/galerie\/wp-content\/uploads\/EK_Brueckenpfeiler_2011-800x553.jpg 800w, https:\/\/poll-berlin.de\/galerie\/wp-content\/uploads\/EK_Brueckenpfeiler_2011-300x207.jpg 300w, https:\/\/poll-berlin.de\/galerie\/wp-content\/uploads\/EK_Brueckenpfeiler_2011-768x530.jpg 768w, https:\/\/poll-berlin.de\/galerie\/wp-content\/uploads\/EK_Brueckenpfeiler_2011.jpg 1500w","medium_srcset":"https:\/\/poll-berlin.de\/galerie\/wp-content\/uploads\/EK_Brueckenpfeiler_2011-300x207.jpg 300w, https:\/\/poll-berlin.de\/galerie\/wp-content\/uploads\/EK_Brueckenpfeiler_2011-800x553.jpg 800w, https:\/\/poll-berlin.de\/galerie\/wp-content\/uploads\/EK_Brueckenpfeiler_2011-768x530.jpg 768w, https:\/\/poll-berlin.de\/galerie\/wp-content\/uploads\/EK_Brueckenpfeiler_2011.jpg 1500w","media_details":{"width":1500,"height":1036,"sizes":{"medium":{"file":"EK_Brueckenpfeiler_2011-300x207.jpg","width":300,"height":207,"mime-type":"image\/jpeg","source_url":"https:\/\/poll-berlin.de\/galerie\/wp-content\/uploads\/EK_Brueckenpfeiler_2011-300x207.jpg"},"large":{"file":"EK_Brueckenpfeiler_2011-800x553.jpg","width":800,"height":553,"mime-type":"image\/jpeg","source_url":"https:\/\/poll-berlin.de\/galerie\/wp-content\/uploads\/EK_Brueckenpfeiler_2011-800x553.jpg"},"thumbnail":{"file":"EK_Brueckenpfeiler_2011-150x150.jpg","width":150,"height":150,"mime-type":"image\/jpeg","source_url":"https:\/\/poll-berlin.de\/galerie\/wp-content\/uploads\/EK_Brueckenpfeiler_2011-150x150.jpg"},"medium_large":{"file":"EK_Brueckenpfeiler_2011-768x530.jpg","width":768,"height":530,"mime-type":"image\/jpeg","source_url":"https:\/\/poll-berlin.de\/galerie\/wp-content\/uploads\/EK_Brueckenpfeiler_2011-768x530.jpg"}}},"alt_text":"","url":"","target":""}]]}},"_links":{"self":[{"href":"https:\/\/poll-berlin.de\/galerie\/wp-json\/wp\/v2\/pages\/184","targetHints":{"allow":["GET"]}}],"collection":[{"href":"https:\/\/poll-berlin.de\/galerie\/wp-json\/wp\/v2\/pages"}],"about":[{"href":"https:\/\/poll-berlin.de\/galerie\/wp-json\/wp\/v2\/types\/page"}],"author":[{"embeddable":true,"href":"https:\/\/poll-berlin.de\/galerie\/wp-json\/wp\/v2\/users\/2"}],"replies":[{"embeddable":true,"href":"https:\/\/poll-berlin.de\/galerie\/wp-json\/wp\/v2\/comments?post=184"}],"version-history":[{"count":15,"href":"https:\/\/poll-berlin.de\/galerie\/wp-json\/wp\/v2\/pages\/184\/revisions"}],"predecessor-version":[{"id":40849,"href":"https:\/\/poll-berlin.de\/galerie\/wp-json\/wp\/v2\/pages\/184\/revisions\/40849"}],"up":[{"embeddable":true,"href":"https:\/\/poll-berlin.de\/galerie\/wp-json\/wp\/v2\/pages\/45"}],"wp:attachment":[{"href":"https:\/\/poll-berlin.de\/galerie\/wp-json\/wp\/v2\/media?parent=184"}],"curies":[{"name":"wp","href":"https:\/\/api.w.org\/{rel}","templated":true}]}}