{"id":165,"date":"2021-05-07T11:45:17","date_gmt":"2021-05-07T09:45:17","guid":{"rendered":"https:\/\/poll-berlin.de\/galerie\/?page_id=165"},"modified":"2025-10-08T13:47:27","modified_gmt":"2025-10-08T11:47:27","slug":"werke-in-sammlungen","status":"publish","type":"page","link":"https:\/\/poll-berlin.de\/galerie\/kuenstler-der-galerie\/hermann-albert\/werke-in-sammlungen\/","title":{"rendered":"Werke in Sammlungen"},"content":{"rendered":"\n<p><strong>Werke in Sammlungen<\/strong><\/p>\n\n\n\n<p>Museum Walter, Augsburg<br>Berlinische Galerie &#8211; Museum f\u00fcr Moderne Kunst<br>Kunststiftung Poll, Berlin<br>Sammlung zeitgen\u00f6ssischer Kunst der Bundesrepublik Deutschland, Bonn<br>St\u00e4dtisches Museum Braunschweig<br>Kunstmuseum D\u00fcsseldorf<br>Kunsthalle Emden<br>Sammlung Dr. Hans Hartl, Freising<br>Hamburger Kunsthalle<br>Sprengel Museum Hannover<br>Los Angeles County Museum of Modern Art<br>Neue Pinakothek, M\u00fcnchen<br>Staatsgalerie Stuttgart<\/p>\n","protected":false},"excerpt":{"rendered":"<p>Werke in Sammlungen Museum Walter, AugsburgBerlinische Galerie &#8211; Museum f\u00fcr Moderne KunstKunststiftung Poll, BerlinSammlung zeitgen\u00f6ssischer Kunst der Bundesrepublik Deutschland, BonnSt\u00e4dtisches Museum BraunschweigKunstmuseum D\u00fcsseldorfKunsthalle EmdenSammlung Dr. Hans Hartl, FreisingHamburger KunsthalleSprengel Museum HannoverLos Angeles County Museum of Modern ArtNeue Pinakothek, M\u00fcnchenStaatsgalerie Stuttgart<\/p>\n","protected":false},"author":2,"featured_media":0,"parent":158,"menu_order":2,"comment_status":"closed","ping_status":"closed","template":"kuenstler-text.php","meta":{"_acf_changed":false,"footnotes":""},"class_list":["post-165","page","type-page","status-publish","hentry"],"acf":[],"_links":{"self":[{"href":"https:\/\/poll-berlin.de\/galerie\/wp-json\/wp\/v2\/pages\/165","targetHints":{"allow":["GET"]}}],"collection":[{"href":"https:\/\/poll-berlin.de\/galerie\/wp-json\/wp\/v2\/pages"}],"about":[{"href":"https:\/\/poll-berlin.de\/galerie\/wp-json\/wp\/v2\/types\/page"}],"author":[{"embeddable":true,"href":"https:\/\/poll-berlin.de\/galerie\/wp-json\/wp\/v2\/users\/2"}],"replies":[{"embeddable":true,"href":"https:\/\/poll-berlin.de\/galerie\/wp-json\/wp\/v2\/comments?post=165"}],"version-history":[{"count":13,"href":"https:\/\/poll-berlin.de\/galerie\/wp-json\/wp\/v2\/pages\/165\/revisions"}],"predecessor-version":[{"id":44241,"href":"https:\/\/poll-berlin.de\/galerie\/wp-json\/wp\/v2\/pages\/165\/revisions\/44241"}],"up":[{"embeddable":true,"href":"https:\/\/poll-berlin.de\/galerie\/wp-json\/wp\/v2\/pages\/158"}],"wp:attachment":[{"href":"https:\/\/poll-berlin.de\/galerie\/wp-json\/wp\/v2\/media?parent=165"}],"curies":[{"name":"wp","href":"https:\/\/api.w.org\/{rel}","templated":true}]}}