{"id":163,"date":"2021-05-07T11:44:31","date_gmt":"2021-05-07T09:44:31","guid":{"rendered":"https:\/\/poll-berlin.de\/galerie\/?page_id=163"},"modified":"2023-05-04T11:01:04","modified_gmt":"2023-05-04T09:01:04","slug":"ausstellungen","status":"publish","type":"page","link":"https:\/\/poll-berlin.de\/galerie\/kuenstler-der-galerie\/hermann-albert\/ausstellungen\/","title":{"rendered":"Ausstellungen"},"content":{"rendered":"\n<p><strong>Einzelausstellungen (Auswahl)<\/strong><\/p>\n\n\n\n<div style=\"height:10px\" aria-hidden=\"true\" class=\"wp-block-spacer\"><\/div>\n\n\n\n<figure class=\"wp-block-table\"><table><tbody><tr><td>2013<\/td><td>Galerie Agn\u00e8s Monplaisir, Paris<br>Galerie Poll, Berlin<\/td><\/tr><tr><td>2012<\/td><td>St\u00e4dtische Museen Heilbronn<\/td><\/tr><tr><td>2009<\/td><td>Galerie Burkhard Eikelmann, D\u00fcsseldorf<\/td><\/tr><tr><td>2007<\/td><td>Galerie Noah, Augsburg<br>Galerie Westend, Frankfurt am Main<\/td><\/tr><tr><td>2004<\/td><td>Galerie Eva Poll, Berlin<br>Studio Forni, Mailand<\/td><\/tr><tr><td>1999<\/td><td>Galerie Burkhard H. Eikelmann, Essen<br>Galleria d\u2019Arte Poggiali &amp; Forconi, Florenz<\/td><\/tr><tr><td>1998<\/td><td>Galleria dello Scudo, Verona<br>Galerie M\u00f6nch, Bremen<br>Museo Guttoso, Villa Cattolica, Bagheria (Italien)<\/td><\/tr><tr><td>1997<\/td><td>Irish Museum of Modern Art, Dublin<\/td><\/tr><tr><td>1995<\/td><td>Galerie M\u00f6nch, Bremen<br>Studio d\u2019Arte Cannaviello, Mailand<br>Villa Romana, Florenz<br>Galleria Il Polittico, Rom<br>Kunstverein Braunschweig<\/td><\/tr><tr><td>1993<\/td><td>Studio d\u2019Arte Cannaviello, Mailand<br>Abbazia di San Gregorio, Sammlung Monzino, Venedig<br>Kunsthaus Dr. Hans Hartl, Freising<\/td><\/tr><tr><td>1988<\/td><td>Galerie Oniris, Dijon (Frankreich)<br>Roger Ramsey Gallery, Chicago<br>Raab Galerie, Berlin und Raab Gallery, London<\/td><\/tr><tr><td>1987<\/td><td>Studio d\u2019Arte Cannaviello, Mailand<br>Hamburger Kunsthalle<\/td><\/tr><tr><td>1986<\/td><td>Rena Bransten Gallery, San Francisco<br>Sprengel Museum Hannover<br>Raab Galerie, Berlin<\/td><\/tr><tr><td>1985<\/td><td>Raab Galerie, Berlin und Sander Gallery, New York<br>Totah Gallery, London<br>Galerie der Stadt Kornwestheim<\/td><\/tr><tr><td>1983<\/td><td>Galerie Interni, Berlin<br>Galerie Huber, Genf<\/td><\/tr><tr><td>1982<\/td><td>Galerie Hermeyer, M\u00fcnchen<\/td><\/tr><tr><td>1981<\/td><td>Galerie Eva Poll, Berlin<br>Neuer Berliner Kunstverein (NBK)<br>Orangerie im Schloss Charlottenburg, Berlin<\/td><\/tr><tr><td>1979<\/td><td>Galerie Buchholz, M\u00fcnchen<br>Haus der Kultur, Warschau<\/td><\/tr><tr><td>1974<\/td><td>A.H. Grafik, Stockholm<br>Galerie Eva Poll, Berlin<br>Galerie Der Spiegel, K\u00f6ln<\/td><\/tr><tr><td>1973<\/td><td>Galerie Mewes, Hamburg<\/td><\/tr><tr><td>1972<\/td><td>Galleria L\u2019Indiano, Florenz<br>Galleria Schubert, Mailand<\/td><\/tr><tr><td>1970<\/td><td>Galerie Eva Poll, Berlin<br>Galerie Cornels, Baden-Baden<br>Galerie Niepel, D\u00fcsseldorf<\/td><\/tr><tr><td>1969<\/td><td>Galerie Eva Poll, Berlin<\/td><\/tr><tr><td>1967<\/td><td>Galerie Grossg\u00f6rschen, Berlin<\/td><\/tr><\/tbody><\/table><\/figure>\n\n\n\n<div style=\"height:10px\" aria-hidden=\"true\" class=\"wp-block-spacer\"><\/div>\n\n\n\n<p><strong>Gruppenausstellungen (Auswahl)<\/strong><\/p>\n\n\n\n<div style=\"height:10px\" aria-hidden=\"true\" class=\"wp-block-spacer\"><\/div>\n\n\n\n<figure class=\"wp-block-table\"><table><tbody><tr><td>2019<\/td><td>Galerie Poll, Berlin<\/td><\/tr><tr><td>2018<\/td><td>Kunststiftung Poll, Berlin<\/td><\/tr><tr><td>2016<\/td><td>Galerie Poll und Kunststiftung Poll, Berlin<\/td><\/tr><tr><td>2014<\/td><td>Schirn Kunsthalle, Frankfurt am Main<\/td><\/tr><tr><td>2012<\/td><td>Kunsthalle Vogelmann, Heilbronn<\/td><\/tr><tr><td>2004<\/td><td>Galerie Eva Poll, Berlin<br>Museo Civico, Sansepolcro (Italien)<\/td><\/tr><tr><td>2003<\/td><td>Pantheon, Rom<\/td><\/tr><tr><td>1999<\/td><td>Museo del Risorgimento, Rom<\/td><\/tr><tr><td>1998<\/td><td>Ludwig Forum f\u00fcr Internationale Kunst, Aachen<\/td><\/tr><tr><td>1989<\/td><td>Guggenheim Museum, New York<br>Williams College Museum of Art, Williamstown (USA)<br>Museum of Art, Toledo (USA)<br>Kunstmuseum D\u00fcsseldorf<br>Schirn Kunsthalle, Frankfurt am Main<\/td><\/tr><tr><td>1988<\/td><td>Haus der Kunst, M\u00fcnchen<\/td><\/tr><tr><td>1987<\/td><td>Los Angeles County Museum of Art <\/td><\/tr><tr><td>1980<\/td><td>Mus\u00e9e d\u2019Art Contemporain, Montreal<\/td><\/tr><tr><td>1978<\/td><td>Kunstverein Hamburg<\/td><\/tr><tr><td>1976<\/td><td>Louisiana Museum of Modern Art, Humlebaek (D\u00e4nemark)<\/td><\/tr><tr><td>1974<\/td><td>Mus\u00e9e National d&#8217;Art Moderne, Paris<\/td><\/tr><tr><td>1973<\/td><td>Staatliche Kunsthalle Baden-Baden<\/td><\/tr><tr><td>1971<\/td><td>Galleria dell\u2019Accademia, Florenz<\/td><\/tr><tr><td>1967<\/td><td>Kunsthalle Recklinghausen<br>St\u00e4dtische Galerie im Lenbachhaus, M\u00fcnchen<\/td><\/tr><tr><td>1965<\/td><td>Kunsthalle Bremen<\/td><\/tr><tr><td>1964<\/td><td>Kunsthalle Mannheim<\/td><\/tr><tr><td>1961<\/td><td>Schloss Wolfsburg<\/td><\/tr><\/tbody><\/table><\/figure>\n","protected":false},"excerpt":{"rendered":"<p>Einzelausstellungen (Auswahl) 2013 Galerie Agn\u00e8s Monplaisir, ParisGalerie Poll, Berlin 2012 St\u00e4dtische Museen Heilbronn 2009 Galerie Burkhard Eikelmann, D\u00fcsseldorf 2007 Galerie Noah, AugsburgGalerie Westend, Frankfurt am Main 2004 Galerie Eva Poll, BerlinStudio Forni, Mailand 1999 Galerie Burkhard H. Eikelmann, EssenGalleria d\u2019Arte Poggiali &amp; Forconi, Florenz 1998 Galleria dello Scudo, VeronaGalerie M\u00f6nch, BremenMuseo Guttoso, Villa Cattolica, Bagheria [&hellip;]<\/p>\n","protected":false},"author":2,"featured_media":0,"parent":158,"menu_order":1,"comment_status":"closed","ping_status":"closed","template":"kuenstler-text.php","meta":{"_acf_changed":false,"footnotes":""},"class_list":["post-163","page","type-page","status-publish","hentry"],"acf":[],"_links":{"self":[{"href":"https:\/\/poll-berlin.de\/galerie\/wp-json\/wp\/v2\/pages\/163","targetHints":{"allow":["GET"]}}],"collection":[{"href":"https:\/\/poll-berlin.de\/galerie\/wp-json\/wp\/v2\/pages"}],"about":[{"href":"https:\/\/poll-berlin.de\/galerie\/wp-json\/wp\/v2\/types\/page"}],"author":[{"embeddable":true,"href":"https:\/\/poll-berlin.de\/galerie\/wp-json\/wp\/v2\/users\/2"}],"replies":[{"embeddable":true,"href":"https:\/\/poll-berlin.de\/galerie\/wp-json\/wp\/v2\/comments?post=163"}],"version-history":[{"count":29,"href":"https:\/\/poll-berlin.de\/galerie\/wp-json\/wp\/v2\/pages\/163\/revisions"}],"predecessor-version":[{"id":31136,"href":"https:\/\/poll-berlin.de\/galerie\/wp-json\/wp\/v2\/pages\/163\/revisions\/31136"}],"up":[{"embeddable":true,"href":"https:\/\/poll-berlin.de\/galerie\/wp-json\/wp\/v2\/pages\/158"}],"wp:attachment":[{"href":"https:\/\/poll-berlin.de\/galerie\/wp-json\/wp\/v2\/media?parent=163"}],"curies":[{"name":"wp","href":"https:\/\/api.w.org\/{rel}","templated":true}]}}

<p><strong>Einzelausstellungen (Auswahl)</strong></p>



<div style="height:10px" aria-hidden="true" class="wp-block-spacer"></div>



<figure class="wp-block-table"><table><tbody><tr><td>2013</td><td>Galerie Agnès Monplaisir, Paris<br>Galerie Poll, Berlin</td></tr><tr><td>2012</td><td>Städtische Museen Heilbronn</td></tr><tr><td>2009</td><td>Galerie Burkhard Eikelmann, Düsseldorf</td></tr><tr><td>2007</td><td>Galerie Noah, Augsburg<br>Galerie Westend, Frankfurt am Main</td></tr><tr><td>2004</td><td>Galerie Eva Poll, Berlin<br>Studio Forni, Mailand</td></tr><tr><td>1999</td><td>Galerie Burkhard H. Eikelmann, Essen<br>Galleria d’Arte Poggiali &amp; Forconi, Florenz</td></tr><tr><td>1998</td><td>Galleria dello Scudo, Verona<br>Galerie Mönch, Bremen<br>Museo Guttoso, Villa Cattolica, Bagheria (Italien)</td></tr><tr><td>1997</td><td>Irish Museum of Modern Art, Dublin</td></tr><tr><td>1995</td><td>Galerie Mönch, Bremen<br>Studio d’Arte Cannaviello, Mailand<br>Villa Romana, Florenz<br>Galleria Il Polittico, Rom<br>Kunstverein Braunschweig</td></tr><tr><td>1993</td><td>Studio d’Arte Cannaviello, Mailand<br>Abbazia di San Gregorio, Sammlung Monzino, Venedig<br>Kunsthaus Dr. Hans Hartl, Freising</td></tr><tr><td>1988</td><td>Galerie Oniris, Dijon (Frankreich)<br>Roger Ramsey Gallery, Chicago<br>Raab Galerie, Berlin und Raab Gallery, London</td></tr><tr><td>1987</td><td>Studio d’Arte Cannaviello, Mailand<br>Hamburger Kunsthalle</td></tr><tr><td>1986</td><td>Rena Bransten Gallery, San Francisco<br>Sprengel Museum Hannover<br>Raab Galerie, Berlin</td></tr><tr><td>1985</td><td>Raab Galerie, Berlin und Sander Gallery, New York<br>Totah Gallery, London<br>Galerie der Stadt Kornwestheim</td></tr><tr><td>1983</td><td>Galerie Interni, Berlin<br>Galerie Huber, Genf</td></tr><tr><td>1982</td><td>Galerie Hermeyer, München</td></tr><tr><td>1981</td><td>Galerie Eva Poll, Berlin<br>Neuer Berliner Kunstverein (NBK)<br>Orangerie im Schloss Charlottenburg, Berlin</td></tr><tr><td>1979</td><td>Galerie Buchholz, München<br>Haus der Kultur, Warschau</td></tr><tr><td>1974</td><td>A.H. Grafik, Stockholm<br>Galerie Eva Poll, Berlin<br>Galerie Der Spiegel, Köln</td></tr><tr><td>1973</td><td>Galerie Mewes, Hamburg</td></tr><tr><td>1972</td><td>Galleria L’Indiano, Florenz<br>Galleria Schubert, Mailand</td></tr><tr><td>1970</td><td>Galerie Eva Poll, Berlin<br>Galerie Cornels, Baden-Baden<br>Galerie Niepel, Düsseldorf</td></tr><tr><td>1969</td><td>Galerie Eva Poll, Berlin</td></tr><tr><td>1967</td><td>Galerie Grossgörschen, Berlin</td></tr></tbody></table></figure>



<div style="height:10px" aria-hidden="true" class="wp-block-spacer"></div>



<p><strong>Gruppenausstellungen (Auswahl)</strong></p>



<div style="height:10px" aria-hidden="true" class="wp-block-spacer"></div>



<figure class="wp-block-table"><table><tbody><tr><td>2019</td><td>Galerie Poll, Berlin</td></tr><tr><td>2018</td><td>Kunststiftung Poll, Berlin</td></tr><tr><td>2016</td><td>Galerie Poll und Kunststiftung Poll, Berlin</td></tr><tr><td>2014</td><td>Schirn Kunsthalle, Frankfurt am Main</td></tr><tr><td>2012</td><td>Kunsthalle Vogelmann, Heilbronn</td></tr><tr><td>2004</td><td>Galerie Eva Poll, Berlin<br>Museo Civico, Sansepolcro (Italien)</td></tr><tr><td>2003</td><td>Pantheon, Rom</td></tr><tr><td>1999</td><td>Museo del Risorgimento, Rom</td></tr><tr><td>1998</td><td>Ludwig Forum für Internationale Kunst, Aachen</td></tr><tr><td>1989</td><td>Guggenheim Museum, New York<br>Williams College Museum of Art, Williamstown (USA)<br>Museum of Art, Toledo (USA)<br>Kunstmuseum Düsseldorf<br>Schirn Kunsthalle, Frankfurt am Main</td></tr><tr><td>1988</td><td>Haus der Kunst, München</td></tr><tr><td>1987</td><td>Los Angeles County Museum of Art </td></tr><tr><td>1980</td><td>Musée d’Art Contemporain, Montreal</td></tr><tr><td>1978</td><td>Kunstverein Hamburg</td></tr><tr><td>1976</td><td>Louisiana Museum of Modern Art, Humlebaek (Dänemark)</td></tr><tr><td>1974</td><td>Musée National d&#8217;Art Moderne, Paris</td></tr><tr><td>1973</td><td>Staatliche Kunsthalle Baden-Baden</td></tr><tr><td>1971</td><td>Galleria dell’Accademia, Florenz</td></tr><tr><td>1967</td><td>Kunsthalle Recklinghausen<br>Städtische Galerie im Lenbachhaus, München</td></tr><tr><td>1965</td><td>Kunsthalle Bremen</td></tr><tr><td>1964</td><td>Kunsthalle Mannheim</td></tr><tr><td>1961</td><td>Schloss Wolfsburg</td></tr></tbody></table></figure>

<p>Einzelausstellungen (Auswahl) 2013 Galerie Agnès Monplaisir, ParisGalerie Poll, Berlin 2012 Städtische Museen Heilbronn 2009 Galerie Burkhard Eikelmann, Düsseldorf 2007 Galerie Noah, AugsburgGalerie Westend, Frankfurt am Main 2004 Galerie Eva Poll, BerlinStudio Forni, Mailand 1999 Galerie Burkhard H. Eikelmann, EssenGalleria d’Arte Poggiali &amp; Forconi, Florenz 1998 Galleria dello Scudo, VeronaGalerie Mönch, BremenMuseo Guttoso, Villa Cattolica, Bagheria [&hellip;]</p>
