{"id":145,"date":"2021-05-07T11:37:00","date_gmt":"2021-05-07T09:37:00","guid":{"rendered":"https:\/\/poll-berlin.de\/galerie\/?page_id=145"},"modified":"2023-06-08T11:12:09","modified_gmt":"2023-06-08T09:12:09","slug":"biografie","status":"publish","type":"page","link":"https:\/\/poll-berlin.de\/galerie\/kuenstler-der-galerie\/danja-akulin\/biografie\/","title":{"rendered":"Biografie"},"content":{"rendered":"\n<p><strong>Biografie<\/strong><\/p>\n\n\n\n<div style=\"height:10px\" aria-hidden=\"true\" class=\"wp-block-spacer\"><\/div>\n\n\n\n<figure class=\"wp-block-table\"><table><tbody><tr><td>1977<\/td><td>geboren in St. Petersburg<\/td><\/tr><tr><td>2000-2005<\/td><td>Studium der Bildenden Kunst an der Universit\u00e4t der K\u00fcnste Berlin (UdK) bei Prof. Georg Baselitz<\/td><\/tr><tr><td>2005-2006<\/td><td>Meistersch\u00fcler bei Prof. Daniel Richter<\/td><\/tr><\/tbody><\/table><\/figure>\n\n\n\n<p>Danja Akulin lebt und arbeitet in Berlin.<\/p>\n\n\n\n<div style=\"height:10px\" aria-hidden=\"true\" class=\"wp-block-spacer\"><\/div>\n\n\n\n<p><strong>Preise und Stipendien<\/strong><\/p>\n\n\n\n<div style=\"height:10px\" aria-hidden=\"true\" class=\"wp-block-spacer\"><\/div>\n\n\n\n<figure class=\"wp-block-table\"><table><tbody><tr><td>2017<\/td><td>Elizabeth Greenshields Foundation Award<\/td><\/tr><\/tbody><\/table><\/figure>\n","protected":false},"excerpt":{"rendered":"<p>Biografie 1977 geboren in St. Petersburg 2000-2005 Studium der Bildenden Kunst an der Universit\u00e4t der K\u00fcnste Berlin (UdK) bei Prof. Georg Baselitz 2005-2006 Meistersch\u00fcler bei Prof. Daniel Richter Danja Akulin lebt und arbeitet in Berlin. Preise und Stipendien 2017 Elizabeth Greenshields Foundation Award<\/p>\n","protected":false},"author":2,"featured_media":0,"parent":143,"menu_order":0,"comment_status":"closed","ping_status":"closed","template":"kuenstler-text.php","meta":{"_acf_changed":false,"footnotes":""},"class_list":["post-145","page","type-page","status-publish","hentry"],"acf":[],"_links":{"self":[{"href":"https:\/\/poll-berlin.de\/galerie\/wp-json\/wp\/v2\/pages\/145","targetHints":{"allow":["GET"]}}],"collection":[{"href":"https:\/\/poll-berlin.de\/galerie\/wp-json\/wp\/v2\/pages"}],"about":[{"href":"https:\/\/poll-berlin.de\/galerie\/wp-json\/wp\/v2\/types\/page"}],"author":[{"embeddable":true,"href":"https:\/\/poll-berlin.de\/galerie\/wp-json\/wp\/v2\/users\/2"}],"replies":[{"embeddable":true,"href":"https:\/\/poll-berlin.de\/galerie\/wp-json\/wp\/v2\/comments?post=145"}],"version-history":[{"count":34,"href":"https:\/\/poll-berlin.de\/galerie\/wp-json\/wp\/v2\/pages\/145\/revisions"}],"predecessor-version":[{"id":36688,"href":"https:\/\/poll-berlin.de\/galerie\/wp-json\/wp\/v2\/pages\/145\/revisions\/36688"}],"up":[{"embeddable":true,"href":"https:\/\/poll-berlin.de\/galerie\/wp-json\/wp\/v2\/pages\/143"}],"wp:attachment":[{"href":"https:\/\/poll-berlin.de\/galerie\/wp-json\/wp\/v2\/media?parent=145"}],"curies":[{"name":"wp","href":"https:\/\/api.w.org\/{rel}","templated":true}]}}