{"id":1390,"date":"2022-03-22T16:27:19","date_gmt":"2022-03-22T15:27:19","guid":{"rendered":"https:\/\/poll-berlin.de\/galerie\/?page_id=1390"},"modified":"2025-07-29T18:49:00","modified_gmt":"2025-07-29T16:49:00","slug":"ausstellungen","status":"publish","type":"page","link":"https:\/\/poll-berlin.de\/galerie\/weitere-kuenstler\/juergen-waller\/ausstellungen\/","title":{"rendered":"Ausstellungen"},"content":{"rendered":"\n<p><strong>Einzelausstellungen (Auswahl)<\/strong><\/p>\n\n\n\n<div style=\"height:10px\" aria-hidden=\"true\" class=\"wp-block-spacer\"><\/div>\n\n\n\n<figure class=\"wp-block-table\"><table><tbody><tr><td>2019<\/td><td>Hochschule f\u00fcr K\u00fcnste Bremen<br>Kunsthalle Bremen<br>Weserburg Museum f\u00fcr moderne Kunst<br>Galerie Birgit Waller, Bremen<\/td><\/tr><tr><td>2011<\/td><td>International Academy of Arts, Vallauris<\/td><\/tr><tr><td>2009<\/td><td>Galerie Birgit Waller, Bremen<\/td><\/tr><tr><td>2005<\/td><td>Galerie Guy Pieters, Saint-Paul-de-Vence<\/td><\/tr><tr><td>2004<\/td><td>Haus Lesmona, Bremen<\/td><\/tr><tr><td>2002<\/td><td>St\u00e4dtische Galerie im Buntentor, Bremen<\/td><\/tr><tr><td>2001<\/td><td>Museum f\u00fcr Konkrete Kunst, Ingolstadt<br>Centre International d&#8217;Art Contemporain, Carros<br>Kass\u00e1k M\u00fazeum, Budapest<\/td><\/tr><tr><td>1999<\/td><td>Atelier 49, Vallauris (Frankreich)<\/td><\/tr><tr><td>1997<\/td><td>St\u00e4dtische Kunstsammlungen Schloss Salder, Salzgitter<br>Centre Europ\u00e9en d\u2019Art Contemporain, Vallauris<br>Galerie im ZARM, Bremen<\/td><\/tr><tr><td>1995<\/td><td>Haus Lesmona, Bremen<\/td><\/tr><tr><td>1992<\/td><td>Galerie M\u00f6nch, Bremen<br>Galerie Hans Barlach, Hamburg und K\u00f6ln<\/td><\/tr><tr><td>1988<\/td><td>Studio Galerie, Hamburg<\/td><\/tr><tr><td>1987<\/td><td>Neue Berliner Galerie im Alten Museum, Berlin<br>St\u00e4dtische Galerie Oberhausen<\/td><\/tr><tr><td>1983<\/td><td>Kunstverein Oldenburg<\/td><\/tr><tr><td>1982<\/td><td>Staatliche Kunsthalle Berlin<\/td><\/tr><tr><td>1981<\/td><td>Galerie Eva Poll, Berlin<br>Gesellschaft f\u00fcr Aktuelle Kunst, Bremen<\/td><\/tr><tr><td>1978<\/td><td>Galerie Schnecke, Hamburg<\/td><\/tr><tr><td>1976<\/td><td>Galerie Eva Poll, Berlin<br>Kunsthalle Wilhelmshaven<\/td><\/tr><tr><td>1972<\/td><td>Kunstamt Tempelhof, Berlin<\/td><\/tr><tr><td>1971<\/td><td>Galerie Hofmeier, Bremen<\/td><\/tr><\/tbody><\/table><\/figure>\n\n\n\n<div style=\"height:10px\" aria-hidden=\"true\" class=\"wp-block-spacer\"><\/div>\n\n\n\n<p><strong>Gruppenausstellungen (Auswahl)<\/strong><\/p>\n\n\n\n<div style=\"height:10px\" aria-hidden=\"true\" class=\"wp-block-spacer\"><\/div>\n\n\n\n<figure class=\"wp-block-table\"><table><tbody><tr><td>2017<\/td><td>Lettisches Nationales Kunstmuseum, Riga<\/td><\/tr><tr><td>2016<\/td><td>Galerie Poll, Berlin<\/td><\/tr><tr><td>2012<\/td><td>St\u00e4dtische Museen Heilbronn<\/td><\/tr><tr><td>2005<\/td><td>Goethe-Institut Budapest<\/td><\/tr><tr><td>1986<\/td><td>Galerie Eva Poll, Berlin<\/td><\/tr><tr><td>1985<\/td><td>Galerie Walther, D\u00fcsseldorf<\/td><\/tr><tr><td>1984<\/td><td>Orangerie im Schloss Charlottenburg, Berlin<\/td><\/tr><tr><td>1980<\/td><td>Neuer Berliner Kunstverein (NBK)<\/td><\/tr><tr><td>1975<\/td><td>Overbeck-Gesellschaft, L\u00fcbeck<\/td><\/tr><tr><td>1972<\/td><td>Villa Hammerschmidt, Bonn<br>Oberf\u00f6hriger Galerie, M\u00fcnchen<\/td><\/tr><tr><td>1968<\/td><td>Sch\u00f6neberger Weltlaterne, Berlin<\/td><\/tr><tr><td>1967<\/td><td>Centre Culturel de la Ville de Vallauris<\/td><\/tr><tr><td>1963<\/td><td>Kreuzberger Forum, Berlin<\/td><\/tr><\/tbody><\/table><\/figure>\n","protected":false},"excerpt":{"rendered":"<p>Einzelausstellungen (Auswahl) 2019 Hochschule f\u00fcr K\u00fcnste BremenKunsthalle BremenWeserburg Museum f\u00fcr moderne KunstGalerie Birgit Waller, Bremen 2011 International Academy of Arts, Vallauris 2009 Galerie Birgit Waller, Bremen 2005 Galerie Guy Pieters, Saint-Paul-de-Vence 2004 Haus Lesmona, Bremen 2002 St\u00e4dtische Galerie im Buntentor, Bremen 2001 Museum f\u00fcr Konkrete Kunst, IngolstadtCentre International d&#8217;Art Contemporain, CarrosKass\u00e1k M\u00fazeum, Budapest 1999 Atelier [&hellip;]<\/p>\n","protected":false},"author":1,"featured_media":0,"parent":941,"menu_order":1,"comment_status":"closed","ping_status":"closed","template":"kuenstler-text.php","meta":{"_acf_changed":false,"footnotes":""},"class_list":["post-1390","page","type-page","status-publish","hentry"],"acf":[],"_links":{"self":[{"href":"https:\/\/poll-berlin.de\/galerie\/wp-json\/wp\/v2\/pages\/1390","targetHints":{"allow":["GET"]}}],"collection":[{"href":"https:\/\/poll-berlin.de\/galerie\/wp-json\/wp\/v2\/pages"}],"about":[{"href":"https:\/\/poll-berlin.de\/galerie\/wp-json\/wp\/v2\/types\/page"}],"author":[{"embeddable":true,"href":"https:\/\/poll-berlin.de\/galerie\/wp-json\/wp\/v2\/users\/1"}],"replies":[{"embeddable":true,"href":"https:\/\/poll-berlin.de\/galerie\/wp-json\/wp\/v2\/comments?post=1390"}],"version-history":[{"count":10,"href":"https:\/\/poll-berlin.de\/galerie\/wp-json\/wp\/v2\/pages\/1390\/revisions"}],"predecessor-version":[{"id":43803,"href":"https:\/\/poll-berlin.de\/galerie\/wp-json\/wp\/v2\/pages\/1390\/revisions\/43803"}],"up":[{"embeddable":true,"href":"https:\/\/poll-berlin.de\/galerie\/wp-json\/wp\/v2\/pages\/941"}],"wp:attachment":[{"href":"https:\/\/poll-berlin.de\/galerie\/wp-json\/wp\/v2\/media?parent=1390"}],"curies":[{"name":"wp","href":"https:\/\/api.w.org\/{rel}","templated":true}]}}

<p><strong>Einzelausstellungen (Auswahl)</strong></p>



<div style="height:10px" aria-hidden="true" class="wp-block-spacer"></div>



<figure class="wp-block-table"><table><tbody><tr><td>2019</td><td>Hochschule für Künste Bremen<br>Kunsthalle Bremen<br>Weserburg Museum für moderne Kunst<br>Galerie Birgit Waller, Bremen</td></tr><tr><td>2011</td><td>International Academy of Arts, Vallauris</td></tr><tr><td>2009</td><td>Galerie Birgit Waller, Bremen</td></tr><tr><td>2005</td><td>Galerie Guy Pieters, Saint-Paul-de-Vence</td></tr><tr><td>2004</td><td>Haus Lesmona, Bremen</td></tr><tr><td>2002</td><td>Städtische Galerie im Buntentor, Bremen</td></tr><tr><td>2001</td><td>Museum für Konkrete Kunst, Ingolstadt<br>Centre International d&#8217;Art Contemporain, Carros<br>Kassák Múzeum, Budapest</td></tr><tr><td>1999</td><td>Atelier 49, Vallauris (Frankreich)</td></tr><tr><td>1997</td><td>Städtische Kunstsammlungen Schloss Salder, Salzgitter<br>Centre Européen d’Art Contemporain, Vallauris<br>Galerie im ZARM, Bremen</td></tr><tr><td>1995</td><td>Haus Lesmona, Bremen</td></tr><tr><td>1992</td><td>Galerie Mönch, Bremen<br>Galerie Hans Barlach, Hamburg und Köln</td></tr><tr><td>1988</td><td>Studio Galerie, Hamburg</td></tr><tr><td>1987</td><td>Neue Berliner Galerie im Alten Museum, Berlin<br>Städtische Galerie Oberhausen</td></tr><tr><td>1983</td><td>Kunstverein Oldenburg</td></tr><tr><td>1982</td><td>Staatliche Kunsthalle Berlin</td></tr><tr><td>1981</td><td>Galerie Eva Poll, Berlin<br>Gesellschaft für Aktuelle Kunst, Bremen</td></tr><tr><td>1978</td><td>Galerie Schnecke, Hamburg</td></tr><tr><td>1976</td><td>Galerie Eva Poll, Berlin<br>Kunsthalle Wilhelmshaven</td></tr><tr><td>1972</td><td>Kunstamt Tempelhof, Berlin</td></tr><tr><td>1971</td><td>Galerie Hofmeier, Bremen</td></tr></tbody></table></figure>



<div style="height:10px" aria-hidden="true" class="wp-block-spacer"></div>



<p><strong>Gruppenausstellungen (Auswahl)</strong></p>



<div style="height:10px" aria-hidden="true" class="wp-block-spacer"></div>



<figure class="wp-block-table"><table><tbody><tr><td>2017</td><td>Lettisches Nationales Kunstmuseum, Riga</td></tr><tr><td>2016</td><td>Galerie Poll, Berlin</td></tr><tr><td>2012</td><td>Städtische Museen Heilbronn</td></tr><tr><td>2005</td><td>Goethe-Institut Budapest</td></tr><tr><td>1986</td><td>Galerie Eva Poll, Berlin</td></tr><tr><td>1985</td><td>Galerie Walther, Düsseldorf</td></tr><tr><td>1984</td><td>Orangerie im Schloss Charlottenburg, Berlin</td></tr><tr><td>1980</td><td>Neuer Berliner Kunstverein (NBK)</td></tr><tr><td>1975</td><td>Overbeck-Gesellschaft, Lübeck</td></tr><tr><td>1972</td><td>Villa Hammerschmidt, Bonn<br>Oberföhriger Galerie, München</td></tr><tr><td>1968</td><td>Schöneberger Weltlaterne, Berlin</td></tr><tr><td>1967</td><td>Centre Culturel de la Ville de Vallauris</td></tr><tr><td>1963</td><td>Kreuzberger Forum, Berlin</td></tr></tbody></table></figure>

<p>Einzelausstellungen (Auswahl) 2019 Hochschule für Künste BremenKunsthalle BremenWeserburg Museum für moderne KunstGalerie Birgit Waller, Bremen 2011 International Academy of Arts, Vallauris 2009 Galerie Birgit Waller, Bremen 2005 Galerie Guy Pieters, Saint-Paul-de-Vence 2004 Haus Lesmona, Bremen 2002 Städtische Galerie im Buntentor, Bremen 2001 Museum für Konkrete Kunst, IngolstadtCentre International d&#8217;Art Contemporain, CarrosKassák Múzeum, Budapest 1999 Atelier [&hellip;]</p>
