{"id":1335,"date":"2025-06-06T16:04:18","date_gmt":"2025-06-06T14:04:18","guid":{"rendered":"https:\/\/poll-berlin.de\/galerie\/?page_id=1335"},"modified":"2025-07-09T17:26:34","modified_gmt":"2025-07-09T15:26:34","slug":"werke-in-sammlungen","status":"publish","type":"page","link":"https:\/\/poll-berlin.de\/galerie\/weitere-kuenstler\/susanne-knaack\/werke-in-sammlungen\/","title":{"rendered":"Werke in Sammlungen"},"content":{"rendered":"\n<p><strong>Werke in Sammlungen<\/strong><\/p>\n\n\n\n<p>Artothek der Kommunalen Galerie Berlin<br>Artothek des Neuen Berliner Kunstvereins (NBK)<br>Kunstsammlung Verein Berliner K\u00fcnstler, Berlin<br>Kunststiftung Poll, Berlin<br>Kunstverleih Lichtenberg, Berlin<br>Fundaci\u00f3n Pasaje 865, Buenos Aires<br>HSH Nordbank, Hamburg<br>Euroimmun AG, L\u00fcbeck<br>Reger Gallery, New York City<br><\/p>\n","protected":false},"excerpt":{"rendered":"<p>Werke in Sammlungen Artothek der Kommunalen Galerie BerlinArtothek des Neuen Berliner Kunstvereins (NBK)Kunstsammlung Verein Berliner K\u00fcnstler, BerlinKunststiftung Poll, BerlinKunstverleih Lichtenberg, BerlinFundaci\u00f3n Pasaje 865, Buenos AiresHSH Nordbank, HamburgEuroimmun AG, L\u00fcbeckReger Gallery, New York City<\/p>\n","protected":false},"author":1,"featured_media":0,"parent":934,"menu_order":2,"comment_status":"closed","ping_status":"closed","template":"kuenstler-text.php","meta":{"_acf_changed":false,"footnotes":""},"class_list":["post-1335","page","type-page","status-publish","hentry"],"acf":[],"_links":{"self":[{"href":"https:\/\/poll-berlin.de\/galerie\/wp-json\/wp\/v2\/pages\/1335","targetHints":{"allow":["GET"]}}],"collection":[{"href":"https:\/\/poll-berlin.de\/galerie\/wp-json\/wp\/v2\/pages"}],"about":[{"href":"https:\/\/poll-berlin.de\/galerie\/wp-json\/wp\/v2\/types\/page"}],"author":[{"embeddable":true,"href":"https:\/\/poll-berlin.de\/galerie\/wp-json\/wp\/v2\/users\/1"}],"replies":[{"embeddable":true,"href":"https:\/\/poll-berlin.de\/galerie\/wp-json\/wp\/v2\/comments?post=1335"}],"version-history":[{"count":8,"href":"https:\/\/poll-berlin.de\/galerie\/wp-json\/wp\/v2\/pages\/1335\/revisions"}],"predecessor-version":[{"id":43433,"href":"https:\/\/poll-berlin.de\/galerie\/wp-json\/wp\/v2\/pages\/1335\/revisions\/43433"}],"up":[{"embeddable":true,"href":"https:\/\/poll-berlin.de\/galerie\/wp-json\/wp\/v2\/pages\/934"}],"wp:attachment":[{"href":"https:\/\/poll-berlin.de\/galerie\/wp-json\/wp\/v2\/media?parent=1335"}],"curies":[{"name":"wp","href":"https:\/\/api.w.org\/{rel}","templated":true}]}}