{"id":1301,"date":"2022-01-25T17:30:43","date_gmt":"2022-01-25T16:30:43","guid":{"rendered":"https:\/\/poll-berlin.de\/galerie\/?page_id=1301"},"modified":"2024-03-12T18:05:12","modified_gmt":"2024-03-12T17:05:12","slug":"biografie","status":"publish","type":"page","link":"https:\/\/poll-berlin.de\/galerie\/weitere-kuenstler\/doug-hall\/biografie\/","title":{"rendered":"Biografie"},"content":{"rendered":"\n<p><strong>Biografie<\/strong><\/p>\n\n\n\n<div style=\"height:10px\" aria-hidden=\"true\" class=\"wp-block-spacer\"><\/div>\n\n\n\n<figure class=\"wp-block-table\"><table><tbody><tr><td>1944<\/td><td>geboren in San Francisco<\/td><\/tr><tr><td>1966<\/td><td>Bachelor of Arts in Anthropologie am Harvard College, Cambridge<\/td><\/tr><tr><td>1967<\/td><td>Teilnahme am neunw\u00f6chigen Sommerprogramm an der Skowhegan School of Painting &amp; Sculpture, Madison (USA)<\/td><\/tr><tr><td>1969<\/td><td>Master of Fine Arts in Bildhauerei an der Rinehart School of Sculpture des Maryland Institute of Art, Baltimore (USA)<\/td><\/tr><tr><td>1971-1978<\/td><td>Mitbegr\u00fcnder des K\u00fcnstlerkollektivs \u201eT.R. Uthco\u201d in San Francisco<\/td><\/tr><tr><td>1980-2008<\/td><td>Professur f\u00fcr Medienkunst am San Francisco Art Institute<\/td><\/tr><tr><td>2008-2015<\/td><td>Gastk\u00fcnstler f\u00fcr Bildende K\u00fcnste am California College of the Arts, San Francisco<\/td><\/tr><\/tbody><\/table><\/figure>\n\n\n\n<p>Doug Hall lebt und arbeitet in San Francisco.<\/p>\n\n\n\n<div style=\"height:10px\" aria-hidden=\"true\" class=\"wp-block-spacer\"><\/div>\n\n\n\n<p><strong>Preise und Stipendien<\/strong><\/p>\n\n\n\n<div style=\"height:10px\" aria-hidden=\"true\" class=\"wp-block-spacer\"><\/div>\n\n\n\n<figure class=\"wp-block-table\"><table><tbody><tr><td>1999<\/td><td>Flintridge Foundation Award for Visual Artists<\/td><\/tr><tr><td>1995-1996<\/td><td>Rome-Preis der American Academy in Rome<\/td><\/tr><tr><td>1992-1993<\/td><td>K\u00fcnstlerstipendium des California Arts Council<\/td><\/tr><tr><td>1991-1992<\/td><td>John-Simon-Guggenheim-Stipendium<\/td><\/tr><tr><td>1989<\/td><td>Stipendium der Rockefeller-Stiftung, New York<\/td><\/tr><tr><td>1966-1969<\/td><td>Rinehart-Stipendium f\u00fcr ein Hochschulstudium<\/td><\/tr><\/tbody><\/table><\/figure>\n","protected":false},"excerpt":{"rendered":"<p>Biografie 1944 geboren in San Francisco 1966 Bachelor of Arts in Anthropologie am Harvard College, Cambridge 1967 Teilnahme am neunw\u00f6chigen Sommerprogramm an der Skowhegan School of Painting &amp; Sculpture, Madison (USA) 1969 Master of Fine Arts in Bildhauerei an der Rinehart School of Sculpture des Maryland Institute of Art, Baltimore (USA) 1971-1978 Mitbegr\u00fcnder des K\u00fcnstlerkollektivs [&hellip;]<\/p>\n","protected":false},"author":1,"featured_media":0,"parent":930,"menu_order":0,"comment_status":"closed","ping_status":"closed","template":"kuenstler-text.php","meta":{"_acf_changed":false,"footnotes":""},"class_list":["post-1301","page","type-page","status-publish","hentry"],"acf":[],"_links":{"self":[{"href":"https:\/\/poll-berlin.de\/galerie\/wp-json\/wp\/v2\/pages\/1301","targetHints":{"allow":["GET"]}}],"collection":[{"href":"https:\/\/poll-berlin.de\/galerie\/wp-json\/wp\/v2\/pages"}],"about":[{"href":"https:\/\/poll-berlin.de\/galerie\/wp-json\/wp\/v2\/types\/page"}],"author":[{"embeddable":true,"href":"https:\/\/poll-berlin.de\/galerie\/wp-json\/wp\/v2\/users\/1"}],"replies":[{"embeddable":true,"href":"https:\/\/poll-berlin.de\/galerie\/wp-json\/wp\/v2\/comments?post=1301"}],"version-history":[{"count":10,"href":"https:\/\/poll-berlin.de\/galerie\/wp-json\/wp\/v2\/pages\/1301\/revisions"}],"predecessor-version":[{"id":36473,"href":"https:\/\/poll-berlin.de\/galerie\/wp-json\/wp\/v2\/pages\/1301\/revisions\/36473"}],"up":[{"embeddable":true,"href":"https:\/\/poll-berlin.de\/galerie\/wp-json\/wp\/v2\/pages\/930"}],"wp:attachment":[{"href":"https:\/\/poll-berlin.de\/galerie\/wp-json\/wp\/v2\/media?parent=1301"}],"curies":[{"name":"wp","href":"https:\/\/api.w.org\/{rel}","templated":true}]}}