{"id":1294,"date":"2022-01-25T13:00:27","date_gmt":"2022-01-25T12:00:27","guid":{"rendered":"https:\/\/poll-berlin.de\/galerie\/?page_id=1294"},"modified":"2025-11-27T15:33:31","modified_gmt":"2025-11-27T14:33:31","slug":"ausstellungen","status":"publish","type":"page","link":"https:\/\/poll-berlin.de\/galerie\/weitere-kuenstler\/g-l-gabriel\/ausstellungen\/","title":{"rendered":"Ausstellungen"},"content":{"rendered":"\n<p><strong>Einzelausstellungen (Auswahl)<\/strong><\/p>\n\n\n\n<div style=\"height:10px\" aria-hidden=\"true\" class=\"wp-block-spacer\"><\/div>\n\n\n\n<figure class=\"wp-block-table\"><table><tbody><tr><td>2018<\/td><td>St\u00e4dtisches Museum Eisenh\u00fcttenstadt<\/td><\/tr><tr><td>2017<\/td><td>Ulster Museum, Belfast<\/td><\/tr><tr><td>2014<\/td><td>Raab Galerie, Berlin<\/td><\/tr><tr><td>2011<\/td><td>Bollag Galleries, Z\u00fcrich<\/td><\/tr><tr><td>2010<\/td><td>Deutsches Generalkonsulat, New York City<\/td><\/tr><tr><td>2008<\/td><td>Dietz Space, New York City<\/td><\/tr><tr><td>2006<\/td><td>Kunsthaus Potsdam<\/td><\/tr><tr><td>2002<\/td><td>Galerie Ursula Wiedenkeller, Z\u00fcrich<\/td><\/tr><tr><td>1998<\/td><td>Goethe-Institut Lisabon<br>Goethe-Institut Porto<br>Goethe-Institut Damaskus<\/td><\/tr><tr><td>1997<\/td><td>Galerie Pro Arte, Freiburg<\/td><\/tr><tr><td>1995<\/td><td>Galerie Eva Poll, Berlin<\/td><\/tr><tr><td>1992<\/td><td>Galerie Grashey, Konstanz<br>Galerie Eva Poll, Berlin <\/td><\/tr><tr><td>1990<\/td><td>Galerie Jeroch, Hannover<br>Galerie Grashey, Konstanz<\/td><\/tr><tr><td>1989<\/td><td>Galerie Eva Poll, Berlin<\/td><\/tr><tr><td>1988<\/td><td>Galerie Cramer Schirner, Bonn<br>Galerie Ursula Wiedenkeller, Z\u00fcrich<br>Galerie Lavignes-Bastille, Paris<\/td><\/tr><tr><td>1987<\/td><td>Galerie Eva Poll, Berlin<br>Galerie List, Hannover<\/td><\/tr><tr><td>1986<\/td><td>Galerie von Loeper, Hamburg<br>Kunstverein Schering, Berlin<\/td><\/tr><tr><td>1984<\/td><td>Galerie Eva Poll, Berlin<br>Galerie A., Br\u00fcssel<\/td><\/tr><tr><td>1982<\/td><td>Galerie Interni, Berlin<br>Galerie Eva Poll, Berlin (mit Thomas Lange)<\/td><\/tr><tr><td>1981<\/td><td>Galerie am Moritzplatz, Berlin<br>Galerie Eva Poll, Berlin<\/td><\/tr><tr><td>1979<\/td><td>Galerie am Moritzplatz, Berlin<\/td><\/tr><\/tbody><\/table><\/figure>\n\n\n\n<div style=\"height:10px\" aria-hidden=\"true\" class=\"wp-block-spacer\"><\/div>\n\n\n\n<p><strong>Gruppenausstellungen (Auswahl)<\/strong><\/p>\n\n\n\n<div style=\"height:10px\" aria-hidden=\"true\" class=\"wp-block-spacer\"><\/div>\n\n\n\n<figure class=\"wp-block-table\"><table><tbody><tr><td>2025-2026<\/td><td>Galerie Poll, Berlin<\/td><\/tr><tr><td>2020<\/td><td>Kunsthalle Emden<\/td><\/tr><tr><td>2018-2019<\/td><td>Ludwig Forum f\u00fcr Internationale Kunst, Aachen<\/td><\/tr><tr><td>2016<\/td><td>Galerie Poll und Kunststiftung Poll, Berlin<\/td><\/tr><tr><td>2015<\/td><td>Raab Galerie, Berlin<br>St\u00e4del Museum, Frankfurt am Main<\/td><\/tr><tr><td>2014<\/td><td>Galerie Poll, Berlin<\/td><\/tr><tr><td>2010<\/td><td>Ephraim-Palais, Berlin<\/td><\/tr><tr><td>2007<\/td><td>Galerie Ursula Wiedenkeller, Z\u00fcrich<\/td><\/tr><tr><td>2006<\/td><td>Kunstforum Berliner Volksbank, Berlin<\/td><\/tr><tr><td>2000<\/td><td>Raab Galerie, Berlin<\/td><\/tr><tr><td>1999<\/td><td>Bundeskunsthalle, Bonn<\/td><\/tr><tr><td>1995<\/td><td>Staatliche Kunsthalle, Berlin<br>St. Jacobi-Kirche, Berlin<br>Galerie Ursula Wiedenkeller, Z\u00fcrich<\/td><\/tr><tr><td>1989<\/td><td>Contemporary Art Center, Osaka (Japan)<br>Berlinische Galerie &#8211; Museum f\u00fcr Moderne Kunst<\/td><\/tr><tr><td>1987<\/td><td>\u201eBerliner Stadtlandschaften\u201d, Wanderausstellung<\/td><\/tr><tr><td>1985<\/td><td>Centro Cultural, Madrid<\/td><\/tr><tr><td>1982<\/td><td>Galer\u00eda de Arte, Altos de Chav\u00f3n (Dominikanische Republik)<\/td><\/tr><tr><td>1980<\/td><td>Galerie Eva Poll, Berlin<\/td><\/tr><tr><td>1979<\/td><td>Galerie am Moritzplatz, Berlin<\/td><\/tr><tr><td>1978<\/td><td>Gro\u00dfe Kunstausstellung M\u00fcnchen<\/td><\/tr><\/tbody><\/table><\/figure>\n","protected":false},"excerpt":{"rendered":"<p>Einzelausstellungen (Auswahl) 2018 St\u00e4dtisches Museum Eisenh\u00fcttenstadt 2017 Ulster Museum, Belfast 2014 Raab Galerie, Berlin 2011 Bollag Galleries, Z\u00fcrich 2010 Deutsches Generalkonsulat, New York City 2008 Dietz Space, New York City 2006 Kunsthaus Potsdam 2002 Galerie Ursula Wiedenkeller, Z\u00fcrich 1998 Goethe-Institut LisabonGoethe-Institut PortoGoethe-Institut Damaskus 1997 Galerie Pro Arte, Freiburg 1995 Galerie Eva Poll, Berlin 1992 Galerie [&hellip;]<\/p>\n","protected":false},"author":1,"featured_media":0,"parent":929,"menu_order":1,"comment_status":"closed","ping_status":"closed","template":"kuenstler-text.php","meta":{"_acf_changed":false,"footnotes":""},"class_list":["post-1294","page","type-page","status-publish","hentry"],"acf":[],"_links":{"self":[{"href":"https:\/\/poll-berlin.de\/galerie\/wp-json\/wp\/v2\/pages\/1294","targetHints":{"allow":["GET"]}}],"collection":[{"href":"https:\/\/poll-berlin.de\/galerie\/wp-json\/wp\/v2\/pages"}],"about":[{"href":"https:\/\/poll-berlin.de\/galerie\/wp-json\/wp\/v2\/types\/page"}],"author":[{"embeddable":true,"href":"https:\/\/poll-berlin.de\/galerie\/wp-json\/wp\/v2\/users\/1"}],"replies":[{"embeddable":true,"href":"https:\/\/poll-berlin.de\/galerie\/wp-json\/wp\/v2\/comments?post=1294"}],"version-history":[{"count":11,"href":"https:\/\/poll-berlin.de\/galerie\/wp-json\/wp\/v2\/pages\/1294\/revisions"}],"predecessor-version":[{"id":44831,"href":"https:\/\/poll-berlin.de\/galerie\/wp-json\/wp\/v2\/pages\/1294\/revisions\/44831"}],"up":[{"embeddable":true,"href":"https:\/\/poll-berlin.de\/galerie\/wp-json\/wp\/v2\/pages\/929"}],"wp:attachment":[{"href":"https:\/\/poll-berlin.de\/galerie\/wp-json\/wp\/v2\/media?parent=1294"}],"curies":[{"name":"wp","href":"https:\/\/api.w.org\/{rel}","templated":true}]}}