{"id":1253,"date":"2021-12-16T14:10:26","date_gmt":"2021-12-16T13:10:26","guid":{"rendered":"https:\/\/poll-berlin.de\/galerie\/?page_id=1253"},"modified":"2023-10-25T15:36:50","modified_gmt":"2023-10-25T13:36:50","slug":"biografie","status":"publish","type":"page","link":"https:\/\/poll-berlin.de\/galerie\/weitere-kuenstler\/ian-colverson-denis-masi\/biografie\/","title":{"rendered":"Biografie"},"content":{"rendered":"\n<p><strong>Biografie<\/strong><\/p>\n\n\n\n<div style=\"height:10px\" aria-hidden=\"true\" class=\"wp-block-spacer\"><\/div>\n\n\n\n<p><strong>Ian Colverson<\/strong><\/p>\n\n\n\n<div style=\"height:10px\" aria-hidden=\"true\" class=\"wp-block-spacer\"><\/div>\n\n\n\n<figure class=\"wp-block-table\"><table><tbody><tr><td>1940<\/td><td>geboren in London<\/td><\/tr><tr><td>1962<\/td><td>Abschluss an der Slade School of Fine Art, London<br>Aufenthalte in Rom und Paris<br>Lehrauftrag an der University of California, Los Angeles<\/td><\/tr><tr><td>1969-2005<\/td><td>Gr\u00fcndung einer neuen Abteilung f\u00fcr Druckgrafik und Leiter der Abteilung f\u00fcr zweidimensionale Studien am Bradford Regional College of Art (UK)<\/td><\/tr><tr><td>1970-1971<\/td><td>Reisen nach Berlin<\/td><\/tr><tr><td>2002<\/td><td>gestorben in Huddersfield (UK)<\/td><\/tr><\/tbody><\/table><\/figure>\n\n\n\n<div style=\"height:10px\" aria-hidden=\"true\" class=\"wp-block-spacer\"><\/div>\n\n\n\n<p><strong>Denis Masi<\/strong><\/p>\n\n\n\n<div style=\"height:10px\" aria-hidden=\"true\" class=\"wp-block-spacer\"><\/div>\n\n\n\n<figure class=\"wp-block-table\"><table><tbody><tr><td>1942<\/td><td>geboren in West Virginia (USA)<\/td><\/tr><tr><td>1960-1964<\/td><td>Studium an der Seton Hall University, New Jersey (USA)<\/td><\/tr><tr><td>1964-1966<\/td><td>Studium an der Accademia di Belle Arti di Brera, Mailand<\/td><\/tr><tr><td>1966-1967<\/td><td>Aufenthalt in Paris<\/td><\/tr><tr><td>1967-1968<\/td><td>Aufbaustudium an der Slade School of Fine Art, London<\/td><\/tr><tr><td>1968-1971<\/td><td>Lehrauftrag am Bradford Regional College of Art (UK)<\/td><\/tr><tr><td>1970-1996<\/td><td>Lehrauftrag am Croydon College, London<\/td><\/tr><tr><td>1970-1971<\/td><td>Reisen nach Berlin<\/td><\/tr><tr><td>1981-1982<\/td><td>Aufbaustudium an der Chelsea School of Art, London<\/td><\/tr><tr><td>1984<\/td><td>B\u00fchnenbilder und Kost\u00fcme f\u00fcr das &#8222;Rational Theatre&#8220; und das &#8222;Hidden Grin Theatre&#8220;, London<\/td><\/tr><tr><td>1988-2000<\/td><td>Lehrauftr\u00e4ge an der Wimbledon School of Art, London und an der University of Surrey, Guildford (UK)<\/td><\/tr><tr><td>1996-2009<\/td><td>Lehrauftr\u00e4ge an der Slade School of Fine Art, London und am University College, London<\/td><\/tr><tr><td>2005-2009<\/td><td>Mitglied der British School in Rom und der British Academy, London<\/td><\/tr><\/tbody><\/table><\/figure>\n\n\n\n<p>Denis Masi lebt und arbeitet in London.<\/p>\n\n\n\n<p><\/p>\n","protected":false},"excerpt":{"rendered":"<p>Biografie Ian Colverson 1940 geboren in London 1962 Abschluss an der Slade School of Fine Art, LondonAufenthalte in Rom und ParisLehrauftrag an der University of California, Los Angeles 1969-2005 Gr\u00fcndung einer neuen Abteilung f\u00fcr Druckgrafik und Leiter der Abteilung f\u00fcr zweidimensionale Studien am Bradford Regional College of Art (UK) 1970-1971 Reisen nach Berlin 2002 gestorben [&hellip;]<\/p>\n","protected":false},"author":1,"featured_media":0,"parent":923,"menu_order":0,"comment_status":"closed","ping_status":"closed","template":"kuenstler-text.php","meta":{"_acf_changed":false,"footnotes":""},"class_list":["post-1253","page","type-page","status-publish","hentry"],"acf":[],"_links":{"self":[{"href":"https:\/\/poll-berlin.de\/galerie\/wp-json\/wp\/v2\/pages\/1253","targetHints":{"allow":["GET"]}}],"collection":[{"href":"https:\/\/poll-berlin.de\/galerie\/wp-json\/wp\/v2\/pages"}],"about":[{"href":"https:\/\/poll-berlin.de\/galerie\/wp-json\/wp\/v2\/types\/page"}],"author":[{"embeddable":true,"href":"https:\/\/poll-berlin.de\/galerie\/wp-json\/wp\/v2\/users\/1"}],"replies":[{"embeddable":true,"href":"https:\/\/poll-berlin.de\/galerie\/wp-json\/wp\/v2\/comments?post=1253"}],"version-history":[{"count":20,"href":"https:\/\/poll-berlin.de\/galerie\/wp-json\/wp\/v2\/pages\/1253\/revisions"}],"predecessor-version":[{"id":35004,"href":"https:\/\/poll-berlin.de\/galerie\/wp-json\/wp\/v2\/pages\/1253\/revisions\/35004"}],"up":[{"embeddable":true,"href":"https:\/\/poll-berlin.de\/galerie\/wp-json\/wp\/v2\/pages\/923"}],"wp:attachment":[{"href":"https:\/\/poll-berlin.de\/galerie\/wp-json\/wp\/v2\/media?parent=1253"}],"curies":[{"name":"wp","href":"https:\/\/api.w.org\/{rel}","templated":true}]}}