{"id":1245,"date":"2021-12-15T17:40:22","date_gmt":"2021-12-15T16:40:22","guid":{"rendered":"https:\/\/poll-berlin.de\/galerie\/?page_id=1245"},"modified":"2024-03-12T17:42:56","modified_gmt":"2024-03-12T16:42:56","slug":"biografie","status":"publish","type":"page","link":"https:\/\/poll-berlin.de\/galerie\/weitere-kuenstler\/rafael-canogar\/biografie\/","title":{"rendered":"Biografie"},"content":{"rendered":"\n<p><strong>Biografie<\/strong><\/p>\n\n\n\n<div style=\"height:10px\" aria-hidden=\"true\" class=\"wp-block-spacer\"><\/div>\n\n\n\n<figure class=\"wp-block-table\"><table><tbody><tr><td>1935<\/td><td>geboren in Toledo (Spanien)<\/td><\/tr><tr><td>1945<\/td><td>Umzug nach Madrid<\/td><\/tr><tr><td>1948<\/td><td>Eintritt in die Werkstatt von Daniel V\u00e0zquez D\u00eeaz, um Malerei und Zeichnen zu lernen<\/td><\/tr><tr><td>1957<\/td><td>Mitbegr\u00fcnder der K\u00fcnstlergruppe \u201eEl Paso\u201c in Madrid<\/td><\/tr><tr><td>1965-1966<\/td><td>Gastprofessur am Mills College, Oakland (USA)<\/td><\/tr><tr><td>1983-1986<\/td><td>Vorstandsmitglied des \u201eC\u00edrculo de Bellas Artes de Madrid\u201c und des Museums f\u00fcr zeitgen\u00f6ssische Kunst, Madrid<\/td><\/tr><tr><td>1981-1984<\/td><td>Mitglied der Generaldirektion f\u00fcr Bildende K\u00fcnste des Kulturministeriums<\/td><\/tr><tr><td>2001<\/td><td>Verleihung der Ehrendoktorw\u00fcrde durch die Universidad Nacional de Educaci\u00f3n a Distancia<\/td><\/tr><\/tbody><\/table><\/figure>\n\n\n\n<p>Rafael Canogar lebt und arbeitet in Madrid.<\/p>\n\n\n\n<div style=\"height:10px\" aria-hidden=\"true\" class=\"wp-block-spacer\"><\/div>\n\n\n\n<p><strong>Preise und Stipendien (Auswahl)<\/strong><\/p>\n\n\n\n<div style=\"height:10px\" aria-hidden=\"true\" class=\"wp-block-spacer\"><\/div>\n\n\n\n<figure class=\"wp-block-table\"><table><tbody><tr><td>2018<\/td><td>Ehrenmedaille der Spanischen Vereinigung der Maler und Bildhauer<\/td><\/tr><tr><td>2012<\/td><td>Nationalpreis f\u00fcr Gravierkunst der Real Academia de Bellas Artes, San Fernando<\/td><\/tr><tr><td>2009<\/td><td>1. Internationaler Serigrafiepreis, Torre-Pacheco (Spanien)<\/td><\/tr><tr><td>2003<\/td><td>Goldmedaille f\u00fcr Bildende Kunst des spanischen Kulturministeriums<\/td><\/tr><tr><td>1982<\/td><td>Nationalpreis f\u00fcr Bildende Kunst des spanischen Kulturministeriums<\/td><\/tr><tr><td>1972<\/td><td>DAAD-Stipendium f\u00fcr Bildende Kunst, Berlin<br>1. Preis der IX. Biennale von S\u00e3o Paulo (Brasilien)<\/td><\/tr><\/tbody><\/table><\/figure>\n","protected":false},"excerpt":{"rendered":"<p>Biografie 1935 geboren in Toledo (Spanien) 1945 Umzug nach Madrid 1948 Eintritt in die Werkstatt von Daniel V\u00e0zquez D\u00eeaz, um Malerei und Zeichnen zu lernen 1957 Mitbegr\u00fcnder der K\u00fcnstlergruppe \u201eEl Paso\u201c in Madrid 1965-1966 Gastprofessur am Mills College, Oakland (USA) 1983-1986 Vorstandsmitglied des \u201eC\u00edrculo de Bellas Artes de Madrid\u201c und des Museums f\u00fcr zeitgen\u00f6ssische Kunst, [&hellip;]<\/p>\n","protected":false},"author":1,"featured_media":0,"parent":922,"menu_order":0,"comment_status":"closed","ping_status":"closed","template":"kuenstler-text.php","meta":{"_acf_changed":false,"footnotes":""},"class_list":["post-1245","page","type-page","status-publish","hentry"],"acf":[],"_links":{"self":[{"href":"https:\/\/poll-berlin.de\/galerie\/wp-json\/wp\/v2\/pages\/1245","targetHints":{"allow":["GET"]}}],"collection":[{"href":"https:\/\/poll-berlin.de\/galerie\/wp-json\/wp\/v2\/pages"}],"about":[{"href":"https:\/\/poll-berlin.de\/galerie\/wp-json\/wp\/v2\/types\/page"}],"author":[{"embeddable":true,"href":"https:\/\/poll-berlin.de\/galerie\/wp-json\/wp\/v2\/users\/1"}],"replies":[{"embeddable":true,"href":"https:\/\/poll-berlin.de\/galerie\/wp-json\/wp\/v2\/comments?post=1245"}],"version-history":[{"count":20,"href":"https:\/\/poll-berlin.de\/galerie\/wp-json\/wp\/v2\/pages\/1245\/revisions"}],"predecessor-version":[{"id":36460,"href":"https:\/\/poll-berlin.de\/galerie\/wp-json\/wp\/v2\/pages\/1245\/revisions\/36460"}],"up":[{"embeddable":true,"href":"https:\/\/poll-berlin.de\/galerie\/wp-json\/wp\/v2\/pages\/922"}],"wp:attachment":[{"href":"https:\/\/poll-berlin.de\/galerie\/wp-json\/wp\/v2\/media?parent=1245"}],"curies":[{"name":"wp","href":"https:\/\/api.w.org\/{rel}","templated":true}]}}