{"id":1231,"date":"2021-07-22T18:47:28","date_gmt":"2021-07-22T16:47:28","guid":{"rendered":"https:\/\/poll-berlin.de\/galerie\/?page_id=1231"},"modified":"2025-07-30T17:52:05","modified_gmt":"2025-07-30T15:52:05","slug":"werke-in-sammlungen","status":"publish","type":"page","link":"https:\/\/poll-berlin.de\/galerie\/kuenstler-der-galerie\/genni-jenny-wiegmann-mucchi\/werke-in-sammlungen\/","title":{"rendered":"Werke in Sammlungen"},"content":{"rendered":"\n<p><strong>Werke in Sammlungen<\/strong><\/p>\n\n\n\n<p>Akademie der K\u00fcnste, Berlin<br>Berlinische Galerie &#8211; Museum f\u00fcr Moderne Kunst<br>Bezirksamt K\u00f6penick, Berlin<br>Georg Kolbe Museum, Berlin<br>Heilig-Geist-Kirche, Berlin<br>Kunststiftung Poll, Berlin<br>M\u00e4rkisches Museum, Berlin<br>Neue Nationalgalerie der Staatlichen Museen zu Berlin<br>Rosa-Luxemburg-Stiftung, Berlin<br>Skulpturensammlung der Waldsiedlung, Bernau<br>Cimitero Monumentale della Certosa di Bologna<br>Kunstsammlungen Chemnitz<br>Lega delle Cooperative e Mutue, Cremona (Italien)<br>Collezione della Ragione, Florenz<br>Museo Internazionale d\u2019Arte Contemporanea, Florenz<br>St\u00e4del Museum, Frankfurt am Main<br>St. Elisabeth-Kirche, Hagen<br>Kunstmuseum Moritzburg, Halle (Saale)<br>Friedhof von Laglio (Italien)<br>Museum der bildenden K\u00fcnste Leipzig<br>Camera del Lavoro, Mailand<br>Museo del Novecento, Mailand<br>Literaturmuseum der Moderne Marburg<br>Kloster Unser Lieben Frauen, Magdeburg<br>Verk\u00fcndigungskirche, Nazareth (Israel)<br>Antoniuskapelle, Oerlinghausen<br>Missionsmuseum der Abtei St. Ottilien<br>Comune di Parabiago (Italien)<br>St. Antonius-Kirche, Pila (Polen)<br>Villa Comel, Pisa<br>Chiesa S. Maria Mediatrice, Rom<br>Kunsthalle Rostock<br>Duomo di Santa Maria Annunziata, Sal\u00f2 (Italien)<br>Staatliches Museum, Schwerin<br>Museo del Paesaggio, Verbania (Italien)<br><\/p>\n\n\n\n<div style=\"height:10px\" aria-hidden=\"true\" class=\"wp-block-spacer\"><\/div>\n","protected":false},"excerpt":{"rendered":"<p>Werke in Sammlungen Akademie der K\u00fcnste, BerlinBerlinische Galerie &#8211; Museum f\u00fcr Moderne KunstBezirksamt K\u00f6penick, BerlinGeorg Kolbe Museum, BerlinHeilig-Geist-Kirche, BerlinKunststiftung Poll, BerlinM\u00e4rkisches Museum, BerlinNeue Nationalgalerie der Staatlichen Museen zu BerlinRosa-Luxemburg-Stiftung, BerlinSkulpturensammlung der Waldsiedlung, BernauCimitero Monumentale della Certosa di BolognaKunstsammlungen ChemnitzLega delle Cooperative e Mutue, Cremona (Italien)Collezione della Ragione, FlorenzMuseo Internazionale d\u2019Arte Contemporanea, FlorenzSt\u00e4del Museum, Frankfurt am [&hellip;]<\/p>\n","protected":false},"author":1,"featured_media":0,"parent":1090,"menu_order":2,"comment_status":"closed","ping_status":"closed","template":"kuenstler-text.php","meta":{"_acf_changed":false,"footnotes":""},"class_list":["post-1231","page","type-page","status-publish","hentry"],"acf":[],"_links":{"self":[{"href":"https:\/\/poll-berlin.de\/galerie\/wp-json\/wp\/v2\/pages\/1231","targetHints":{"allow":["GET"]}}],"collection":[{"href":"https:\/\/poll-berlin.de\/galerie\/wp-json\/wp\/v2\/pages"}],"about":[{"href":"https:\/\/poll-berlin.de\/galerie\/wp-json\/wp\/v2\/types\/page"}],"author":[{"embeddable":true,"href":"https:\/\/poll-berlin.de\/galerie\/wp-json\/wp\/v2\/users\/1"}],"replies":[{"embeddable":true,"href":"https:\/\/poll-berlin.de\/galerie\/wp-json\/wp\/v2\/comments?post=1231"}],"version-history":[{"count":7,"href":"https:\/\/poll-berlin.de\/galerie\/wp-json\/wp\/v2\/pages\/1231\/revisions"}],"predecessor-version":[{"id":43814,"href":"https:\/\/poll-berlin.de\/galerie\/wp-json\/wp\/v2\/pages\/1231\/revisions\/43814"}],"up":[{"embeddable":true,"href":"https:\/\/poll-berlin.de\/galerie\/wp-json\/wp\/v2\/pages\/1090"}],"wp:attachment":[{"href":"https:\/\/poll-berlin.de\/galerie\/wp-json\/wp\/v2\/media?parent=1231"}],"curies":[{"name":"wp","href":"https:\/\/api.w.org\/{rel}","templated":true}]}}