{"id":1223,"date":"2021-06-22T18:43:17","date_gmt":"2021-06-22T16:43:17","guid":{"rendered":"https:\/\/poll-berlin.de\/galerie\/?page_id=1223"},"modified":"2025-06-18T16:36:45","modified_gmt":"2025-06-18T14:36:45","slug":"werke-in-sammlungen","status":"publish","type":"page","link":"https:\/\/poll-berlin.de\/galerie\/kuenstler-der-galerie\/norbert-wagenbrett\/werke-in-sammlungen\/","title":{"rendered":"Werke in Sammlungen"},"content":{"rendered":"\n<p><strong>Werke in Sammlungen<\/strong><\/p>\n\n\n\n<p>Kunstarchiv Beeskow<br>Kunststiftung Poll, Berlin<br>Museum No Hero, Delden (Niederlande)<br>\u201eHaus des Buches\u201c, Frankfurt am Main<br>Brandenburgisches Landesmuseum f\u00fcr moderne Kunst, Frankfurt (Oder)<br>Dokumentationsstelle Bildende Kunst, Halle-Saale<br>Stadtmuseum Halle-Saale<br>Stiftung Moritzburg \u2013 Kunstmuseum des Landes Sachsen-Anhalt, Halle-Saale<br>Sammlung der EnBW Energie Baden-W\u00fcrttemberg AG, Karlsruhe<br>Kultur- und Umweltstiftung Leipziger Land der Sparkasse Leipzig<br>Kunstsammlung der Sparkasse Leipzig<br>Museum der bildenden K\u00fcnste Leipzig<br>Sammlung Ludwig im Museum der bildenden K\u00fcnste Leipzig<br>Kulturstiftung R\u00fcgen, Putbus<br>Galleria Nazionale d\u2019Arte Moderna, San Marino<br>Stadtmuseum Schramberg<br><\/p>\n","protected":false},"excerpt":{"rendered":"<p>Werke in Sammlungen Kunstarchiv BeeskowKunststiftung Poll, BerlinMuseum No Hero, Delden (Niederlande)\u201eHaus des Buches\u201c, Frankfurt am MainBrandenburgisches Landesmuseum f\u00fcr moderne Kunst, Frankfurt (Oder)Dokumentationsstelle Bildende Kunst, Halle-SaaleStadtmuseum Halle-SaaleStiftung Moritzburg \u2013 Kunstmuseum des Landes Sachsen-Anhalt, Halle-SaaleSammlung der EnBW Energie Baden-W\u00fcrttemberg AG, KarlsruheKultur- und Umweltstiftung Leipziger Land der Sparkasse LeipzigKunstsammlung der Sparkasse LeipzigMuseum der bildenden K\u00fcnste LeipzigSammlung Ludwig im [&hellip;]<\/p>\n","protected":false},"author":1,"featured_media":0,"parent":1089,"menu_order":2,"comment_status":"closed","ping_status":"closed","template":"kuenstler-text.php","meta":{"_acf_changed":false,"footnotes":""},"class_list":["post-1223","page","type-page","status-publish","hentry"],"acf":[],"_links":{"self":[{"href":"https:\/\/poll-berlin.de\/galerie\/wp-json\/wp\/v2\/pages\/1223","targetHints":{"allow":["GET"]}}],"collection":[{"href":"https:\/\/poll-berlin.de\/galerie\/wp-json\/wp\/v2\/pages"}],"about":[{"href":"https:\/\/poll-berlin.de\/galerie\/wp-json\/wp\/v2\/types\/page"}],"author":[{"embeddable":true,"href":"https:\/\/poll-berlin.de\/galerie\/wp-json\/wp\/v2\/users\/1"}],"replies":[{"embeddable":true,"href":"https:\/\/poll-berlin.de\/galerie\/wp-json\/wp\/v2\/comments?post=1223"}],"version-history":[{"count":8,"href":"https:\/\/poll-berlin.de\/galerie\/wp-json\/wp\/v2\/pages\/1223\/revisions"}],"predecessor-version":[{"id":43049,"href":"https:\/\/poll-berlin.de\/galerie\/wp-json\/wp\/v2\/pages\/1223\/revisions\/43049"}],"up":[{"embeddable":true,"href":"https:\/\/poll-berlin.de\/galerie\/wp-json\/wp\/v2\/pages\/1089"}],"wp:attachment":[{"href":"https:\/\/poll-berlin.de\/galerie\/wp-json\/wp\/v2\/media?parent=1223"}],"curies":[{"name":"wp","href":"https:\/\/api.w.org\/{rel}","templated":true}]}}

<p><strong>Werke in Sammlungen</strong></p>



<p>Kunstarchiv Beeskow<br>Kunststiftung Poll, Berlin<br>Museum No Hero, Delden (Niederlande)<br>„Haus des Buches“, Frankfurt am Main<br>Brandenburgisches Landesmuseum für moderne Kunst, Frankfurt (Oder)<br>Dokumentationsstelle Bildende Kunst, Halle-Saale<br>Stadtmuseum Halle-Saale<br>Stiftung Moritzburg – Kunstmuseum des Landes Sachsen-Anhalt, Halle-Saale<br>Sammlung der EnBW Energie Baden-Württemberg AG, Karlsruhe<br>Kultur- und Umweltstiftung Leipziger Land der Sparkasse Leipzig<br>Kunstsammlung der Sparkasse Leipzig<br>Museum der bildenden Künste Leipzig<br>Sammlung Ludwig im Museum der bildenden Künste Leipzig<br>Kulturstiftung Rügen, Putbus<br>Galleria Nazionale d’Arte Moderna, San Marino<br>Stadtmuseum Schramberg<br></p>

<p>Werke in Sammlungen Kunstarchiv BeeskowKunststiftung Poll, BerlinMuseum No Hero, Delden (Niederlande)„Haus des Buches“, Frankfurt am MainBrandenburgisches Landesmuseum für moderne Kunst, Frankfurt (Oder)Dokumentationsstelle Bildende Kunst, Halle-SaaleStadtmuseum Halle-SaaleStiftung Moritzburg – Kunstmuseum des Landes Sachsen-Anhalt, Halle-SaaleSammlung der EnBW Energie Baden-Württemberg AG, KarlsruheKultur- und Umweltstiftung Leipziger Land der Sparkasse LeipzigKunstsammlung der Sparkasse LeipzigMuseum der bildenden Künste LeipzigSammlung Ludwig im [&hellip;]</p>
