{"id":1213,"date":"2021-07-13T16:08:21","date_gmt":"2021-07-13T14:08:21","guid":{"rendered":"https:\/\/poll-berlin.de\/galerie\/?page_id=1213"},"modified":"2023-09-07T10:19:00","modified_gmt":"2023-09-07T08:19:00","slug":"biografie","status":"publish","type":"page","link":"https:\/\/poll-berlin.de\/galerie\/kuenstler-der-galerie\/richard-thieler\/biografie\/","title":{"rendered":"Biografie"},"content":{"rendered":"\n<p><strong>Biografie<\/strong><\/p>\n\n\n\n<div style=\"height:10px\" aria-hidden=\"true\" class=\"wp-block-spacer\"><\/div>\n\n\n\n<figure class=\"wp-block-table\"><table><tbody><tr><td>1963<\/td><td>geboren in Berlin<\/td><\/tr><tr><td>1983-1994<\/td><td>Selbst\u00e4ndiger Mitgesellschafter der Druckerei &#8222;Eindruck&#8220;, Berlin<\/td><\/tr><tr><td>1991-2012<\/td><td>Fotograf und Leiter der Abteilung f\u00fcr Fotografie bei der Aloha Foundation in Vermont (USA)<\/td><\/tr><tr><td>seit 2005<\/td><td>Reprofotografie von Kunstwerken f\u00fcr Museen und Galerien<\/td><\/tr><tr><td>seit 2009<\/td><td>Projekt &#8222;KINO&#8220;, Reisen durch Deutschland, Gro\u00dfbritannien, Portugal, Irland, Norwegen, Tschechien, Frankreich und die USA<\/td><\/tr><tr><td>2009-2010<\/td><td>Fotoklasse bei Mathias Richter und Oliver Scholten, Galerie Imago, Berlin<\/td><\/tr><\/tbody><\/table><\/figure>\n\n\n\n<p>Richard Thieler lebt und arbeitet in Berlin.<\/p>\n","protected":false},"excerpt":{"rendered":"<p>Biografie 1963 geboren in Berlin 1983-1994 Selbst\u00e4ndiger Mitgesellschafter der Druckerei &#8222;Eindruck&#8220;, Berlin 1991-2012 Fotograf und Leiter der Abteilung f\u00fcr Fotografie bei der Aloha Foundation in Vermont (USA) seit 2005 Reprofotografie von Kunstwerken f\u00fcr Museen und Galerien seit 2009 Projekt &#8222;KINO&#8220;, Reisen durch Deutschland, Gro\u00dfbritannien, Portugal, Irland, Norwegen, Tschechien, Frankreich und die USA 2009-2010 Fotoklasse bei [&hellip;]<\/p>\n","protected":false},"author":1,"featured_media":0,"parent":1088,"menu_order":0,"comment_status":"closed","ping_status":"closed","template":"kuenstler-text.php","meta":{"_acf_changed":false,"footnotes":""},"class_list":["post-1213","page","type-page","status-publish","hentry"],"acf":[],"_links":{"self":[{"href":"https:\/\/poll-berlin.de\/galerie\/wp-json\/wp\/v2\/pages\/1213","targetHints":{"allow":["GET"]}}],"collection":[{"href":"https:\/\/poll-berlin.de\/galerie\/wp-json\/wp\/v2\/pages"}],"about":[{"href":"https:\/\/poll-berlin.de\/galerie\/wp-json\/wp\/v2\/types\/page"}],"author":[{"embeddable":true,"href":"https:\/\/poll-berlin.de\/galerie\/wp-json\/wp\/v2\/users\/1"}],"replies":[{"embeddable":true,"href":"https:\/\/poll-berlin.de\/galerie\/wp-json\/wp\/v2\/comments?post=1213"}],"version-history":[{"count":3,"href":"https:\/\/poll-berlin.de\/galerie\/wp-json\/wp\/v2\/pages\/1213\/revisions"}],"predecessor-version":[{"id":34348,"href":"https:\/\/poll-berlin.de\/galerie\/wp-json\/wp\/v2\/pages\/1213\/revisions\/34348"}],"up":[{"embeddable":true,"href":"https:\/\/poll-berlin.de\/galerie\/wp-json\/wp\/v2\/pages\/1088"}],"wp:attachment":[{"href":"https:\/\/poll-berlin.de\/galerie\/wp-json\/wp\/v2\/media?parent=1213"}],"curies":[{"name":"wp","href":"https:\/\/api.w.org\/{rel}","templated":true}]}}

<p><strong>Biografie</strong></p>



<div style="height:10px" aria-hidden="true" class="wp-block-spacer"></div>



<figure class="wp-block-table"><table><tbody><tr><td>1963</td><td>geboren in Berlin</td></tr><tr><td>1983-1994</td><td>Selbständiger Mitgesellschafter der Druckerei &#8222;Eindruck&#8220;, Berlin</td></tr><tr><td>1991-2012</td><td>Fotograf und Leiter der Abteilung für Fotografie bei der Aloha Foundation in Vermont (USA)</td></tr><tr><td>seit 2005</td><td>Reprofotografie von Kunstwerken für Museen und Galerien</td></tr><tr><td>seit 2009</td><td>Projekt &#8222;KINO&#8220;, Reisen durch Deutschland, Großbritannien, Portugal, Irland, Norwegen, Tschechien, Frankreich und die USA</td></tr><tr><td>2009-2010</td><td>Fotoklasse bei Mathias Richter und Oliver Scholten, Galerie Imago, Berlin</td></tr></tbody></table></figure>



<p>Richard Thieler lebt und arbeitet in Berlin.</p>

<p>Biografie 1963 geboren in Berlin 1983-1994 Selbständiger Mitgesellschafter der Druckerei &#8222;Eindruck&#8220;, Berlin 1991-2012 Fotograf und Leiter der Abteilung für Fotografie bei der Aloha Foundation in Vermont (USA) seit 2005 Reprofotografie von Kunstwerken für Museen und Galerien seit 2009 Projekt &#8222;KINO&#8220;, Reisen durch Deutschland, Großbritannien, Portugal, Irland, Norwegen, Tschechien, Frankreich und die USA 2009-2010 Fotoklasse bei [&hellip;]</p>
