{"id":1206,"date":"2021-07-20T08:55:27","date_gmt":"2021-07-20T06:55:27","guid":{"rendered":"https:\/\/poll-berlin.de\/galerie\/?page_id=1206"},"modified":"2025-07-01T16:38:40","modified_gmt":"2025-07-01T14:38:40","slug":"ausstellungen","status":"publish","type":"page","link":"https:\/\/poll-berlin.de\/galerie\/kuenstler-der-galerie\/peter-sorge\/ausstellungen\/","title":{"rendered":"Ausstellungen"},"content":{"rendered":"\n<p><strong>Einzelausstellungen (Auswahl)<\/strong><\/p>\n\n\n\n<div style=\"height:10px\" aria-hidden=\"true\" class=\"wp-block-spacer\"><\/div>\n\n\n\n<figure class=\"wp-block-table\"><table><tbody><tr><td>2018<\/td><td>Galerie Poll, Berlin<\/td><\/tr><tr><td>2014<\/td><td>Kunststiftung Poll, Berlin<\/td><\/tr><tr><td>2015<\/td><td>Kunsthalle Jesuitenkirche, Aschaffenburg<\/td><\/tr><tr><td>2001<\/td><td>Verein f\u00fcr Original-Radierung, M\u00fcnchen<\/td><\/tr><tr><td>1997<\/td><td>Kunststiftung Poll, Berlin<\/td><\/tr><tr><td>1987<\/td><td>Galerie Gehring-Kulenkampff, Frankfurt am Main (mit Maina-Miriam Munsky)<br>Staatliche Kunsthalle Berlin (mit Joachim Schmettau)<br>Neuer Berliner Kunstverein (NBK)<\/td><\/tr><tr><td>1985<\/td><td>Galerie Eva Poll, Berlin<\/td><\/tr><tr><td>1984<\/td><td>Galerie APEX, G\u00f6ttingen<\/td><\/tr><tr><td>1980<\/td><td>Kunstverein Ludwigshafen<\/td><\/tr><tr><td>1979<\/td><td>Kunstverein Frechen<br>Galerie Z\u00f6llner, Bremen<br>Galerie Eva Poll, Berlin<\/td><\/tr><tr><td>1978<\/td><td>Goethe-Institut Paris<\/td><\/tr><tr><td>1976<\/td><td>Galerie Eva Poll, Berlin<\/td><\/tr><tr><td>1975<\/td><td>Kunsthalle N\u00fcrnberg<\/td><\/tr><tr><td>1972<\/td><td>Kunstkreis Gelsenkirchen<br>Galerie Eva Poll, Berlin<\/td><\/tr><tr><td>1971<\/td><td>Kunsthistorisches Institut, Groningen<br>Institut f\u00fcr industrielle Formgebung, Delft<br>Galerie de Tor, Amsterdam<br>Galerie Wendtorf &amp; Swetec, D\u00fcsseldorf<br>Galerie in Espresso, Trier<br>Kunstverein Kassel<\/td><\/tr><tr><td>1970<\/td><td>Galerie Eva Poll, Berlin<br>Kunstverein Mannheim<br>Galerie Ostentor, Dortmund (mit Maina-Miriam Munsky)<\/td><\/tr><tr><td>1968<\/td><td>Galerie Rothe, Wolfsburg<br>Galerie Ostentor, Dortmund<br>Galerie Eva Poll, Berlin<\/td><\/tr><tr><td>1966<\/td><td>Galerie Tobi\u00e8s &amp; Silex, K\u00f6ln<br>Gro\u00dfg\u00f6rschen 35, Berlin<\/td><\/tr><tr><td>1965<\/td><td>Gro\u00dfg\u00f6rschen 35, Berlin<br>Galerie f\u00fcr Grafikfreunde, Frankfurt am Main<\/td><\/tr><\/tbody><\/table><\/figure>\n\n\n\n<div style=\"height:10px\" aria-hidden=\"true\" class=\"wp-block-spacer\"><\/div>\n\n\n\n<p><strong>Gruppenausstellungen (Auswahl)<\/strong><\/p>\n\n\n\n<div style=\"height:10px\" aria-hidden=\"true\" class=\"wp-block-spacer\"><\/div>\n\n\n\n<figure class=\"wp-block-table\"><table><tbody><tr><td>2018<\/td><td>Ludwig Forum f\u00fcr Internationale Kunst, Aachen<\/td><\/tr><tr><td>2017<\/td><td>Lettisches Nationales Kunstmuseum, Riga<\/td><\/tr><tr><td>2016<\/td><td>Galerie Poll und Kunststiftung Poll, Berlin<\/td><\/tr><tr><td>2014<\/td><td>Haus am Kleistpark, Berlin<br>Sammlung Hurrle, Durbach<\/td><\/tr><tr><td>2012<\/td><td>St\u00e4dtische Museen Heilbronn<\/td><\/tr><tr><td>2011<\/td><td>Galerie Poll, Berlin<br>Kunststiftung Poll, Berlin<\/td><\/tr><tr><td>2009<\/td><td>Neuer Berliner Kunstverein (NBK)<br>Kunstverein Bad Salzdethfurth, Bodenburg<\/td><\/tr><tr><td>2008<\/td><td>Museum der Stadt Ratingen<\/td><\/tr><tr><td>2005<\/td><td>Galerie Eva Poll, Berlin<\/td><\/tr><tr><td>2004<\/td><td>Davis Museum and Cultural Center, Wellesley (USA)<br>Kunsthalle zu Kiel<br>M\u00e4rkisches Museum Witten (in Kooperation mit Galerie Eva Poll, Berlin)<\/td><\/tr><tr><td>2003<\/td><td>Landesgalerie am Ober\u00f6sterreichischen Landesmuseum, Linz<br>Davis Museum and Cultural Center, Wellesley (USA)<br>Galerie Eva Poll, Berlin<\/td><\/tr><tr><td>2000<\/td><td>Galerie Eva Poll, Berlin<\/td><\/tr><tr><td>1996<\/td><td>Martin-Gropius-Bau, Berlin<\/td><\/tr><tr><td>1992<\/td><td>Kunstverein, K\u00f6ln<\/td><\/tr><tr><td>1987<\/td><td>Staatliche Kunsthalle Berlin<br>Galerie Eva Poll, Berlin<br>Berlinische Galerie &#8211; Museum f\u00fcr Moderne Kunst<br>25. Jahresausstellung der Neuen Darmst\u00e4dter Sezession<\/td><\/tr><tr><td>1986<\/td><td>Karl Hofer Gesellschaft, Berlin<br>Kunsthalle Hamburg<br>3. Nationale der Zeichnung, Augsburg<\/td><\/tr><tr><td>1985<\/td><td>Kunstquartier Ackerstra\u00dfe, Berlin<br>Neue Nationalgalerie der Staatlichen Museen zu Berlin<\/td><\/tr><tr><td>1984<\/td><td>Kunstamt Wedding<br>Galerie Eva Poll, Berlin<\/td><\/tr><tr><td>1983<\/td><td>Neue Nationalgalerie der Staatlichen Museen zu Berlin<br>Kunstverein M\u00fcnchen<\/td><\/tr><tr><td>1982<\/td><td>St\u00e4dtisches Kunstmuseum, Bonn<\/td><\/tr><tr><td>1981<\/td><td>Kunsthalle Darmstadt<\/td><\/tr><tr><td>1980<\/td><td>Berlinische Galerie &#8211; Museum f\u00fcr Moderne Kunst<\/td><\/tr><tr><td>1979<\/td><td>\u201eNeue Formen des Realismus\u201c, Wanderausstellung<br>\u201eWestberliner Realisten\u201c, Wanderausstellung<br>Haus an der Redoute, Bonn<br>Berlinische Galerie &#8211; Museum f\u00fcr Moderne Kunst<\/td><\/tr><tr><td>1977<\/td><td>\u201eBerlin Now\u201c, New York City<br>Kunstverein Kassel<\/td><\/tr><tr><td>1976<\/td><td>\u201eAspects of Realism\u201c, Canada<\/td><\/tr><tr><td>1972-1974<\/td><td>\u201ePrinzip Realismus\u201c, Wanderausstellung<\/td><\/tr><tr><td>1972<\/td><td>Galleria Vinciana, Mailand<br>Galleria d\u2019arte S. Michele Brescia (Italien)<br>4. Biennale f\u00fcr Druckgrafik, Krakau<br>Galerie Eva Poll, Berlin<br>Freie Berliner Kunstausstellung<\/td><\/tr><tr><td>1971<\/td><td>Galerie Eva Poll, Berlin<br>Freie Berliner Kunstausstellung<br>7. Biennale der Jugend, Paris<br>Haus am L\u00fctzowplatz, Berlin<\/td><\/tr><tr><td>1970<\/td><td>Badischer Kunstverein Karlsruhe<br>Neue Nationalgalerie der Staatlichen Museen zu Berlin<br>Galerie Brusberg, Hannover<\/td><\/tr><tr><td>1969<\/td><td>Kunstverein Baden in Prag<\/td><\/tr><tr><td>1968<\/td><td>Kunsthalle Recklinghausen<br>Neue Sezession, Wien<br>1. British International Print Biennale, Bradford (England)<\/td><\/tr><tr><td>1967<\/td><td>Haus am Waldsee, Berlin<\/td><\/tr><tr><td>1966<\/td><td>M\u00e4rkisches Museum Witten<br>Kunsthalle Basel<\/td><\/tr><tr><td>1961-1969<\/td><td>Haus der Kunst, M\u00fcnchen<br>Gro\u00dfe Berliner Kunstausstellung<\/td><\/tr><\/tbody><\/table><\/figure>\n","protected":false},"excerpt":{"rendered":"<p>Einzelausstellungen (Auswahl) 2018 Galerie Poll, Berlin 2014 Kunststiftung Poll, Berlin 2015 Kunsthalle Jesuitenkirche, Aschaffenburg 2001 Verein f\u00fcr Original-Radierung, M\u00fcnchen 1997 Kunststiftung Poll, Berlin 1987 Galerie Gehring-Kulenkampff, Frankfurt am Main (mit Maina-Miriam Munsky)Staatliche Kunsthalle Berlin (mit Joachim Schmettau)Neuer Berliner Kunstverein (NBK) 1985 Galerie Eva Poll, Berlin 1984 Galerie APEX, G\u00f6ttingen 1980 Kunstverein Ludwigshafen 1979 Kunstverein FrechenGalerie [&hellip;]<\/p>\n","protected":false},"author":1,"featured_media":0,"parent":1087,"menu_order":1,"comment_status":"closed","ping_status":"closed","template":"kuenstler-text.php","meta":{"_acf_changed":false,"footnotes":""},"class_list":["post-1206","page","type-page","status-publish","hentry"],"acf":[],"_links":{"self":[{"href":"https:\/\/poll-berlin.de\/galerie\/wp-json\/wp\/v2\/pages\/1206","targetHints":{"allow":["GET"]}}],"collection":[{"href":"https:\/\/poll-berlin.de\/galerie\/wp-json\/wp\/v2\/pages"}],"about":[{"href":"https:\/\/poll-berlin.de\/galerie\/wp-json\/wp\/v2\/types\/page"}],"author":[{"embeddable":true,"href":"https:\/\/poll-berlin.de\/galerie\/wp-json\/wp\/v2\/users\/1"}],"replies":[{"embeddable":true,"href":"https:\/\/poll-berlin.de\/galerie\/wp-json\/wp\/v2\/comments?post=1206"}],"version-history":[{"count":13,"href":"https:\/\/poll-berlin.de\/galerie\/wp-json\/wp\/v2\/pages\/1206\/revisions"}],"predecessor-version":[{"id":43296,"href":"https:\/\/poll-berlin.de\/galerie\/wp-json\/wp\/v2\/pages\/1206\/revisions\/43296"}],"up":[{"embeddable":true,"href":"https:\/\/poll-berlin.de\/galerie\/wp-json\/wp\/v2\/pages\/1087"}],"wp:attachment":[{"href":"https:\/\/poll-berlin.de\/galerie\/wp-json\/wp\/v2\/media?parent=1206"}],"curies":[{"name":"wp","href":"https:\/\/api.w.org\/{rel}","templated":true}]}}