{"id":1194,"date":"2021-08-17T17:39:36","date_gmt":"2021-08-17T15:39:36","guid":{"rendered":"https:\/\/poll-berlin.de\/galerie\/?page_id=1194"},"modified":"2024-10-22T11:42:00","modified_gmt":"2024-10-22T09:42:00","slug":"katalog-1-schuel","status":"publish","type":"page","link":"https:\/\/poll-berlin.de\/galerie\/kuenstler-der-galerie\/jan-schueler\/kataloge\/katalog-1-schuel\/","title":{"rendered":"Katalog 3 &#8211; Sch\u00fcler"},"content":{"rendered":"\n<p><strong>Jan Sch\u00fcler \u2013 Schwarze Blumen<\/strong><br>Texte von Franz Dudenh\u00f6ffer, Eckhart Gillen, Rissa u. a., Katalog anl\u00e4sslich der Ausstellung \u201eJan Sch\u00fcler. Horizont. Landschaften und Portr\u00e4ts\u201c in der St\u00e4dtischen Galerie Speyer (7.7.-20.8.2017) und der gleichnamigen Ausstellung in der Galerie Tedden, D\u00fcsseldorf (1.9.-7.10.2017), Verlag der Galerie Peter Tedden, D\u00fcsseldorf 2017, 28,7 x 23,5 cm, 100 Seiten, zahlreiche Farbabbildungen, ISBN  978-3-940985-52-1<br>20 Euro<\/p>\n\n\n<a id=\"mailinger\" href=\"mailto:galerie@poll-berlin.de?subject=Bestellung Katalog 3 &#8211; Sch\u00fcler&amp;body=Hiermit bestelle ich verbindlich den Katalog \u201eJan Sch\u00fcler \u2013 Schwarze Blumen\u201c zu einem Preis von 20 Euro (zzgl. Versand). Bitte teilen Sie mir die entsprechende Bankverbindung mit.%0D%0AMeine Adresse lautet:%0D%0A%0D%0AInstitution:%0D%0AVorname, Name:%0D%0AStra\u00dfe, Haus-Nr.:%0D%0APLZ, Stadt:%0D%0ALand:\" title=\"Bestellung\">Bestellung<\/a>\n","protected":false},"excerpt":{"rendered":"<p>Jan Sch\u00fcler \u2013 Schwarze BlumenTexte von Franz Dudenh\u00f6ffer, Eckhart Gillen, Rissa u. a., Katalog anl\u00e4sslich der Ausstellung \u201eJan Sch\u00fcler. Horizont. Landschaften und Portr\u00e4ts\u201c in der St\u00e4dtischen Galerie Speyer (7.7.-20.8.2017) und der gleichnamigen Ausstellung in der Galerie Tedden, D\u00fcsseldorf (1.9.-7.10.2017), Verlag der Galerie Peter Tedden, D\u00fcsseldorf 2017, 28,7 x 23,5 cm, 100 Seiten, zahlreiche Farbabbildungen, ISBN [&hellip;]<\/p>\n","protected":false},"author":1,"featured_media":3628,"parent":1193,"menu_order":2,"comment_status":"closed","ping_status":"closed","template":"kuenstler-katalog.php","meta":{"_acf_changed":false,"footnotes":""},"class_list":["post-1194","page","type-page","status-publish","has-post-thumbnail","hentry"],"acf":{"photo_gallery":{"bilder":[[]]}},"_links":{"self":[{"href":"https:\/\/poll-berlin.de\/galerie\/wp-json\/wp\/v2\/pages\/1194","targetHints":{"allow":["GET"]}}],"collection":[{"href":"https:\/\/poll-berlin.de\/galerie\/wp-json\/wp\/v2\/pages"}],"about":[{"href":"https:\/\/poll-berlin.de\/galerie\/wp-json\/wp\/v2\/types\/page"}],"author":[{"embeddable":true,"href":"https:\/\/poll-berlin.de\/galerie\/wp-json\/wp\/v2\/users\/1"}],"replies":[{"embeddable":true,"href":"https:\/\/poll-berlin.de\/galerie\/wp-json\/wp\/v2\/comments?post=1194"}],"version-history":[{"count":12,"href":"https:\/\/poll-berlin.de\/galerie\/wp-json\/wp\/v2\/pages\/1194\/revisions"}],"predecessor-version":[{"id":39329,"href":"https:\/\/poll-berlin.de\/galerie\/wp-json\/wp\/v2\/pages\/1194\/revisions\/39329"}],"up":[{"embeddable":true,"href":"https:\/\/poll-berlin.de\/galerie\/wp-json\/wp\/v2\/pages\/1193"}],"wp:featuredmedia":[{"embeddable":true,"href":"https:\/\/poll-berlin.de\/galerie\/wp-json\/wp\/v2\/media\/3628"}],"wp:attachment":[{"href":"https:\/\/poll-berlin.de\/galerie\/wp-json\/wp\/v2\/media?parent=1194"}],"curies":[{"name":"wp","href":"https:\/\/api.w.org\/{rel}","templated":true}]}}

Katalog 3 &#8211; Schüler

<p><strong>Jan Schüler – Schwarze Blumen</strong><br>Texte von Franz Dudenhöffer, Eckhart Gillen, Rissa u. a., Katalog anlässlich der Ausstellung „Jan Schüler. Horizont. Landschaften und Porträts“ in der Städtischen Galerie Speyer (7.7.-20.8.2017) und der gleichnamigen Ausstellung in der Galerie Tedden, Düsseldorf (1.9.-7.10.2017), Verlag der Galerie Peter Tedden, Düsseldorf 2017, 28,7 x 23,5 cm, 100 Seiten, zahlreiche Farbabbildungen, ISBN  978-3-940985-52-1<br>20 Euro</p>


<a id="mailinger" href="mailto:galerie@poll-berlin.de?subject=Bestellung Katalog 3 &#8211; Schüler&amp;body=Hiermit bestelle ich verbindlich den Katalog „Jan Schüler – Schwarze Blumen“ zu einem Preis von 20 Euro (zzgl. Versand). Bitte teilen Sie mir die entsprechende Bankverbindung mit.%0D%0AMeine Adresse lautet:%0D%0A%0D%0AInstitution:%0D%0AVorname, Name:%0D%0AStraße, Haus-Nr.:%0D%0APLZ, Stadt:%0D%0ALand:" title="Bestellung">Bestellung</a>

<p>Jan Schüler – Schwarze BlumenTexte von Franz Dudenhöffer, Eckhart Gillen, Rissa u. a., Katalog anlässlich der Ausstellung „Jan Schüler. Horizont. Landschaften und Porträts“ in der Städtischen Galerie Speyer (7.7.-20.8.2017) und der gleichnamigen Ausstellung in der Galerie Tedden, Düsseldorf (1.9.-7.10.2017), Verlag der Galerie Peter Tedden, Düsseldorf 2017, 28,7 x 23,5 cm, 100 Seiten, zahlreiche Farbabbildungen, ISBN [&hellip;]</p>
