{"id":1165,"date":"2021-07-20T08:38:00","date_gmt":"2021-07-20T06:38:00","guid":{"rendered":"https:\/\/poll-berlin.de\/galerie\/?page_id=1165"},"modified":"2025-12-11T12:15:40","modified_gmt":"2025-12-11T11:15:40","slug":"biografie","status":"publish","type":"page","link":"https:\/\/poll-berlin.de\/galerie\/kuenstler-der-galerie\/wolfgang-petrick\/biografie\/","title":{"rendered":"Biografie"},"content":{"rendered":"\n<p><strong>Biografie<\/strong><\/p>\n\n\n\n<div style=\"height:10px\" aria-hidden=\"true\" class=\"wp-block-spacer\"><\/div>\n\n\n\n<figure class=\"wp-block-table\"><table><tbody><tr><td>1939<\/td><td>geboren in Berlin<\/td><\/tr><tr><td>1958-1965<\/td><td>Studium der Malerei an der Hochschule f\u00fcr Bildende K\u00fcnste, Berlin bei Prof. Werner Volkert<\/td><\/tr><tr><td>1964<\/td><td>Mitbegr\u00fcnder der Ausstellungsgemeinschaft \u201eGro\u00dfg\u00f6rschen 35\u201c (1964-1968)<\/td><\/tr><tr><td>1965<\/td><td>Meistersch\u00fcler bei Prof. Werner Volkert<\/td><\/tr><tr><td>1972<\/td><td>Mitbegr\u00fcnder der &#8222;Gruppe Aspekt&#8220; (1972-1978) in West-Berlin<\/td><\/tr><tr><td>1975-2008<\/td><td>Professur f\u00fcr Malerei an der Hochschule der K\u00fcnste Berlin<\/td><\/tr><tr><td>1976<\/td><td>Teilnahme an der documenta 6<\/td><\/tr><tr><td>1992-1993<\/td><td>Mitglied der Akademie der K\u00fcnste (West), Sektion Bildende Kunst<\/td><\/tr><tr><td>1993-2025<\/td><td>Mitglied der Akademie der K\u00fcnste, Sektion Bildende Kunst<\/td><\/tr><tr><td>1994-2016<\/td><td>Atelier in New York City<\/td><\/tr><tr><td>2025<\/td><td>gestorben in Berlin<\/td><\/tr><\/tbody><\/table><\/figure>\n\n\n\n<div style=\"height:10px\" aria-hidden=\"true\" class=\"wp-block-spacer\"><\/div>\n\n\n\n<p><strong>Preise und Stipendien<\/strong><\/p>\n\n\n\n<div style=\"height:10px\" aria-hidden=\"true\" class=\"wp-block-spacer\"><\/div>\n\n\n\n<figure class=\"wp-block-table\"><table><tbody><tr><td>1981<\/td><td>Deutscher Kritikerpreis<\/td><\/tr><tr><td>1972<\/td><td>Goldmedaille der 3. Biennale Internazionale della Grafica, Florenz<\/td><\/tr><tr><td>1971<\/td><td>Stipendium \u201eCit\u00e9 des Arts\u201c, Paris<\/td><\/tr><tr><td>1969<\/td><td>Kunstpreis f\u00fcr Malerei der Stadt Wolfsburg<\/td><\/tr><\/tbody><\/table><\/figure>\n","protected":false},"excerpt":{"rendered":"<p>Biografie 1939 geboren in Berlin 1958-1965 Studium der Malerei an der Hochschule f\u00fcr Bildende K\u00fcnste, Berlin bei Prof. Werner Volkert 1964 Mitbegr\u00fcnder der Ausstellungsgemeinschaft \u201eGro\u00dfg\u00f6rschen 35\u201c (1964-1968) 1965 Meistersch\u00fcler bei Prof. Werner Volkert 1972 Mitbegr\u00fcnder der &#8222;Gruppe Aspekt&#8220; (1972-1978) in West-Berlin 1975-2008 Professur f\u00fcr Malerei an der Hochschule der K\u00fcnste Berlin 1976 Teilnahme an der [&hellip;]<\/p>\n","protected":false},"author":1,"featured_media":0,"parent":1082,"menu_order":0,"comment_status":"closed","ping_status":"closed","template":"kuenstler-text.php","meta":{"_acf_changed":false,"footnotes":""},"class_list":["post-1165","page","type-page","status-publish","hentry"],"acf":[],"_links":{"self":[{"href":"https:\/\/poll-berlin.de\/galerie\/wp-json\/wp\/v2\/pages\/1165","targetHints":{"allow":["GET"]}}],"collection":[{"href":"https:\/\/poll-berlin.de\/galerie\/wp-json\/wp\/v2\/pages"}],"about":[{"href":"https:\/\/poll-berlin.de\/galerie\/wp-json\/wp\/v2\/types\/page"}],"author":[{"embeddable":true,"href":"https:\/\/poll-berlin.de\/galerie\/wp-json\/wp\/v2\/users\/1"}],"replies":[{"embeddable":true,"href":"https:\/\/poll-berlin.de\/galerie\/wp-json\/wp\/v2\/comments?post=1165"}],"version-history":[{"count":13,"href":"https:\/\/poll-berlin.de\/galerie\/wp-json\/wp\/v2\/pages\/1165\/revisions"}],"predecessor-version":[{"id":44932,"href":"https:\/\/poll-berlin.de\/galerie\/wp-json\/wp\/v2\/pages\/1165\/revisions\/44932"}],"up":[{"embeddable":true,"href":"https:\/\/poll-berlin.de\/galerie\/wp-json\/wp\/v2\/pages\/1082"}],"wp:attachment":[{"href":"https:\/\/poll-berlin.de\/galerie\/wp-json\/wp\/v2\/media?parent=1165"}],"curies":[{"name":"wp","href":"https:\/\/api.w.org\/{rel}","templated":true}]}}

<p><strong>Biografie</strong></p>



<div style="height:10px" aria-hidden="true" class="wp-block-spacer"></div>



<figure class="wp-block-table"><table><tbody><tr><td>1939</td><td>geboren in Berlin</td></tr><tr><td>1958-1965</td><td>Studium der Malerei an der Hochschule für Bildende Künste, Berlin bei Prof. Werner Volkert</td></tr><tr><td>1964</td><td>Mitbegründer der Ausstellungsgemeinschaft „Großgörschen 35“ (1964-1968)</td></tr><tr><td>1965</td><td>Meisterschüler bei Prof. Werner Volkert</td></tr><tr><td>1972</td><td>Mitbegründer der &#8222;Gruppe Aspekt&#8220; (1972-1978) in West-Berlin</td></tr><tr><td>1975-2008</td><td>Professur für Malerei an der Hochschule der Künste Berlin</td></tr><tr><td>1976</td><td>Teilnahme an der documenta 6</td></tr><tr><td>1992-1993</td><td>Mitglied der Akademie der Künste (West), Sektion Bildende Kunst</td></tr><tr><td>1993-2025</td><td>Mitglied der Akademie der Künste, Sektion Bildende Kunst</td></tr><tr><td>1994-2016</td><td>Atelier in New York City</td></tr><tr><td>2025</td><td>gestorben in Berlin</td></tr></tbody></table></figure>



<div style="height:10px" aria-hidden="true" class="wp-block-spacer"></div>



<p><strong>Preise und Stipendien</strong></p>



<div style="height:10px" aria-hidden="true" class="wp-block-spacer"></div>



<figure class="wp-block-table"><table><tbody><tr><td>1981</td><td>Deutscher Kritikerpreis</td></tr><tr><td>1972</td><td>Goldmedaille der 3. Biennale Internazionale della Grafica, Florenz</td></tr><tr><td>1971</td><td>Stipendium „Cité des Arts“, Paris</td></tr><tr><td>1969</td><td>Kunstpreis für Malerei der Stadt Wolfsburg</td></tr></tbody></table></figure>

<p>Biografie 1939 geboren in Berlin 1958-1965 Studium der Malerei an der Hochschule für Bildende Künste, Berlin bei Prof. Werner Volkert 1964 Mitbegründer der Ausstellungsgemeinschaft „Großgörschen 35“ (1964-1968) 1965 Meisterschüler bei Prof. Werner Volkert 1972 Mitbegründer der &#8222;Gruppe Aspekt&#8220; (1972-1978) in West-Berlin 1975-2008 Professur für Malerei an der Hochschule der Künste Berlin 1976 Teilnahme an der [&hellip;]</p>
