{"id":1141,"date":"2021-06-15T12:47:12","date_gmt":"2021-06-15T10:47:12","guid":{"rendered":"https:\/\/poll-berlin.de\/galerie\/?page_id=1141"},"modified":"2024-09-04T18:41:05","modified_gmt":"2024-09-04T16:41:05","slug":"biografie","status":"publish","type":"page","link":"https:\/\/poll-berlin.de\/galerie\/kuenstler-der-galerie\/maina-miriam-munsky\/biografie\/","title":{"rendered":"Biografie"},"content":{"rendered":"\n<p><strong>Biografie<\/strong><\/p>\n\n\n\n<div style=\"height:10px\" aria-hidden=\"true\" class=\"wp-block-spacer\"><\/div>\n\n\n\n<figure class=\"wp-block-table\"><table><tbody><tr><td>1943<\/td><td>geboren als Meina Munsky in Wolfenb\u00fcttel<\/td><\/tr><tr><td>1962-1964<\/td><td>Studium der Malerei an der St\u00e4dtischen Werkkunstschule Braunschweig (seit 1963 Staatliche Hochschule f\u00fcr Bildende K\u00fcnste) bei Prof. Peter Voigt<\/td><\/tr><tr><td>1965-1966<\/td><td>Studium der Malerei an der Accademia di Belle Arti Florenz bei Prof. Ugo Capocchini<\/td><\/tr><tr><td>1966-1970<\/td><td>Meistersch\u00fclerin an der Hochschule der K\u00fcnste Berlin bei Prof. Alexander Camaro und Prof. Hermann Bachmann<\/td><\/tr><tr><td>seit 1970<\/td><td>Mitglied des Deutschen K\u00fcnstlerbundes<\/td><\/tr><tr><td>1971<\/td><td>Studium der Radiertechnik bei Fred Thieler<\/td><\/tr><tr><td>1972<\/td><td>Mitbegr\u00fcnderin der &#8222;Gruppe Aspekt&#8220; in West-Berlin<br>Geburt des Sohnes Daniel Ben<\/td><\/tr><tr><td>1982-1984<\/td><td>Gastprofessur f\u00fcr Grundlehre an der Hochschule f\u00fcr Bildende K\u00fcnste Braunschweig<\/td><\/tr><tr><td>1988<\/td><td>Gastprofessur an der Internationalen Sommerakademie Pentiment der Hochschule f\u00fcr Angewandte Wissenschaften in Hamburg<\/td><\/tr><tr><td>seit 1990<\/td><td>Mitglied im K\u00fcnstlersonderbund<\/td><\/tr><tr><td>1991<\/td><td>Dozentin an der Sommerakademie Bremerhaven<\/td><\/tr><tr><td>1999<\/td><td>gestorben in Berlin<\/td><\/tr><\/tbody><\/table><\/figure>\n\n\n\n<div style=\"height:10px\" aria-hidden=\"true\" class=\"wp-block-spacer\"><\/div>\n\n\n\n<p><strong>Preise und Stipendien<\/strong><\/p>\n\n\n\n<div style=\"height:10px\" aria-hidden=\"true\" class=\"wp-block-spacer\"><\/div>\n\n\n\n<figure class=\"wp-block-table\"><table><tbody><tr><td>1984<\/td><td>Kunstpreis des Landes Niedersachsen<\/td><\/tr><tr><td>1977<\/td><td>Kunstpreis Junger Westen, Recklinghausen<\/td><\/tr><\/tbody><\/table><\/figure>\n","protected":false},"excerpt":{"rendered":"<p>Biografie 1943 geboren als Meina Munsky in Wolfenb\u00fcttel 1962-1964 Studium der Malerei an der St\u00e4dtischen Werkkunstschule Braunschweig (seit 1963 Staatliche Hochschule f\u00fcr Bildende K\u00fcnste) bei Prof. Peter Voigt 1965-1966 Studium der Malerei an der Accademia di Belle Arti Florenz bei Prof. Ugo Capocchini 1966-1970 Meistersch\u00fclerin an der Hochschule der K\u00fcnste Berlin bei Prof. Alexander Camaro [&hellip;]<\/p>\n","protected":false},"author":1,"featured_media":0,"parent":1079,"menu_order":0,"comment_status":"closed","ping_status":"closed","template":"kuenstler-text.php","meta":{"_acf_changed":false,"footnotes":""},"class_list":["post-1141","page","type-page","status-publish","hentry"],"acf":[],"_links":{"self":[{"href":"https:\/\/poll-berlin.de\/galerie\/wp-json\/wp\/v2\/pages\/1141","targetHints":{"allow":["GET"]}}],"collection":[{"href":"https:\/\/poll-berlin.de\/galerie\/wp-json\/wp\/v2\/pages"}],"about":[{"href":"https:\/\/poll-berlin.de\/galerie\/wp-json\/wp\/v2\/types\/page"}],"author":[{"embeddable":true,"href":"https:\/\/poll-berlin.de\/galerie\/wp-json\/wp\/v2\/users\/1"}],"replies":[{"embeddable":true,"href":"https:\/\/poll-berlin.de\/galerie\/wp-json\/wp\/v2\/comments?post=1141"}],"version-history":[{"count":14,"href":"https:\/\/poll-berlin.de\/galerie\/wp-json\/wp\/v2\/pages\/1141\/revisions"}],"predecessor-version":[{"id":38262,"href":"https:\/\/poll-berlin.de\/galerie\/wp-json\/wp\/v2\/pages\/1141\/revisions\/38262"}],"up":[{"embeddable":true,"href":"https:\/\/poll-berlin.de\/galerie\/wp-json\/wp\/v2\/pages\/1079"}],"wp:attachment":[{"href":"https:\/\/poll-berlin.de\/galerie\/wp-json\/wp\/v2\/media?parent=1141"}],"curies":[{"name":"wp","href":"https:\/\/api.w.org\/{rel}","templated":true}]}}

<p><strong>Biografie</strong></p>



<div style="height:10px" aria-hidden="true" class="wp-block-spacer"></div>



<figure class="wp-block-table"><table><tbody><tr><td>1943</td><td>geboren als Meina Munsky in Wolfenbüttel</td></tr><tr><td>1962-1964</td><td>Studium der Malerei an der Städtischen Werkkunstschule Braunschweig (seit 1963 Staatliche Hochschule für Bildende Künste) bei Prof. Peter Voigt</td></tr><tr><td>1965-1966</td><td>Studium der Malerei an der Accademia di Belle Arti Florenz bei Prof. Ugo Capocchini</td></tr><tr><td>1966-1970</td><td>Meisterschülerin an der Hochschule der Künste Berlin bei Prof. Alexander Camaro und Prof. Hermann Bachmann</td></tr><tr><td>seit 1970</td><td>Mitglied des Deutschen Künstlerbundes</td></tr><tr><td>1971</td><td>Studium der Radiertechnik bei Fred Thieler</td></tr><tr><td>1972</td><td>Mitbegründerin der &#8222;Gruppe Aspekt&#8220; in West-Berlin<br>Geburt des Sohnes Daniel Ben</td></tr><tr><td>1982-1984</td><td>Gastprofessur für Grundlehre an der Hochschule für Bildende Künste Braunschweig</td></tr><tr><td>1988</td><td>Gastprofessur an der Internationalen Sommerakademie Pentiment der Hochschule für Angewandte Wissenschaften in Hamburg</td></tr><tr><td>seit 1990</td><td>Mitglied im Künstlersonderbund</td></tr><tr><td>1991</td><td>Dozentin an der Sommerakademie Bremerhaven</td></tr><tr><td>1999</td><td>gestorben in Berlin</td></tr></tbody></table></figure>



<div style="height:10px" aria-hidden="true" class="wp-block-spacer"></div>



<p><strong>Preise und Stipendien</strong></p>



<div style="height:10px" aria-hidden="true" class="wp-block-spacer"></div>



<figure class="wp-block-table"><table><tbody><tr><td>1984</td><td>Kunstpreis des Landes Niedersachsen</td></tr><tr><td>1977</td><td>Kunstpreis Junger Westen, Recklinghausen</td></tr></tbody></table></figure>

<p>Biografie 1943 geboren als Meina Munsky in Wolfenbüttel 1962-1964 Studium der Malerei an der Städtischen Werkkunstschule Braunschweig (seit 1963 Staatliche Hochschule für Bildende Künste) bei Prof. Peter Voigt 1965-1966 Studium der Malerei an der Accademia di Belle Arti Florenz bei Prof. Ugo Capocchini 1966-1970 Meisterschülerin an der Hochschule der Künste Berlin bei Prof. Alexander Camaro [&hellip;]</p>
