{"id":1125,"date":"2021-07-15T13:06:06","date_gmt":"2021-07-15T11:06:06","guid":{"rendered":"https:\/\/poll-berlin.de\/galerie\/?page_id=1125"},"modified":"2025-10-14T18:37:44","modified_gmt":"2025-10-14T16:37:44","slug":"biografie","status":"publish","type":"page","link":"https:\/\/poll-berlin.de\/galerie\/kuenstler-der-galerie\/dieter-kraemer\/biografie\/","title":{"rendered":"Biografie"},"content":{"rendered":"\n<p><strong>Biografie<\/strong><\/p>\n\n\n\n<div style=\"height:10px\" aria-hidden=\"true\" class=\"wp-block-spacer\"><\/div>\n\n\n\n<figure class=\"wp-block-table\"><table><tbody><tr><td>1937<\/td><td>geboren in Hamburg<\/td><\/tr><tr><td>1957-1959<\/td><td>Studium der Freien Grafik an der Hochschule f\u00fcr bildende K\u00fcnste Hamburg bei Heinz Tr\u00f6kes<\/td><\/tr><tr><td>1959-1961<\/td><td>Meistersch\u00fcler an der Hochschule f\u00fcr Bildende K\u00fcnste, Berlin bei Prof. Hann Trier <\/td><\/tr><tr><td>1963<\/td><td>Dozent an den K\u00f6lner Werkschulen<br>Mitglied des Deutschen K\u00fcnstlerbundes<\/td><\/tr><tr><td>1973<\/td><td>Professur f\u00fcr Malerei an der Fachhochschule K\u00f6ln<\/td><\/tr><tr><td>1993-2003<\/td><td>Professur f\u00fcr Zeichnung und Malerei an der Kunsthochschule f\u00fcr Medien, K\u00f6ln<\/td><\/tr><\/tbody><\/table><\/figure>\n\n\n\n<p>Dieter Kraemer lebt und arbeitet in K\u00f6ln.<\/p>\n\n\n\n<div style=\"height:10px\" aria-hidden=\"true\" class=\"wp-block-spacer\"><\/div>\n\n\n\n<p><strong>Preise und Stipendien (Auswahl)<\/strong><\/p>\n\n\n\n<div style=\"height:10px\" aria-hidden=\"true\" class=\"wp-block-spacer\"><\/div>\n\n\n\n<figure class=\"wp-block-table\"><table><tbody><tr><td>1980<\/td><td>Villa Romana-Preis, Florenz<\/td><\/tr><tr><td>1979-1980<\/td><td>Rom-Preis der Deutschen Akademie Villa Massimo<\/td><\/tr><tr><td>1972<\/td><td>2. Preis der Realisten zur Olympiade, Kiel<br>Stipendium der Cit\u00e9 Internationale des Arts Paris<\/td><\/tr><tr><td>1959<\/td><td>Stipendium des Kulturkreises im Bundesverband der Deutschen Industrie<\/td><\/tr><tr><td>1958<\/td><td>Stipendium der Studienstiftung des Deutschen Volkes<\/td><\/tr><\/tbody><\/table><\/figure>\n","protected":false},"excerpt":{"rendered":"<p>Biografie 1937 geboren in Hamburg 1957-1959 Studium der Freien Grafik an der Hochschule f\u00fcr bildende K\u00fcnste Hamburg bei Heinz Tr\u00f6kes 1959-1961 Meistersch\u00fcler an der Hochschule f\u00fcr Bildende K\u00fcnste, Berlin bei Prof. Hann Trier 1963 Dozent an den K\u00f6lner WerkschulenMitglied des Deutschen K\u00fcnstlerbundes 1973 Professur f\u00fcr Malerei an der Fachhochschule K\u00f6ln 1993-2003 Professur f\u00fcr Zeichnung und [&hellip;]<\/p>\n","protected":false},"author":1,"featured_media":0,"parent":1077,"menu_order":0,"comment_status":"closed","ping_status":"closed","template":"kuenstler-text.php","meta":{"_acf_changed":false,"footnotes":""},"class_list":["post-1125","page","type-page","status-publish","hentry"],"acf":[],"_links":{"self":[{"href":"https:\/\/poll-berlin.de\/galerie\/wp-json\/wp\/v2\/pages\/1125","targetHints":{"allow":["GET"]}}],"collection":[{"href":"https:\/\/poll-berlin.de\/galerie\/wp-json\/wp\/v2\/pages"}],"about":[{"href":"https:\/\/poll-berlin.de\/galerie\/wp-json\/wp\/v2\/types\/page"}],"author":[{"embeddable":true,"href":"https:\/\/poll-berlin.de\/galerie\/wp-json\/wp\/v2\/users\/1"}],"replies":[{"embeddable":true,"href":"https:\/\/poll-berlin.de\/galerie\/wp-json\/wp\/v2\/comments?post=1125"}],"version-history":[{"count":8,"href":"https:\/\/poll-berlin.de\/galerie\/wp-json\/wp\/v2\/pages\/1125\/revisions"}],"predecessor-version":[{"id":44363,"href":"https:\/\/poll-berlin.de\/galerie\/wp-json\/wp\/v2\/pages\/1125\/revisions\/44363"}],"up":[{"embeddable":true,"href":"https:\/\/poll-berlin.de\/galerie\/wp-json\/wp\/v2\/pages\/1077"}],"wp:attachment":[{"href":"https:\/\/poll-berlin.de\/galerie\/wp-json\/wp\/v2\/media?parent=1125"}],"curies":[{"name":"wp","href":"https:\/\/api.w.org\/{rel}","templated":true}]}}

<p><strong>Biografie</strong></p>



<div style="height:10px" aria-hidden="true" class="wp-block-spacer"></div>



<figure class="wp-block-table"><table><tbody><tr><td>1937</td><td>geboren in Hamburg</td></tr><tr><td>1957-1959</td><td>Studium der Freien Grafik an der Hochschule für bildende Künste Hamburg bei Heinz Trökes</td></tr><tr><td>1959-1961</td><td>Meisterschüler an der Hochschule für Bildende Künste, Berlin bei Prof. Hann Trier </td></tr><tr><td>1963</td><td>Dozent an den Kölner Werkschulen<br>Mitglied des Deutschen Künstlerbundes</td></tr><tr><td>1973</td><td>Professur für Malerei an der Fachhochschule Köln</td></tr><tr><td>1993-2003</td><td>Professur für Zeichnung und Malerei an der Kunsthochschule für Medien, Köln</td></tr></tbody></table></figure>



<p>Dieter Kraemer lebt und arbeitet in Köln.</p>



<div style="height:10px" aria-hidden="true" class="wp-block-spacer"></div>



<p><strong>Preise und Stipendien (Auswahl)</strong></p>



<div style="height:10px" aria-hidden="true" class="wp-block-spacer"></div>



<figure class="wp-block-table"><table><tbody><tr><td>1980</td><td>Villa Romana-Preis, Florenz</td></tr><tr><td>1979-1980</td><td>Rom-Preis der Deutschen Akademie Villa Massimo</td></tr><tr><td>1972</td><td>2. Preis der Realisten zur Olympiade, Kiel<br>Stipendium der Cité Internationale des Arts Paris</td></tr><tr><td>1959</td><td>Stipendium des Kulturkreises im Bundesverband der Deutschen Industrie</td></tr><tr><td>1958</td><td>Stipendium der Studienstiftung des Deutschen Volkes</td></tr></tbody></table></figure>

<p>Biografie 1937 geboren in Hamburg 1957-1959 Studium der Freien Grafik an der Hochschule für bildende Künste Hamburg bei Heinz Trökes 1959-1961 Meisterschüler an der Hochschule für Bildende Künste, Berlin bei Prof. Hann Trier 1963 Dozent an den Kölner WerkschulenMitglied des Deutschen Künstlerbundes 1973 Professur für Malerei an der Fachhochschule Köln 1993-2003 Professur für Zeichnung und [&hellip;]</p>
