{"id":1119,"date":"2021-07-13T19:11:17","date_gmt":"2021-07-13T17:11:17","guid":{"rendered":"https:\/\/poll-berlin.de\/galerie\/?page_id=1119"},"modified":"2025-12-10T12:45:10","modified_gmt":"2025-12-10T11:45:10","slug":"werke-in-sammlungen","status":"publish","type":"page","link":"https:\/\/poll-berlin.de\/galerie\/kuenstler-der-galerie\/herbert-kaufmann\/werke-in-sammlungen\/","title":{"rendered":"Werke in Sammlungen"},"content":{"rendered":"\n<p><strong>Werke in Sammlungen<\/strong><\/p>\n\n\n\n<p>Berlinische Galerie &#8211; Museum f\u00fcr Moderne Kunst<br>Kunststiftung Poll, Berlin<br>Kupferstichkabinett der Staatlichen Museen zu Berlin<br>Sammlung zeitgen\u00f6ssischer Kunst der Bundesrepublik Deutschland, Bonn<br>Stiftung Museum Kunstpalast, D\u00fcsseldorf<br>Sprengel Museum Hannover<br>Germanisches Nationalmuseum, N\u00fcrnberg<br>Neues Museum N\u00fcrnberg<\/p>\n","protected":false},"excerpt":{"rendered":"<p>Werke in Sammlungen Berlinische Galerie &#8211; Museum f\u00fcr Moderne KunstKunststiftung Poll, BerlinKupferstichkabinett der Staatlichen Museen zu BerlinSammlung zeitgen\u00f6ssischer Kunst der Bundesrepublik Deutschland, BonnStiftung Museum Kunstpalast, D\u00fcsseldorfSprengel Museum HannoverGermanisches Nationalmuseum, N\u00fcrnbergNeues Museum N\u00fcrnberg<\/p>\n","protected":false},"author":1,"featured_media":0,"parent":1076,"menu_order":2,"comment_status":"closed","ping_status":"closed","template":"kuenstler-text.php","meta":{"_acf_changed":false,"footnotes":""},"class_list":["post-1119","page","type-page","status-publish","hentry"],"acf":[],"_links":{"self":[{"href":"https:\/\/poll-berlin.de\/galerie\/wp-json\/wp\/v2\/pages\/1119","targetHints":{"allow":["GET"]}}],"collection":[{"href":"https:\/\/poll-berlin.de\/galerie\/wp-json\/wp\/v2\/pages"}],"about":[{"href":"https:\/\/poll-berlin.de\/galerie\/wp-json\/wp\/v2\/types\/page"}],"author":[{"embeddable":true,"href":"https:\/\/poll-berlin.de\/galerie\/wp-json\/wp\/v2\/users\/1"}],"replies":[{"embeddable":true,"href":"https:\/\/poll-berlin.de\/galerie\/wp-json\/wp\/v2\/comments?post=1119"}],"version-history":[{"count":9,"href":"https:\/\/poll-berlin.de\/galerie\/wp-json\/wp\/v2\/pages\/1119\/revisions"}],"predecessor-version":[{"id":44895,"href":"https:\/\/poll-berlin.de\/galerie\/wp-json\/wp\/v2\/pages\/1119\/revisions\/44895"}],"up":[{"embeddable":true,"href":"https:\/\/poll-berlin.de\/galerie\/wp-json\/wp\/v2\/pages\/1076"}],"wp:attachment":[{"href":"https:\/\/poll-berlin.de\/galerie\/wp-json\/wp\/v2\/media?parent=1119"}],"curies":[{"name":"wp","href":"https:\/\/api.w.org\/{rel}","templated":true}]}}